{"id":715215,"date":"2026-04-16T00:00:00","date_gmt":"2026-04-16T00:00:00","guid":{"rendered":""},"modified":"2026-04-16T14:46:33","modified_gmt":"2026-04-16T12:46:33","slug":"39908ANT-fr_BE","status":"publish","type":"product","link":"https:\/\/www.moensmeubelen.be\/fr\/produit\/39908ANT-fr_BE\/","title":{"rendered":"Jardin, buffet bas 140 cm &#8211; 1-tiroir + 1-niche + 2-portes rabattantes (+ LED) &#8211; Anthracite"},"content":{"rendered":"<p>\u00cates-vous amateur du style campagnard moderne ? Alors ce meuble TV de la collection Jardin de Henders &#038; Hazel est fortement recommand\u00e9. Le meuble TV combine un design \u00e9pur\u00e9 avec une allure campagnarde chaleureuse. Le meuble mesure 140 cm de large, dispose d\\&#8217;un tiroir, d\\&#8217;une niche et de 2 abattants. Deux mat\u00e9riaux ont \u00e9t\u00e9 utilis\u00e9s : placage de ch\u00eane de couleur Railway Brown et MDF de couleur anthracite. L\\&#8217;\u00e9clairage LED int\u00e9gr\u00e9 est \u00e0 la fois pratique et chaleureux. Il existe \u00e9galement une version en Railway Brown et Pure White.<\/p>\n","protected":false},"excerpt":{"rendered":"<p>Jardin, buffet bas 140 cm &#8211; 1-tiroir + 1-niche + 2-portes rabattantes (+ LED) &#8211; Anthracite<\/p>\n","protected":false},"featured_media":944416,"comment_status":"open","ping_status":"open","template":"","meta":{"_relevanssi_hide_post":"","_relevanssi_hide_content":"","_relevanssi_pin_for_all":"","_relevanssi_pin_keywords":"","_relevanssi_unpin_keywords":"","_relevanssi_related_keywords":"","_relevanssi_related_include_ids":"","_relevanssi_related_exclude_ids":"","_relevanssi_related_no_append":"","_relevanssi_related_not_related":"","_relevanssi_related_posts":"","_relevanssi_noindex_reason":""},"product_brand":[],"product_cat":[1321],"product_tag":[],"class_list":["post-715215","product","type-product","status-publish","has-post-thumbnail","product_cat-tv_meubels_fr_BE","first","onbackorder","taxable","shipping-taxable","purchasable","product-type-simple"],"_links":{"self":[{"href":"https:\/\/www.moensmeubelen.be\/fr\/wp-json\/wp\/v2\/product\/715215","targetHints":{"allow":["GET"]}}],"collection":[{"href":"https:\/\/www.moensmeubelen.be\/fr\/wp-json\/wp\/v2\/product"}],"about":[{"href":"https:\/\/www.moensmeubelen.be\/fr\/wp-json\/wp\/v2\/types\/product"}],"replies":[{"embeddable":true,"href":"https:\/\/www.moensmeubelen.be\/fr\/wp-json\/wp\/v2\/comments?post=715215"}],"wp:featuredmedia":[{"embeddable":true,"href":"https:\/\/www.moensmeubelen.be\/fr\/wp-json\/wp\/v2\/media\/944416"}],"wp:attachment":[{"href":"https:\/\/www.moensmeubelen.be\/fr\/wp-json\/wp\/v2\/media?parent=715215"}],"wp:term":[{"taxonomy":"product_brand","embeddable":true,"href":"https:\/\/www.moensmeubelen.be\/fr\/wp-json\/wp\/v2\/product_brand?post=715215"},{"taxonomy":"product_cat","embeddable":true,"href":"https:\/\/www.moensmeubelen.be\/fr\/wp-json\/wp\/v2\/product_cat?post=715215"},{"taxonomy":"product_tag","embeddable":true,"href":"https:\/\/www.moensmeubelen.be\/fr\/wp-json\/wp\/v2\/product_tag?post=715215"}],"curies":[{"name":"wp","href":"https:\/\/api.w.org\/{rel}","templated":true}]}}

<p>Êtes-vous amateur du style campagnard moderne ? Alors ce meuble TV de la collection Jardin de Henders &#038; Hazel est fortement recommandé. Le meuble TV combine un design épuré avec une allure campagnarde chaleureuse. Le meuble mesure 140 cm de large, dispose d\&#8217;un tiroir, d\&#8217;une niche et de 2 abattants. Deux matériaux ont été utilisés : placage de chêne de couleur Railway Brown et MDF de couleur anthracite. L\&#8217;éclairage LED intégré est à la fois pratique et chaleureux. Il existe également une version en Railway Brown et Pure White.</p>
