{"id":715231,"date":"2026-04-17T00:00:00","date_gmt":"2026-04-17T00:00:00","guid":{"rendered":""},"modified":"2026-04-17T16:49:43","modified_gmt":"2026-04-17T14:49:43","slug":"39910RWB-fr_BE","status":"publish","type":"product","link":"https:\/\/www.moensmeubelen.be\/fr\/produit\/39910RWB-fr_BE\/","title":{"rendered":"Jardino, table 170 x 100 cm &#8211; pied central"},"content":{"rendered":"<p>La collection Jardino sign\u00e9e Henders &#038; Hazel comprend plusieurs tables \u00e0 manger de diff\u00e9rentes formes et dimensions. Ce mod\u00e8le contemporain mesure 170 cm x 100 cm. Il est r\u00e9alis\u00e9 en bois de ch\u00eane de teinte Railway Brown. Original, le pied central sur lequel repose la table permet une utilisation optimale: vous pouvez placer des chaises tout autour. Le design du pied lui conf\u00e8re une allure moderne.<\/p>\n","protected":false},"excerpt":{"rendered":"<p>Jardino, table 170 x 100 cm &#8211; pied central<\/p>\n","protected":false},"featured_media":944429,"comment_status":"open","ping_status":"open","template":"","meta":{"_relevanssi_hide_post":"","_relevanssi_hide_content":"","_relevanssi_pin_for_all":"","_relevanssi_pin_keywords":"","_relevanssi_unpin_keywords":"","_relevanssi_related_keywords":"","_relevanssi_related_include_ids":"","_relevanssi_related_exclude_ids":"","_relevanssi_related_no_append":"","_relevanssi_related_not_related":"","_relevanssi_related_posts":"","_relevanssi_noindex_reason":""},"product_brand":[],"product_cat":[1315],"product_tag":[],"class_list":["post-715231","product","type-product","status-publish","has-post-thumbnail","product_cat-eettafels_fr_BE","first","onbackorder","taxable","shipping-taxable","purchasable","product-type-simple"],"_links":{"self":[{"href":"https:\/\/www.moensmeubelen.be\/fr\/wp-json\/wp\/v2\/product\/715231","targetHints":{"allow":["GET"]}}],"collection":[{"href":"https:\/\/www.moensmeubelen.be\/fr\/wp-json\/wp\/v2\/product"}],"about":[{"href":"https:\/\/www.moensmeubelen.be\/fr\/wp-json\/wp\/v2\/types\/product"}],"replies":[{"embeddable":true,"href":"https:\/\/www.moensmeubelen.be\/fr\/wp-json\/wp\/v2\/comments?post=715231"}],"wp:featuredmedia":[{"embeddable":true,"href":"https:\/\/www.moensmeubelen.be\/fr\/wp-json\/wp\/v2\/media\/944429"}],"wp:attachment":[{"href":"https:\/\/www.moensmeubelen.be\/fr\/wp-json\/wp\/v2\/media?parent=715231"}],"wp:term":[{"taxonomy":"product_brand","embeddable":true,"href":"https:\/\/www.moensmeubelen.be\/fr\/wp-json\/wp\/v2\/product_brand?post=715231"},{"taxonomy":"product_cat","embeddable":true,"href":"https:\/\/www.moensmeubelen.be\/fr\/wp-json\/wp\/v2\/product_cat?post=715231"},{"taxonomy":"product_tag","embeddable":true,"href":"https:\/\/www.moensmeubelen.be\/fr\/wp-json\/wp\/v2\/product_tag?post=715231"}],"curies":[{"name":"wp","href":"https:\/\/api.w.org\/{rel}","templated":true}]}}

<p>La collection Jardino signée Henders &#038; Hazel comprend plusieurs tables à manger de différentes formes et dimensions. Ce modèle contemporain mesure 170 cm x 100 cm. Il est réalisé en bois de chêne de teinte Railway Brown. Original, le pied central sur lequel repose la table permet une utilisation optimale: vous pouvez placer des chaises tout autour. Le design du pied lui confère une allure moderne.</p>
