{"id":715249,"date":"2026-04-17T00:00:00","date_gmt":"2026-04-17T00:00:00","guid":{"rendered":""},"modified":"2026-04-17T16:50:10","modified_gmt":"2026-04-17T14:50:10","slug":"39912RWB-fr_BE","status":"publish","type":"product","link":"https:\/\/www.moensmeubelen.be\/fr\/produit\/39912RWB-fr_BE\/","title":{"rendered":"Jardino, table 230 x 105 cm &#8211; pied central"},"content":{"rendered":"<p>Cette immense table \u00e0 manger en bois de ch\u00eane mesure 230 cm x 105 cm. Vous ne manquerez pas d\u2019espace! Ce mod\u00e8le se distingue par son pied central moderne en MDF dot\u00e9 d\u2019une touche anthracite. Ce sont les petits d\u00e9tails qui font la diff\u00e9rence. Ce meuble pr\u00e9sente une finition Railway Brown, une chaleureuse teinte naturelle, qui fait ressortir l\u2019\u00e9l\u00e9gant dessin du bois de ch\u00eane. Cette table existe dans diff\u00e9rentes dimensions et variantes. Il existe m\u00eame une version ronde.<\/p>\n","protected":false},"excerpt":{"rendered":"<p>Jardino, table 230 x 105 cm &#8211; pied central<\/p>\n","protected":false},"featured_media":944441,"comment_status":"open","ping_status":"open","template":"","meta":{"_relevanssi_hide_post":"","_relevanssi_hide_content":"","_relevanssi_pin_for_all":"","_relevanssi_pin_keywords":"","_relevanssi_unpin_keywords":"","_relevanssi_related_keywords":"","_relevanssi_related_include_ids":"","_relevanssi_related_exclude_ids":"","_relevanssi_related_no_append":"","_relevanssi_related_not_related":"","_relevanssi_related_posts":"","_relevanssi_noindex_reason":""},"product_brand":[],"product_cat":[1315],"product_tag":[],"class_list":["post-715249","product","type-product","status-publish","has-post-thumbnail","product_cat-eettafels_fr_BE","first","onbackorder","taxable","shipping-taxable","purchasable","product-type-simple"],"_links":{"self":[{"href":"https:\/\/www.moensmeubelen.be\/fr\/wp-json\/wp\/v2\/product\/715249","targetHints":{"allow":["GET"]}}],"collection":[{"href":"https:\/\/www.moensmeubelen.be\/fr\/wp-json\/wp\/v2\/product"}],"about":[{"href":"https:\/\/www.moensmeubelen.be\/fr\/wp-json\/wp\/v2\/types\/product"}],"replies":[{"embeddable":true,"href":"https:\/\/www.moensmeubelen.be\/fr\/wp-json\/wp\/v2\/comments?post=715249"}],"wp:featuredmedia":[{"embeddable":true,"href":"https:\/\/www.moensmeubelen.be\/fr\/wp-json\/wp\/v2\/media\/944441"}],"wp:attachment":[{"href":"https:\/\/www.moensmeubelen.be\/fr\/wp-json\/wp\/v2\/media?parent=715249"}],"wp:term":[{"taxonomy":"product_brand","embeddable":true,"href":"https:\/\/www.moensmeubelen.be\/fr\/wp-json\/wp\/v2\/product_brand?post=715249"},{"taxonomy":"product_cat","embeddable":true,"href":"https:\/\/www.moensmeubelen.be\/fr\/wp-json\/wp\/v2\/product_cat?post=715249"},{"taxonomy":"product_tag","embeddable":true,"href":"https:\/\/www.moensmeubelen.be\/fr\/wp-json\/wp\/v2\/product_tag?post=715249"}],"curies":[{"name":"wp","href":"https:\/\/api.w.org\/{rel}","templated":true}]}}

<p>Cette immense table à manger en bois de chêne mesure 230 cm x 105 cm. Vous ne manquerez pas d’espace! Ce modèle se distingue par son pied central moderne en MDF doté d’une touche anthracite. Ce sont les petits détails qui font la différence. Ce meuble présente une finition Railway Brown, une chaleureuse teinte naturelle, qui fait ressortir l’élégant dessin du bois de chêne. Cette table existe dans différentes dimensions et variantes. Il existe même une version ronde.</p>
