{"id":715293,"date":"2026-04-26T00:00:00","date_gmt":"2026-04-26T00:00:00","guid":{"rendered":""},"modified":"2026-04-26T22:48:07","modified_gmt":"2026-04-26T20:48:07","slug":"40002001-fr_BE","status":"publish","type":"product","link":"https:\/\/www.moensmeubelen.be\/fr\/produit\/40002001-fr_BE\/","title":{"rendered":"Zembla, 3-places"},"content":{"rendered":"<p>Ce canap\u00e9 moderne de 3 places fait partie de la collection Zembla sign\u00e9e Henders &#038; Hazel. Il est enti\u00e8rement personnalisable. Vous avez le choix entre 300 sortes de tissu et 40 sortes de cuir pour le rev\u00eatement! Pour les pieds, il existe quatre variantes diff\u00e9rentes. Ainsi, votre canap\u00e9 tendance avec une touche r\u00e9tro sera totalement int\u00e9gr\u00e9 dans votre int\u00e9rieur. Ce mod\u00e8le est \u00e9quip\u00e9 par d\u00e9faut de ressorts Nosag, mais il peut \u00eatre dot\u00e9 de ressorts ensach\u00e9s, en option, pour davantage de confort. Confort garanti!<\/p>\n","protected":false},"excerpt":{"rendered":"<p>Zembla, 3-places<\/p>\n","protected":false},"featured_media":944462,"comment_status":"open","ping_status":"open","template":"","meta":{"_relevanssi_hide_post":"","_relevanssi_hide_content":"","_relevanssi_pin_for_all":"","_relevanssi_pin_keywords":"","_relevanssi_unpin_keywords":"","_relevanssi_related_keywords":"","_relevanssi_related_include_ids":"","_relevanssi_related_exclude_ids":"","_relevanssi_related_no_append":"","_relevanssi_related_not_related":"","_relevanssi_related_posts":"","_relevanssi_noindex_reason":""},"product_brand":[],"product_cat":[5647],"product_tag":[],"class_list":["post-715293","product","type-product","status-publish","has-post-thumbnail","product_cat-zetels_l2_fr_BE","first","onbackorder","taxable","shipping-taxable","purchasable","product-type-simple"],"_links":{"self":[{"href":"https:\/\/www.moensmeubelen.be\/fr\/wp-json\/wp\/v2\/product\/715293","targetHints":{"allow":["GET"]}}],"collection":[{"href":"https:\/\/www.moensmeubelen.be\/fr\/wp-json\/wp\/v2\/product"}],"about":[{"href":"https:\/\/www.moensmeubelen.be\/fr\/wp-json\/wp\/v2\/types\/product"}],"replies":[{"embeddable":true,"href":"https:\/\/www.moensmeubelen.be\/fr\/wp-json\/wp\/v2\/comments?post=715293"}],"wp:featuredmedia":[{"embeddable":true,"href":"https:\/\/www.moensmeubelen.be\/fr\/wp-json\/wp\/v2\/media\/944462"}],"wp:attachment":[{"href":"https:\/\/www.moensmeubelen.be\/fr\/wp-json\/wp\/v2\/media?parent=715293"}],"wp:term":[{"taxonomy":"product_brand","embeddable":true,"href":"https:\/\/www.moensmeubelen.be\/fr\/wp-json\/wp\/v2\/product_brand?post=715293"},{"taxonomy":"product_cat","embeddable":true,"href":"https:\/\/www.moensmeubelen.be\/fr\/wp-json\/wp\/v2\/product_cat?post=715293"},{"taxonomy":"product_tag","embeddable":true,"href":"https:\/\/www.moensmeubelen.be\/fr\/wp-json\/wp\/v2\/product_tag?post=715293"}],"curies":[{"name":"wp","href":"https:\/\/api.w.org\/{rel}","templated":true}]}}

<p>Ce canapé moderne de 3 places fait partie de la collection Zembla signée Henders &#038; Hazel. Il est entièrement personnalisable. Vous avez le choix entre 300 sortes de tissu et 40 sortes de cuir pour le revêtement! Pour les pieds, il existe quatre variantes différentes. Ainsi, votre canapé tendance avec une touche rétro sera totalement intégré dans votre intérieur. Ce modèle est équipé par défaut de ressorts Nosag, mais il peut être doté de ressorts ensachés, en option, pour davantage de confort. Confort garanti!</p>
