{"id":715335,"date":"2026-06-26T00:00:00","date_gmt":"2026-06-26T00:00:00","guid":{"rendered":""},"modified":"2026-06-26T10:38:37","modified_gmt":"2026-06-26T08:38:37","slug":"40081CRE-fr_BE","status":"publish","type":"product","link":"https:\/\/www.moensmeubelen.be\/fr\/produit\/40081CRE-fr_BE\/","title":{"rendered":"Lazaro, fauteuil relax avec pouf &#8211; tissu Livigno &#8211; Creme"},"content":{"rendered":"<p>Lazaro, ce fauteuil relax manuel et son pouf assorti poss\u00e8de un bel accoudoir large et un appuie-t\u00eate tr\u00e8s grand pour des moments de d\u00e9tente ultimes ! Pour la hauteur d\\&#8217;assise, c\\&#8217;est \u00e0 vous de d\u00e9cider : 48 ou 51 cm. De plus, le fauteuil et le pouf sont recouverts du tissu Livigno, un tissu chenille tr\u00e8s solide avec un poil visible et un beau jeu de couleurs. Lazaro existe en deux couleurs : brun ou cr\u00e8me. Voici la version en cr\u00e8me !<\/p>\n","protected":false},"excerpt":{"rendered":"<p>Lazaro, fauteuil relax avec pouf &#8211; tissu Livigno &#8211; Creme &#8211; Fonction bascule, Pivotant \u00e0 360\u00b0, Appuie-t\u00eate inclinable et r\u00e9glable en hauteur<\/p>\n","protected":false},"featured_media":981277,"comment_status":"open","ping_status":"open","template":"","meta":{"_relevanssi_hide_post":"","_relevanssi_hide_content":"","_relevanssi_pin_for_all":"","_relevanssi_pin_keywords":"","_relevanssi_unpin_keywords":"","_relevanssi_related_keywords":"","_relevanssi_related_include_ids":"","_relevanssi_related_exclude_ids":"","_relevanssi_related_no_append":"","_relevanssi_related_not_related":"","_relevanssi_related_posts":"","_relevanssi_noindex_reason":""},"product_brand":[],"product_cat":[24145,24147],"product_tag":[],"class_list":["post-715335","product","type-product","status-publish","has-post-thumbnail","product_cat-Armstoelen_fr_BE","product_cat-Fauteuils_fr_BE","first","onbackorder","taxable","shipping-taxable","purchasable","product-type-simple"],"_links":{"self":[{"href":"https:\/\/www.moensmeubelen.be\/fr\/wp-json\/wp\/v2\/product\/715335","targetHints":{"allow":["GET"]}}],"collection":[{"href":"https:\/\/www.moensmeubelen.be\/fr\/wp-json\/wp\/v2\/product"}],"about":[{"href":"https:\/\/www.moensmeubelen.be\/fr\/wp-json\/wp\/v2\/types\/product"}],"replies":[{"embeddable":true,"href":"https:\/\/www.moensmeubelen.be\/fr\/wp-json\/wp\/v2\/comments?post=715335"}],"wp:featuredmedia":[{"embeddable":true,"href":"https:\/\/www.moensmeubelen.be\/fr\/wp-json\/wp\/v2\/media\/981277"}],"wp:attachment":[{"href":"https:\/\/www.moensmeubelen.be\/fr\/wp-json\/wp\/v2\/media?parent=715335"}],"wp:term":[{"taxonomy":"product_brand","embeddable":true,"href":"https:\/\/www.moensmeubelen.be\/fr\/wp-json\/wp\/v2\/product_brand?post=715335"},{"taxonomy":"product_cat","embeddable":true,"href":"https:\/\/www.moensmeubelen.be\/fr\/wp-json\/wp\/v2\/product_cat?post=715335"},{"taxonomy":"product_tag","embeddable":true,"href":"https:\/\/www.moensmeubelen.be\/fr\/wp-json\/wp\/v2\/product_tag?post=715335"}],"curies":[{"name":"wp","href":"https:\/\/api.w.org\/{rel}","templated":true}]}}

<p>Lazaro, ce fauteuil relax manuel et son pouf assorti possède un bel accoudoir large et un appuie-tête très grand pour des moments de détente ultimes ! Pour la hauteur d\&#8217;assise, c\&#8217;est à vous de décider : 48 ou 51 cm. De plus, le fauteuil et le pouf sont recouverts du tissu Livigno, un tissu chenille très solide avec un poil visible et un beau jeu de couleurs. Lazaro existe en deux couleurs : brun ou crème. Voici la version en crème !</p>

<p>Lazaro, fauteuil relax avec pouf &#8211; tissu Livigno &#8211; Creme &#8211; Fonction bascule, Pivotant à 360°, Appuie-tête inclinable et réglable en hauteur</p>
