{"id":715355,"date":"2026-04-26T00:00:00","date_gmt":"2026-04-26T00:00:00","guid":{"rendered":""},"modified":"2026-04-26T22:48:32","modified_gmt":"2026-04-26T20:48:32","slug":"40082LGR-fr_BE","status":"publish","type":"product","link":"https:\/\/www.moensmeubelen.be\/fr\/produit\/40082LGR-fr_BE\/","title":{"rendered":"Lotis, fauteuil relax avec pouf &#8211; tissu Pala &#8211; Gris clair"},"content":{"rendered":"<p>Ce fauteuil relax manuel Lotis et son pouf assorti poss\u00e8de un fin pi\u00e8tement  en \u00e9toile, deux accoudoirs confortables et deux belles surpiq\u00fbres horizontales sur le dossier. Le design de ce fauteuil est sans aucun doute un vrai succ\u00e8s, mais question confort, il est difficile de faire mieux car le pouf est fourni avec le fauteuil. Ce dernier est fabriqu\u00e9e avec le tissu microfibre Pala et existe en deux couleurs : gris clair ou anthracite. Voici la version gris clair!<\/p>\n","protected":false},"excerpt":{"rendered":"<p>Lotis, fauteuil relax avec pouf &#8211; tissu Pala &#8211; Gris clair &#8211; Fonction bascule et v\u00e9rin \u00e0 gaz, Pivotant \u00e0 360\u00b0<\/p>\n","protected":false},"featured_media":944492,"comment_status":"open","ping_status":"open","template":"","meta":{"_relevanssi_hide_post":"","_relevanssi_hide_content":"","_relevanssi_pin_for_all":"","_relevanssi_pin_keywords":"","_relevanssi_unpin_keywords":"","_relevanssi_related_keywords":"","_relevanssi_related_include_ids":"","_relevanssi_related_exclude_ids":"","_relevanssi_related_no_append":"","_relevanssi_related_not_related":"","_relevanssi_related_posts":"","_relevanssi_noindex_reason":""},"product_brand":[],"product_cat":[24145,24147],"product_tag":[],"class_list":["post-715355","product","type-product","status-publish","has-post-thumbnail","product_cat-Armstoelen_fr_BE","product_cat-Fauteuils_fr_BE","first","onbackorder","taxable","shipping-taxable","purchasable","product-type-simple"],"_links":{"self":[{"href":"https:\/\/www.moensmeubelen.be\/fr\/wp-json\/wp\/v2\/product\/715355","targetHints":{"allow":["GET"]}}],"collection":[{"href":"https:\/\/www.moensmeubelen.be\/fr\/wp-json\/wp\/v2\/product"}],"about":[{"href":"https:\/\/www.moensmeubelen.be\/fr\/wp-json\/wp\/v2\/types\/product"}],"replies":[{"embeddable":true,"href":"https:\/\/www.moensmeubelen.be\/fr\/wp-json\/wp\/v2\/comments?post=715355"}],"wp:featuredmedia":[{"embeddable":true,"href":"https:\/\/www.moensmeubelen.be\/fr\/wp-json\/wp\/v2\/media\/944492"}],"wp:attachment":[{"href":"https:\/\/www.moensmeubelen.be\/fr\/wp-json\/wp\/v2\/media?parent=715355"}],"wp:term":[{"taxonomy":"product_brand","embeddable":true,"href":"https:\/\/www.moensmeubelen.be\/fr\/wp-json\/wp\/v2\/product_brand?post=715355"},{"taxonomy":"product_cat","embeddable":true,"href":"https:\/\/www.moensmeubelen.be\/fr\/wp-json\/wp\/v2\/product_cat?post=715355"},{"taxonomy":"product_tag","embeddable":true,"href":"https:\/\/www.moensmeubelen.be\/fr\/wp-json\/wp\/v2\/product_tag?post=715355"}],"curies":[{"name":"wp","href":"https:\/\/api.w.org\/{rel}","templated":true}]}}

<p>Ce fauteuil relax manuel Lotis et son pouf assorti possède un fin piètement  en étoile, deux accoudoirs confortables et deux belles surpiqûres horizontales sur le dossier. Le design de ce fauteuil est sans aucun doute un vrai succès, mais question confort, il est difficile de faire mieux car le pouf est fourni avec le fauteuil. Ce dernier est fabriquée avec le tissu microfibre Pala et existe en deux couleurs : gris clair ou anthracite. Voici la version gris clair!</p>

<p>Lotis, fauteuil relax avec pouf &#8211; tissu Pala &#8211; Gris clair &#8211; Fonction bascule et vérin à gaz, Pivotant à 360°</p>
