{"id":715547,"date":"2026-06-28T00:00:00","date_gmt":"2026-06-28T00:00:00","guid":{"rendered":""},"modified":"2026-06-28T20:20:56","modified_gmt":"2026-06-28T18:20:56","slug":"40628NAT-fr_BE","status":"publish","type":"product","link":"https:\/\/www.moensmeubelen.be\/fr\/produit\/40628NAT-fr_BE\/","title":{"rendered":"Arvada, table 160 x 100 cm. &#8211; ovale &#8211; pied central court &#8211; natural"},"content":{"rendered":"<p>Vous recherchez une table ovale avec un plateau en bois de couleur naturelle et un pi\u00e9tement central en m\u00e9tal noir\u00a0? Laissez-vous surprendre par ARVADA\u00a0 ! Une table compacte avec un plateau en ch\u00eane massif \u00e9galement disponible dans la couleur onyx. ARVADA peut \u00e9galement \u00eatre \u00e9quip\u00e9e de pieds aux extr\u00e9mit\u00e9s et existe dans une version l\u00e9g\u00e8rement plus grande. Composez votre table id\u00e9ale\u00a0!<\/p>\n","protected":false},"excerpt":{"rendered":"<p>Arvada, table 160 x 100 cm. &#8211; ovale &#8211; pied central court &#8211; natural<\/p>\n","protected":false},"featured_media":1000538,"comment_status":"open","ping_status":"open","template":"","meta":{"_relevanssi_hide_post":"","_relevanssi_hide_content":"","_relevanssi_pin_for_all":"","_relevanssi_pin_keywords":"","_relevanssi_unpin_keywords":"","_relevanssi_related_keywords":"","_relevanssi_related_include_ids":"","_relevanssi_related_exclude_ids":"","_relevanssi_related_no_append":"","_relevanssi_related_not_related":"","_relevanssi_related_posts":"","_relevanssi_noindex_reason":""},"product_brand":[],"product_cat":[1315],"product_tag":[],"class_list":["post-715547","product","type-product","status-publish","has-post-thumbnail","product_cat-eettafels_fr_BE","first","onbackorder","sale","taxable","shipping-taxable","purchasable","product-type-simple"],"_links":{"self":[{"href":"https:\/\/www.moensmeubelen.be\/fr\/wp-json\/wp\/v2\/product\/715547","targetHints":{"allow":["GET"]}}],"collection":[{"href":"https:\/\/www.moensmeubelen.be\/fr\/wp-json\/wp\/v2\/product"}],"about":[{"href":"https:\/\/www.moensmeubelen.be\/fr\/wp-json\/wp\/v2\/types\/product"}],"replies":[{"embeddable":true,"href":"https:\/\/www.moensmeubelen.be\/fr\/wp-json\/wp\/v2\/comments?post=715547"}],"wp:featuredmedia":[{"embeddable":true,"href":"https:\/\/www.moensmeubelen.be\/fr\/wp-json\/wp\/v2\/media\/1000538"}],"wp:attachment":[{"href":"https:\/\/www.moensmeubelen.be\/fr\/wp-json\/wp\/v2\/media?parent=715547"}],"wp:term":[{"taxonomy":"product_brand","embeddable":true,"href":"https:\/\/www.moensmeubelen.be\/fr\/wp-json\/wp\/v2\/product_brand?post=715547"},{"taxonomy":"product_cat","embeddable":true,"href":"https:\/\/www.moensmeubelen.be\/fr\/wp-json\/wp\/v2\/product_cat?post=715547"},{"taxonomy":"product_tag","embeddable":true,"href":"https:\/\/www.moensmeubelen.be\/fr\/wp-json\/wp\/v2\/product_tag?post=715547"}],"curies":[{"name":"wp","href":"https:\/\/api.w.org\/{rel}","templated":true}]}}

<p>Vous recherchez une table ovale avec un plateau en bois de couleur naturelle et un piétement central en métal noir ? Laissez-vous surprendre par ARVADA  ! Une table compacte avec un plateau en chêne massif également disponible dans la couleur onyx. ARVADA peut également être équipée de pieds aux extrémités et existe dans une version légèrement plus grande. Composez votre table idéale !</p>
