{"id":715627,"date":"2026-06-28T00:00:00","date_gmt":"2026-06-28T00:00:00","guid":{"rendered":""},"modified":"2026-06-28T20:21:50","modified_gmt":"2026-06-28T18:21:50","slug":"40632NAT-fr_BE","status":"publish","type":"product","link":"https:\/\/www.moensmeubelen.be\/fr\/produit\/40632NAT-fr_BE\/","title":{"rendered":"Arvada, table 220 x 110 cm. &#8211; ovale &#8211; pied central long &#8211; natural"},"content":{"rendered":"<p>Vous \u00eates fan de la combinaison de bois et de m\u00e9tal\u00a0? Voici ARVADA, une table au plateau en ch\u00eane massif de couleur naturelle qui tr\u00f4ne sur des pieds ronds en m\u00e9tal noir. \u00c0 vous de choisir entre un placement au centre du plateau ou aux extr\u00e9mit\u00e9s\u00a0 ! Composez votre table id\u00e9ale.<\/p>\n","protected":false},"excerpt":{"rendered":"<p>Arvada, table 220 x 110 cm. &#8211; ovale &#8211; pied central long &#8211; natural<\/p>\n","protected":false},"featured_media":1000574,"comment_status":"open","ping_status":"open","template":"","meta":{"_relevanssi_hide_post":"","_relevanssi_hide_content":"","_relevanssi_pin_for_all":"","_relevanssi_pin_keywords":"","_relevanssi_unpin_keywords":"","_relevanssi_related_keywords":"","_relevanssi_related_include_ids":"","_relevanssi_related_exclude_ids":"","_relevanssi_related_no_append":"","_relevanssi_related_not_related":"","_relevanssi_related_posts":"","_relevanssi_noindex_reason":""},"product_brand":[],"product_cat":[1315],"product_tag":[],"class_list":["post-715627","product","type-product","status-publish","has-post-thumbnail","product_cat-eettafels_fr_BE","first","onbackorder","sale","taxable","shipping-taxable","purchasable","product-type-simple"],"_links":{"self":[{"href":"https:\/\/www.moensmeubelen.be\/fr\/wp-json\/wp\/v2\/product\/715627","targetHints":{"allow":["GET"]}}],"collection":[{"href":"https:\/\/www.moensmeubelen.be\/fr\/wp-json\/wp\/v2\/product"}],"about":[{"href":"https:\/\/www.moensmeubelen.be\/fr\/wp-json\/wp\/v2\/types\/product"}],"replies":[{"embeddable":true,"href":"https:\/\/www.moensmeubelen.be\/fr\/wp-json\/wp\/v2\/comments?post=715627"}],"wp:featuredmedia":[{"embeddable":true,"href":"https:\/\/www.moensmeubelen.be\/fr\/wp-json\/wp\/v2\/media\/1000574"}],"wp:attachment":[{"href":"https:\/\/www.moensmeubelen.be\/fr\/wp-json\/wp\/v2\/media?parent=715627"}],"wp:term":[{"taxonomy":"product_brand","embeddable":true,"href":"https:\/\/www.moensmeubelen.be\/fr\/wp-json\/wp\/v2\/product_brand?post=715627"},{"taxonomy":"product_cat","embeddable":true,"href":"https:\/\/www.moensmeubelen.be\/fr\/wp-json\/wp\/v2\/product_cat?post=715627"},{"taxonomy":"product_tag","embeddable":true,"href":"https:\/\/www.moensmeubelen.be\/fr\/wp-json\/wp\/v2\/product_tag?post=715627"}],"curies":[{"name":"wp","href":"https:\/\/api.w.org\/{rel}","templated":true}]}}

<p>Vous êtes fan de la combinaison de bois et de métal ? Voici ARVADA, une table au plateau en chêne massif de couleur naturelle qui trône sur des pieds ronds en métal noir. À vous de choisir entre un placement au centre du plateau ou aux extrémités  ! Composez votre table idéale.</p>
