{"id":715637,"date":"2026-06-28T00:00:00","date_gmt":"2026-06-28T00:00:00","guid":{"rendered":""},"modified":"2026-06-28T20:21:57","modified_gmt":"2026-06-28T18:21:57","slug":"40632ONX-fr_BE","status":"publish","type":"product","link":"https:\/\/www.moensmeubelen.be\/fr\/produit\/40632ONX-fr_BE\/","title":{"rendered":"Arvada, table 220 x 110 cm. &#8211; ovale &#8211; pied central long &#8211; Onyx"},"content":{"rendered":"<p>Vous recherchez une table qui sort du lot\u00a0? Avec son plateau en ch\u00eane massif de couleur onyx, la table ARVADA attirera tous les regards dans votre int\u00e9rieur. Les pieds en m\u00e9tal noir sont disponibles en deux variantes\u00a0: central ou aux extr\u00e9mit\u00e9s de la table. La plateau est aussi disponible en teinte naturelle. \u00c0 quoi ressemble votre table id\u00e9ale\u00a0? ARVADA est aussi disponible en forme ronde ou elliptique\u00a0!<\/p>\n","protected":false},"excerpt":{"rendered":"<p>Arvada, table 220 x 110 cm. &#8211; ovale &#8211; pied central long &#8211; Onyx<\/p>\n","protected":false},"featured_media":1000580,"comment_status":"open","ping_status":"open","template":"","meta":{"_relevanssi_hide_post":"","_relevanssi_hide_content":"","_relevanssi_pin_for_all":"","_relevanssi_pin_keywords":"","_relevanssi_unpin_keywords":"","_relevanssi_related_keywords":"","_relevanssi_related_include_ids":"","_relevanssi_related_exclude_ids":"","_relevanssi_related_no_append":"","_relevanssi_related_not_related":"","_relevanssi_related_posts":"","_relevanssi_noindex_reason":""},"product_brand":[],"product_cat":[1315],"product_tag":[],"class_list":["post-715637","product","type-product","status-publish","has-post-thumbnail","product_cat-eettafels_fr_BE","first","onbackorder","sale","taxable","shipping-taxable","purchasable","product-type-simple"],"_links":{"self":[{"href":"https:\/\/www.moensmeubelen.be\/fr\/wp-json\/wp\/v2\/product\/715637","targetHints":{"allow":["GET"]}}],"collection":[{"href":"https:\/\/www.moensmeubelen.be\/fr\/wp-json\/wp\/v2\/product"}],"about":[{"href":"https:\/\/www.moensmeubelen.be\/fr\/wp-json\/wp\/v2\/types\/product"}],"replies":[{"embeddable":true,"href":"https:\/\/www.moensmeubelen.be\/fr\/wp-json\/wp\/v2\/comments?post=715637"}],"wp:featuredmedia":[{"embeddable":true,"href":"https:\/\/www.moensmeubelen.be\/fr\/wp-json\/wp\/v2\/media\/1000580"}],"wp:attachment":[{"href":"https:\/\/www.moensmeubelen.be\/fr\/wp-json\/wp\/v2\/media?parent=715637"}],"wp:term":[{"taxonomy":"product_brand","embeddable":true,"href":"https:\/\/www.moensmeubelen.be\/fr\/wp-json\/wp\/v2\/product_brand?post=715637"},{"taxonomy":"product_cat","embeddable":true,"href":"https:\/\/www.moensmeubelen.be\/fr\/wp-json\/wp\/v2\/product_cat?post=715637"},{"taxonomy":"product_tag","embeddable":true,"href":"https:\/\/www.moensmeubelen.be\/fr\/wp-json\/wp\/v2\/product_tag?post=715637"}],"curies":[{"name":"wp","href":"https:\/\/api.w.org\/{rel}","templated":true}]}}

<p>Vous recherchez une table qui sort du lot ? Avec son plateau en chêne massif de couleur onyx, la table ARVADA attirera tous les regards dans votre intérieur. Les pieds en métal noir sont disponibles en deux variantes : central ou aux extrémités de la table. La plateau est aussi disponible en teinte naturelle. À quoi ressemble votre table idéale ? ARVADA est aussi disponible en forme ronde ou elliptique !</p>
