{"id":715647,"date":"2026-06-28T00:00:00","date_gmt":"2026-06-28T00:00:00","guid":{"rendered":""},"modified":"2026-06-28T20:22:05","modified_gmt":"2026-06-28T18:22:05","slug":"40633NAT-fr_BE","status":"publish","type":"product","link":"https:\/\/www.moensmeubelen.be\/fr\/produit\/40633NAT-fr_BE\/","title":{"rendered":"Arvada, table 250 x 110 cm. &#8211; ovale &#8211; pied central long &#8211; natural"},"content":{"rendered":"<p>XOOON vous aide \u00e0 composer votre table id\u00e9ale et vous pr\u00e9sente ARVADA. Une table de 250 x 110 assez grande pour accueillir toute votre famille. Son plateau en ch\u00eane massif existe en deux coloris\u00a0: naturel et onyx. En ce qui concerne le pi\u00e9tement m\u00e9tallique noir, vous avez le choix entre un pi\u00e9tement central et des pieds aux extr\u00e9mit\u00e9s. \u00c0 quoi ressemble la table de vos r\u00eaves sur laquelle vous mangerez bient\u00f4t\u00a0?<\/p>\n","protected":false},"excerpt":{"rendered":"<p>Arvada, table 250 x 110 cm. &#8211; ovale &#8211; pied central long &#8211; natural<\/p>\n","protected":false},"featured_media":1000586,"comment_status":"open","ping_status":"open","template":"","meta":{"_relevanssi_hide_post":"","_relevanssi_hide_content":"","_relevanssi_pin_for_all":"","_relevanssi_pin_keywords":"","_relevanssi_unpin_keywords":"","_relevanssi_related_keywords":"","_relevanssi_related_include_ids":"","_relevanssi_related_exclude_ids":"","_relevanssi_related_no_append":"","_relevanssi_related_not_related":"","_relevanssi_related_posts":"","_relevanssi_noindex_reason":""},"product_brand":[],"product_cat":[1315],"product_tag":[],"class_list":["post-715647","product","type-product","status-publish","has-post-thumbnail","product_cat-eettafels_fr_BE","first","onbackorder","sale","taxable","shipping-taxable","purchasable","product-type-simple"],"_links":{"self":[{"href":"https:\/\/www.moensmeubelen.be\/fr\/wp-json\/wp\/v2\/product\/715647","targetHints":{"allow":["GET"]}}],"collection":[{"href":"https:\/\/www.moensmeubelen.be\/fr\/wp-json\/wp\/v2\/product"}],"about":[{"href":"https:\/\/www.moensmeubelen.be\/fr\/wp-json\/wp\/v2\/types\/product"}],"replies":[{"embeddable":true,"href":"https:\/\/www.moensmeubelen.be\/fr\/wp-json\/wp\/v2\/comments?post=715647"}],"wp:featuredmedia":[{"embeddable":true,"href":"https:\/\/www.moensmeubelen.be\/fr\/wp-json\/wp\/v2\/media\/1000586"}],"wp:attachment":[{"href":"https:\/\/www.moensmeubelen.be\/fr\/wp-json\/wp\/v2\/media?parent=715647"}],"wp:term":[{"taxonomy":"product_brand","embeddable":true,"href":"https:\/\/www.moensmeubelen.be\/fr\/wp-json\/wp\/v2\/product_brand?post=715647"},{"taxonomy":"product_cat","embeddable":true,"href":"https:\/\/www.moensmeubelen.be\/fr\/wp-json\/wp\/v2\/product_cat?post=715647"},{"taxonomy":"product_tag","embeddable":true,"href":"https:\/\/www.moensmeubelen.be\/fr\/wp-json\/wp\/v2\/product_tag?post=715647"}],"curies":[{"name":"wp","href":"https:\/\/api.w.org\/{rel}","templated":true}]}}

<p>XOOON vous aide à composer votre table idéale et vous présente ARVADA. Une table de 250 x 110 assez grande pour accueillir toute votre famille. Son plateau en chêne massif existe en deux coloris : naturel et onyx. En ce qui concerne le piétement métallique noir, vous avez le choix entre un piétement central et des pieds aux extrémités. À quoi ressemble la table de vos rêves sur laquelle vous mangerez bientôt ?</p>
