{"id":715657,"date":"2026-06-28T00:00:00","date_gmt":"2026-06-28T00:00:00","guid":{"rendered":""},"modified":"2026-06-28T20:22:13","modified_gmt":"2026-06-28T18:22:13","slug":"40633ONX-fr_BE","status":"publish","type":"product","link":"https:\/\/www.moensmeubelen.be\/fr\/produit\/40633ONX-fr_BE\/","title":{"rendered":"Arvada, table 250 x 110 cm. &#8211; ovale &#8211; pied central long &#8211; Onyx"},"content":{"rendered":"<p>Vous r\u00eavez d\\&#8217;une table ovale styl\u00e9e qui puisse accueillir toute votre famille\u00a0? La table ARVADA, d\\&#8217;une longueur de 250\u00a0cm est exactement ce qu\\&#8217;il vous faut. Son superbe plateau en ch\u00eane massif tr\u00f4ne sur un pi\u00e9tement en m\u00e9tal noir qui peut \u00eatre plac\u00e9 soit au centre, soit aux extr\u00e9mit\u00e9s, sous forme de pieds. Pr\u00e9f\u00e9rez-vous la couleur onyx ou naturelle\u00a0? Votre ARVADA m\u00e9rite d\\&#8217;\u00eatre vue\u00a0!<\/p>\n","protected":false},"excerpt":{"rendered":"<p>Arvada, table 250 x 110 cm. &#8211; ovale &#8211; pied central long &#8211; Onyx<\/p>\n","protected":false},"featured_media":1000592,"comment_status":"open","ping_status":"open","template":"","meta":{"_relevanssi_hide_post":"","_relevanssi_hide_content":"","_relevanssi_pin_for_all":"","_relevanssi_pin_keywords":"","_relevanssi_unpin_keywords":"","_relevanssi_related_keywords":"","_relevanssi_related_include_ids":"","_relevanssi_related_exclude_ids":"","_relevanssi_related_no_append":"","_relevanssi_related_not_related":"","_relevanssi_related_posts":"","_relevanssi_noindex_reason":""},"product_brand":[],"product_cat":[1315],"product_tag":[],"class_list":["post-715657","product","type-product","status-publish","has-post-thumbnail","product_cat-eettafels_fr_BE","first","onbackorder","sale","taxable","shipping-taxable","purchasable","product-type-simple"],"_links":{"self":[{"href":"https:\/\/www.moensmeubelen.be\/fr\/wp-json\/wp\/v2\/product\/715657","targetHints":{"allow":["GET"]}}],"collection":[{"href":"https:\/\/www.moensmeubelen.be\/fr\/wp-json\/wp\/v2\/product"}],"about":[{"href":"https:\/\/www.moensmeubelen.be\/fr\/wp-json\/wp\/v2\/types\/product"}],"replies":[{"embeddable":true,"href":"https:\/\/www.moensmeubelen.be\/fr\/wp-json\/wp\/v2\/comments?post=715657"}],"wp:featuredmedia":[{"embeddable":true,"href":"https:\/\/www.moensmeubelen.be\/fr\/wp-json\/wp\/v2\/media\/1000592"}],"wp:attachment":[{"href":"https:\/\/www.moensmeubelen.be\/fr\/wp-json\/wp\/v2\/media?parent=715657"}],"wp:term":[{"taxonomy":"product_brand","embeddable":true,"href":"https:\/\/www.moensmeubelen.be\/fr\/wp-json\/wp\/v2\/product_brand?post=715657"},{"taxonomy":"product_cat","embeddable":true,"href":"https:\/\/www.moensmeubelen.be\/fr\/wp-json\/wp\/v2\/product_cat?post=715657"},{"taxonomy":"product_tag","embeddable":true,"href":"https:\/\/www.moensmeubelen.be\/fr\/wp-json\/wp\/v2\/product_tag?post=715657"}],"curies":[{"name":"wp","href":"https:\/\/api.w.org\/{rel}","templated":true}]}}

<p>Vous rêvez d\&#8217;une table ovale stylée qui puisse accueillir toute votre famille ? La table ARVADA, d\&#8217;une longueur de 250 cm est exactement ce qu\&#8217;il vous faut. Son superbe plateau en chêne massif trône sur un piétement en métal noir qui peut être placé soit au centre, soit aux extrémités, sous forme de pieds. Préférez-vous la couleur onyx ou naturelle ? Votre ARVADA mérite d\&#8217;être vue !</p>
