{"id":715667,"date":"2026-06-28T00:00:00","date_gmt":"2026-06-28T00:00:00","guid":{"rendered":""},"modified":"2026-06-28T20:22:21","modified_gmt":"2026-06-28T18:22:21","slug":"40635NAT-fr_BE","status":"publish","type":"product","link":"https:\/\/www.moensmeubelen.be\/fr\/produit\/40635NAT-fr_BE\/","title":{"rendered":"Arvada, table 220 x 110 cm. &#8211; ellipse &#8211; pied central long &#8211; natural"},"content":{"rendered":"<p>ARVADA est une belle acquisition dans votre coin repas de style naturel. Pr\u00e9f\u00e9rez-vous son plateau en ch\u00eane massif dans sa couleur naturelle ou de couleur onyx\u00a0? Pr\u00e9f\u00e9rez-vous les pieds en m\u00e9tal noir aux extr\u00e9mit\u00e9s ou sous forme d\\&#8217;un pi\u00e9tement central\u00a0? ARVADA est une table de r\u00eave de forme elliptique qui existe aussi dans les formes ovale et rondes.<\/p>\n","protected":false},"excerpt":{"rendered":"<p>Arvada, table 220 x 110 cm. &#8211; ellipse &#8211; pied central long &#8211; natural<\/p>\n","protected":false},"featured_media":1000598,"comment_status":"open","ping_status":"open","template":"","meta":{"_relevanssi_hide_post":"","_relevanssi_hide_content":"","_relevanssi_pin_for_all":"","_relevanssi_pin_keywords":"","_relevanssi_unpin_keywords":"","_relevanssi_related_keywords":"","_relevanssi_related_include_ids":"","_relevanssi_related_exclude_ids":"","_relevanssi_related_no_append":"","_relevanssi_related_not_related":"","_relevanssi_related_posts":"","_relevanssi_noindex_reason":""},"product_brand":[],"product_cat":[1315],"product_tag":[],"class_list":["post-715667","product","type-product","status-publish","has-post-thumbnail","product_cat-eettafels_fr_BE","first","onbackorder","sale","taxable","shipping-taxable","purchasable","product-type-simple"],"_links":{"self":[{"href":"https:\/\/www.moensmeubelen.be\/fr\/wp-json\/wp\/v2\/product\/715667","targetHints":{"allow":["GET"]}}],"collection":[{"href":"https:\/\/www.moensmeubelen.be\/fr\/wp-json\/wp\/v2\/product"}],"about":[{"href":"https:\/\/www.moensmeubelen.be\/fr\/wp-json\/wp\/v2\/types\/product"}],"replies":[{"embeddable":true,"href":"https:\/\/www.moensmeubelen.be\/fr\/wp-json\/wp\/v2\/comments?post=715667"}],"wp:featuredmedia":[{"embeddable":true,"href":"https:\/\/www.moensmeubelen.be\/fr\/wp-json\/wp\/v2\/media\/1000598"}],"wp:attachment":[{"href":"https:\/\/www.moensmeubelen.be\/fr\/wp-json\/wp\/v2\/media?parent=715667"}],"wp:term":[{"taxonomy":"product_brand","embeddable":true,"href":"https:\/\/www.moensmeubelen.be\/fr\/wp-json\/wp\/v2\/product_brand?post=715667"},{"taxonomy":"product_cat","embeddable":true,"href":"https:\/\/www.moensmeubelen.be\/fr\/wp-json\/wp\/v2\/product_cat?post=715667"},{"taxonomy":"product_tag","embeddable":true,"href":"https:\/\/www.moensmeubelen.be\/fr\/wp-json\/wp\/v2\/product_tag?post=715667"}],"curies":[{"name":"wp","href":"https:\/\/api.w.org\/{rel}","templated":true}]}}

<p>ARVADA est une belle acquisition dans votre coin repas de style naturel. Préférez-vous son plateau en chêne massif dans sa couleur naturelle ou de couleur onyx ? Préférez-vous les pieds en métal noir aux extrémités ou sous forme d\&#8217;un piétement central ? ARVADA est une table de rêve de forme elliptique qui existe aussi dans les formes ovale et rondes.</p>
