{"id":715677,"date":"2026-06-28T00:00:00","date_gmt":"2026-06-28T00:00:00","guid":{"rendered":""},"modified":"2026-06-28T20:22:28","modified_gmt":"2026-06-28T18:22:28","slug":"40635ONX-fr_BE","status":"publish","type":"product","link":"https:\/\/www.moensmeubelen.be\/fr\/produit\/40635ONX-fr_BE\/","title":{"rendered":"Arvada, table 220 x 110 cm. &#8211; ellipse &#8211; pied central long &#8211; Onyx"},"content":{"rendered":"<p>Une table de forme elliptique a l\\&#8217;air ovale, mais je ne l\\&#8217;est pas. C\\&#8217;est ce qui rend cette table ARVADA de couleur onyx, avec son pi\u00e9tement en m\u00e9tal noir, encore plus sp\u00e9ciale. Son plateau en ch\u00eane massif est aussi disponible dans sa couleur naturelle. Pour les pieds, vous avez le choix entre deux versions\u00a0: un pi\u00e9tement central et des pieds aux extr\u00e9mit\u00e9s. \u00c0 quoi ressemble la table de vos r\u00eaves\u00a0?<\/p>\n","protected":false},"excerpt":{"rendered":"<p>Arvada, table 220 x 110 cm. &#8211; ellipse &#8211; pied central long &#8211; Onyx<\/p>\n","protected":false},"featured_media":1000604,"comment_status":"open","ping_status":"open","template":"","meta":{"_relevanssi_hide_post":"","_relevanssi_hide_content":"","_relevanssi_pin_for_all":"","_relevanssi_pin_keywords":"","_relevanssi_unpin_keywords":"","_relevanssi_related_keywords":"","_relevanssi_related_include_ids":"","_relevanssi_related_exclude_ids":"","_relevanssi_related_no_append":"","_relevanssi_related_not_related":"","_relevanssi_related_posts":"","_relevanssi_noindex_reason":""},"product_brand":[],"product_cat":[1315],"product_tag":[],"class_list":["post-715677","product","type-product","status-publish","has-post-thumbnail","product_cat-eettafels_fr_BE","first","onbackorder","sale","taxable","shipping-taxable","purchasable","product-type-simple"],"_links":{"self":[{"href":"https:\/\/www.moensmeubelen.be\/fr\/wp-json\/wp\/v2\/product\/715677","targetHints":{"allow":["GET"]}}],"collection":[{"href":"https:\/\/www.moensmeubelen.be\/fr\/wp-json\/wp\/v2\/product"}],"about":[{"href":"https:\/\/www.moensmeubelen.be\/fr\/wp-json\/wp\/v2\/types\/product"}],"replies":[{"embeddable":true,"href":"https:\/\/www.moensmeubelen.be\/fr\/wp-json\/wp\/v2\/comments?post=715677"}],"wp:featuredmedia":[{"embeddable":true,"href":"https:\/\/www.moensmeubelen.be\/fr\/wp-json\/wp\/v2\/media\/1000604"}],"wp:attachment":[{"href":"https:\/\/www.moensmeubelen.be\/fr\/wp-json\/wp\/v2\/media?parent=715677"}],"wp:term":[{"taxonomy":"product_brand","embeddable":true,"href":"https:\/\/www.moensmeubelen.be\/fr\/wp-json\/wp\/v2\/product_brand?post=715677"},{"taxonomy":"product_cat","embeddable":true,"href":"https:\/\/www.moensmeubelen.be\/fr\/wp-json\/wp\/v2\/product_cat?post=715677"},{"taxonomy":"product_tag","embeddable":true,"href":"https:\/\/www.moensmeubelen.be\/fr\/wp-json\/wp\/v2\/product_tag?post=715677"}],"curies":[{"name":"wp","href":"https:\/\/api.w.org\/{rel}","templated":true}]}}

<p>Une table de forme elliptique a l\&#8217;air ovale, mais je ne l\&#8217;est pas. C\&#8217;est ce qui rend cette table ARVADA de couleur onyx, avec son piétement en métal noir, encore plus spéciale. Son plateau en chêne massif est aussi disponible dans sa couleur naturelle. Pour les pieds, vous avez le choix entre deux versions : un piétement central et des pieds aux extrémités. À quoi ressemble la table de vos rêves ?</p>
