{"id":715687,"date":"2026-06-28T00:00:00","date_gmt":"2026-06-28T00:00:00","guid":{"rendered":""},"modified":"2026-06-28T20:22:38","modified_gmt":"2026-06-28T18:22:38","slug":"40636NAT-fr_BE","status":"publish","type":"product","link":"https:\/\/www.moensmeubelen.be\/fr\/produit\/40636NAT-fr_BE\/","title":{"rendered":"Arvada, table 250 x 110 cm. &#8211; ellipse &#8211; pied central long &#8211; natural"},"content":{"rendered":"<p>Un plateau de forme elliptique rend une table encore plus sp\u00e9ciale. Comme cette table ARVADA de 250 x 110\u00a0cm. Parfaite pour rester longtemps \u00e0 table avec toute la famille\u00a0 ! Ce mod\u00e8le poss\u00e8de un pi\u00e9tement central en m\u00e9tal noir, mais la table est aussi disponible avec des pieds aux extr\u00e9mit\u00e9s. Pr\u00e9f\u00e9rez-vous un plateau en ch\u00eane massif de couleur onyx ou dans sa couleur naturelle\u00a0? Votre ARVADA m\u00e9rite d\\&#8217;\u00eatre vue\u00a0!<\/p>\n","protected":false},"excerpt":{"rendered":"<p>Arvada, table 250 x 110 cm. &#8211; ellipse &#8211; pied central long &#8211; natural<\/p>\n","protected":false},"featured_media":1000610,"comment_status":"open","ping_status":"open","template":"","meta":{"_relevanssi_hide_post":"","_relevanssi_hide_content":"","_relevanssi_pin_for_all":"","_relevanssi_pin_keywords":"","_relevanssi_unpin_keywords":"","_relevanssi_related_keywords":"","_relevanssi_related_include_ids":"","_relevanssi_related_exclude_ids":"","_relevanssi_related_no_append":"","_relevanssi_related_not_related":"","_relevanssi_related_posts":"","_relevanssi_noindex_reason":""},"product_brand":[],"product_cat":[1315],"product_tag":[],"class_list":["post-715687","product","type-product","status-publish","has-post-thumbnail","product_cat-eettafels_fr_BE","first","onbackorder","sale","taxable","shipping-taxable","purchasable","product-type-simple"],"_links":{"self":[{"href":"https:\/\/www.moensmeubelen.be\/fr\/wp-json\/wp\/v2\/product\/715687","targetHints":{"allow":["GET"]}}],"collection":[{"href":"https:\/\/www.moensmeubelen.be\/fr\/wp-json\/wp\/v2\/product"}],"about":[{"href":"https:\/\/www.moensmeubelen.be\/fr\/wp-json\/wp\/v2\/types\/product"}],"replies":[{"embeddable":true,"href":"https:\/\/www.moensmeubelen.be\/fr\/wp-json\/wp\/v2\/comments?post=715687"}],"wp:featuredmedia":[{"embeddable":true,"href":"https:\/\/www.moensmeubelen.be\/fr\/wp-json\/wp\/v2\/media\/1000610"}],"wp:attachment":[{"href":"https:\/\/www.moensmeubelen.be\/fr\/wp-json\/wp\/v2\/media?parent=715687"}],"wp:term":[{"taxonomy":"product_brand","embeddable":true,"href":"https:\/\/www.moensmeubelen.be\/fr\/wp-json\/wp\/v2\/product_brand?post=715687"},{"taxonomy":"product_cat","embeddable":true,"href":"https:\/\/www.moensmeubelen.be\/fr\/wp-json\/wp\/v2\/product_cat?post=715687"},{"taxonomy":"product_tag","embeddable":true,"href":"https:\/\/www.moensmeubelen.be\/fr\/wp-json\/wp\/v2\/product_tag?post=715687"}],"curies":[{"name":"wp","href":"https:\/\/api.w.org\/{rel}","templated":true}]}}

<p>Un plateau de forme elliptique rend une table encore plus spéciale. Comme cette table ARVADA de 250 x 110 cm. Parfaite pour rester longtemps à table avec toute la famille  ! Ce modèle possède un piétement central en métal noir, mais la table est aussi disponible avec des pieds aux extrémités. Préférez-vous un plateau en chêne massif de couleur onyx ou dans sa couleur naturelle ? Votre ARVADA mérite d\&#8217;être vue !</p>
