{"id":716323,"date":"2026-06-28T00:00:00","date_gmt":"2026-06-28T00:00:00","guid":{"rendered":""},"modified":"2026-06-28T20:23:00","modified_gmt":"2026-06-28T18:23:00","slug":"41000001-fr_BE","status":"publish","type":"product","link":"https:\/\/www.moensmeubelen.be\/fr\/produit\/41000001-fr_BE\/","title":{"rendered":"Fiskardo, 2-places"},"content":{"rendered":"<p>Un robuste canap\u00e9 2 places au design unique? C\\&#8217;est FISKARDO 2 places ! Les surpiq\u00fbres et ses pieds droits en m\u00e9tal noir rendent ce canap\u00e9 unique. Le pi\u00e9tement est fin et pourtant particulier car il remonte sur le haut et les c\u00f4t\u00e9s du canap\u00e9. FISKARDO se d\u00e9cline en plusieurs mod\u00e8les.<\/p>\n","protected":false},"excerpt":{"rendered":"<p>Fiskardo, 2-places<\/p>\n","protected":false},"featured_media":1000624,"comment_status":"open","ping_status":"open","template":"","meta":{"_relevanssi_hide_post":"","_relevanssi_hide_content":"","_relevanssi_pin_for_all":"","_relevanssi_pin_keywords":"","_relevanssi_unpin_keywords":"","_relevanssi_related_keywords":"","_relevanssi_related_include_ids":"","_relevanssi_related_exclude_ids":"","_relevanssi_related_no_append":"","_relevanssi_related_not_related":"","_relevanssi_related_posts":"","_relevanssi_noindex_reason":""},"product_brand":[],"product_cat":[5647],"product_tag":[],"class_list":["post-716323","product","type-product","status-publish","has-post-thumbnail","product_cat-zetels_l2_fr_BE","first","onbackorder","sale","taxable","shipping-taxable","purchasable","product-type-simple"],"_links":{"self":[{"href":"https:\/\/www.moensmeubelen.be\/fr\/wp-json\/wp\/v2\/product\/716323","targetHints":{"allow":["GET"]}}],"collection":[{"href":"https:\/\/www.moensmeubelen.be\/fr\/wp-json\/wp\/v2\/product"}],"about":[{"href":"https:\/\/www.moensmeubelen.be\/fr\/wp-json\/wp\/v2\/types\/product"}],"replies":[{"embeddable":true,"href":"https:\/\/www.moensmeubelen.be\/fr\/wp-json\/wp\/v2\/comments?post=716323"}],"wp:featuredmedia":[{"embeddable":true,"href":"https:\/\/www.moensmeubelen.be\/fr\/wp-json\/wp\/v2\/media\/1000624"}],"wp:attachment":[{"href":"https:\/\/www.moensmeubelen.be\/fr\/wp-json\/wp\/v2\/media?parent=716323"}],"wp:term":[{"taxonomy":"product_brand","embeddable":true,"href":"https:\/\/www.moensmeubelen.be\/fr\/wp-json\/wp\/v2\/product_brand?post=716323"},{"taxonomy":"product_cat","embeddable":true,"href":"https:\/\/www.moensmeubelen.be\/fr\/wp-json\/wp\/v2\/product_cat?post=716323"},{"taxonomy":"product_tag","embeddable":true,"href":"https:\/\/www.moensmeubelen.be\/fr\/wp-json\/wp\/v2\/product_tag?post=716323"}],"curies":[{"name":"wp","href":"https:\/\/api.w.org\/{rel}","templated":true}]}}

<p>Un robuste canapé 2 places au design unique? C\&#8217;est FISKARDO 2 places ! Les surpiqûres et ses pieds droits en métal noir rendent ce canapé unique. Le piétement est fin et pourtant particulier car il remonte sur le haut et les côtés du canapé. FISKARDO se décline en plusieurs modèles.</p>
