{"id":716363,"date":"2026-06-28T00:00:00","date_gmt":"2026-06-28T00:00:00","guid":{"rendered":""},"modified":"2026-06-28T20:23:30","modified_gmt":"2026-06-28T18:23:30","slug":"41012001-fr_BE","status":"publish","type":"product","link":"https:\/\/www.moensmeubelen.be\/fr\/produit\/41012001-fr_BE\/","title":{"rendered":"Fiskardo, 2-places &#8211; small"},"content":{"rendered":"<p>Le canap\u00e9 2 places FISKARDO: un canap\u00e9 \u00e9troit en design unique. Sa petite taille, combin\u00e9e \u00e0 son pi\u00e9tement en m\u00e9tal noir rendent le canap\u00e9 tr\u00e8s sp\u00e9cial. Le pi\u00e9tement \u00e9troit est sp\u00e9cial car il s\\&#8217;\u00e9tend vers le haut sur les c\u00f4t\u00e9s du canap\u00e9. FISKARDO est disponible en diff\u00e9rentes tailles.<\/p>\n","protected":false},"excerpt":{"rendered":"<p>Fiskardo, 2-places &#8211; small<\/p>\n","protected":false},"featured_media":1000648,"comment_status":"open","ping_status":"open","template":"","meta":{"_relevanssi_hide_post":"","_relevanssi_hide_content":"","_relevanssi_pin_for_all":"","_relevanssi_pin_keywords":"","_relevanssi_unpin_keywords":"","_relevanssi_related_keywords":"","_relevanssi_related_include_ids":"","_relevanssi_related_exclude_ids":"","_relevanssi_related_no_append":"","_relevanssi_related_not_related":"","_relevanssi_related_posts":"","_relevanssi_noindex_reason":""},"product_brand":[],"product_cat":[5647],"product_tag":[],"class_list":["post-716363","product","type-product","status-publish","has-post-thumbnail","product_cat-zetels_l2_fr_BE","first","onbackorder","sale","taxable","shipping-taxable","purchasable","product-type-simple"],"_links":{"self":[{"href":"https:\/\/www.moensmeubelen.be\/fr\/wp-json\/wp\/v2\/product\/716363","targetHints":{"allow":["GET"]}}],"collection":[{"href":"https:\/\/www.moensmeubelen.be\/fr\/wp-json\/wp\/v2\/product"}],"about":[{"href":"https:\/\/www.moensmeubelen.be\/fr\/wp-json\/wp\/v2\/types\/product"}],"replies":[{"embeddable":true,"href":"https:\/\/www.moensmeubelen.be\/fr\/wp-json\/wp\/v2\/comments?post=716363"}],"wp:featuredmedia":[{"embeddable":true,"href":"https:\/\/www.moensmeubelen.be\/fr\/wp-json\/wp\/v2\/media\/1000648"}],"wp:attachment":[{"href":"https:\/\/www.moensmeubelen.be\/fr\/wp-json\/wp\/v2\/media?parent=716363"}],"wp:term":[{"taxonomy":"product_brand","embeddable":true,"href":"https:\/\/www.moensmeubelen.be\/fr\/wp-json\/wp\/v2\/product_brand?post=716363"},{"taxonomy":"product_cat","embeddable":true,"href":"https:\/\/www.moensmeubelen.be\/fr\/wp-json\/wp\/v2\/product_cat?post=716363"},{"taxonomy":"product_tag","embeddable":true,"href":"https:\/\/www.moensmeubelen.be\/fr\/wp-json\/wp\/v2\/product_tag?post=716363"}],"curies":[{"name":"wp","href":"https:\/\/api.w.org\/{rel}","templated":true}]}}

<p>Le canapé 2 places FISKARDO: un canapé étroit en design unique. Sa petite taille, combinée à son piétement en métal noir rendent le canapé très spécial. Le piétement étroit est spécial car il s\&#8217;étend vers le haut sur les côtés du canapé. FISKARDO est disponible en différentes tailles.</p>
