{"id":716971,"date":"2026-04-16T00:00:00","date_gmt":"2026-04-16T00:00:00","guid":{"rendered":""},"modified":"2026-04-16T14:58:36","modified_gmt":"2026-04-16T12:58:36","slug":"42234ONL-fr_BE","status":"publish","type":"product","link":"https:\/\/www.moensmeubelen.be\/fr\/produit\/42234ONL-fr_BE\/","title":{"rendered":"Livada, buffet 180 cm &#8211; 2-portes + 2-tiroirs + 1-niche &#8211; onyx"},"content":{"rendered":"<p>Ce buffet de couleur Onyx provient de la collection Livada. Gr\u00e2ce \u00e0 sa couleur, il est une pi\u00e8ce remarquable dans l\\&#8217;int\u00e9rieur. Le buffet mesure 180 cm de large, poss\u00e8de 2 portes, 2 tiroirs et 1 niche. L\\&#8217;\u00e9clairage LED int\u00e9gr\u00e9 dans la niche cr\u00e9e une ambiance chaleureuse et conviviale. Le buffet est disponible en plusieurs tailles et couleurs.<\/p>\n","protected":false},"excerpt":{"rendered":"<p>Livada, buffet 180 cm &#8211; 2-portes + 2-tiroirs + 1-niche &#8211; onyx<\/p>\n","protected":false},"featured_media":944934,"comment_status":"open","ping_status":"open","template":"","meta":{"_relevanssi_hide_post":"","_relevanssi_hide_content":"","_relevanssi_pin_for_all":"","_relevanssi_pin_keywords":"","_relevanssi_unpin_keywords":"","_relevanssi_related_keywords":"","_relevanssi_related_include_ids":"","_relevanssi_related_exclude_ids":"","_relevanssi_related_no_append":"","_relevanssi_related_not_related":"","_relevanssi_related_posts":"","_relevanssi_noindex_reason":""},"product_brand":[],"product_cat":[1377],"product_tag":[],"class_list":["post-716971","product","type-product","status-publish","has-post-thumbnail","product_cat-dressoirs_fr_BE","first","onbackorder","taxable","shipping-taxable","purchasable","product-type-simple"],"_links":{"self":[{"href":"https:\/\/www.moensmeubelen.be\/fr\/wp-json\/wp\/v2\/product\/716971","targetHints":{"allow":["GET"]}}],"collection":[{"href":"https:\/\/www.moensmeubelen.be\/fr\/wp-json\/wp\/v2\/product"}],"about":[{"href":"https:\/\/www.moensmeubelen.be\/fr\/wp-json\/wp\/v2\/types\/product"}],"replies":[{"embeddable":true,"href":"https:\/\/www.moensmeubelen.be\/fr\/wp-json\/wp\/v2\/comments?post=716971"}],"wp:featuredmedia":[{"embeddable":true,"href":"https:\/\/www.moensmeubelen.be\/fr\/wp-json\/wp\/v2\/media\/944934"}],"wp:attachment":[{"href":"https:\/\/www.moensmeubelen.be\/fr\/wp-json\/wp\/v2\/media?parent=716971"}],"wp:term":[{"taxonomy":"product_brand","embeddable":true,"href":"https:\/\/www.moensmeubelen.be\/fr\/wp-json\/wp\/v2\/product_brand?post=716971"},{"taxonomy":"product_cat","embeddable":true,"href":"https:\/\/www.moensmeubelen.be\/fr\/wp-json\/wp\/v2\/product_cat?post=716971"},{"taxonomy":"product_tag","embeddable":true,"href":"https:\/\/www.moensmeubelen.be\/fr\/wp-json\/wp\/v2\/product_tag?post=716971"}],"curies":[{"name":"wp","href":"https:\/\/api.w.org\/{rel}","templated":true}]}}

<p>Ce buffet de couleur Onyx provient de la collection Livada. Grâce à sa couleur, il est une pièce remarquable dans l\&#8217;intérieur. Le buffet mesure 180 cm de large, possède 2 portes, 2 tiroirs et 1 niche. L\&#8217;éclairage LED intégré dans la niche crée une ambiance chaleureuse et conviviale. Le buffet est disponible en plusieurs tailles et couleurs.</p>
