{"id":717007,"date":"2026-04-16T00:00:00","date_gmt":"2026-04-16T00:00:00","guid":{"rendered":""},"modified":"2026-04-16T14:58:57","modified_gmt":"2026-04-16T12:58:57","slug":"42236ONL-fr_BE","status":"publish","type":"product","link":"https:\/\/www.moensmeubelen.be\/fr\/produit\/42236ONL-fr_BE\/","title":{"rendered":"Livada, buffet bas 170 cm &#8211; 2-portes + 1-porte rabattante + 1-niche &#8211; onyx"},"content":{"rendered":"<p>Ce meuble TV bas de la collection Livada combine des lignes \u00e9pur\u00e9es avec une couleur remarquable. Le meuble TV bas mesure 170 cm de large, est fabriqu\u00e9 en placage de ch\u00eane sauvage et poss\u00e8de 2 portes, 1 abattant et 1 niche. Et cette couleur remarquable ? C\\&#8217;est la couleur Onyx.<\/p>\n","protected":false},"excerpt":{"rendered":"<p>Livada, buffet bas 170 cm &#8211; 2-portes + 1-porte rabattante + 1-niche &#8211; onyx<\/p>\n","protected":false},"featured_media":944950,"comment_status":"open","ping_status":"open","template":"","meta":{"_relevanssi_hide_post":"","_relevanssi_hide_content":"","_relevanssi_pin_for_all":"","_relevanssi_pin_keywords":"","_relevanssi_unpin_keywords":"","_relevanssi_related_keywords":"","_relevanssi_related_include_ids":"","_relevanssi_related_exclude_ids":"","_relevanssi_related_no_append":"","_relevanssi_related_not_related":"","_relevanssi_related_posts":"","_relevanssi_noindex_reason":""},"product_brand":[],"product_cat":[1321],"product_tag":[],"class_list":["post-717007","product","type-product","status-publish","has-post-thumbnail","product_cat-tv_meubels_fr_BE","first","onbackorder","taxable","shipping-taxable","purchasable","product-type-simple"],"_links":{"self":[{"href":"https:\/\/www.moensmeubelen.be\/fr\/wp-json\/wp\/v2\/product\/717007","targetHints":{"allow":["GET"]}}],"collection":[{"href":"https:\/\/www.moensmeubelen.be\/fr\/wp-json\/wp\/v2\/product"}],"about":[{"href":"https:\/\/www.moensmeubelen.be\/fr\/wp-json\/wp\/v2\/types\/product"}],"replies":[{"embeddable":true,"href":"https:\/\/www.moensmeubelen.be\/fr\/wp-json\/wp\/v2\/comments?post=717007"}],"wp:featuredmedia":[{"embeddable":true,"href":"https:\/\/www.moensmeubelen.be\/fr\/wp-json\/wp\/v2\/media\/944950"}],"wp:attachment":[{"href":"https:\/\/www.moensmeubelen.be\/fr\/wp-json\/wp\/v2\/media?parent=717007"}],"wp:term":[{"taxonomy":"product_brand","embeddable":true,"href":"https:\/\/www.moensmeubelen.be\/fr\/wp-json\/wp\/v2\/product_brand?post=717007"},{"taxonomy":"product_cat","embeddable":true,"href":"https:\/\/www.moensmeubelen.be\/fr\/wp-json\/wp\/v2\/product_cat?post=717007"},{"taxonomy":"product_tag","embeddable":true,"href":"https:\/\/www.moensmeubelen.be\/fr\/wp-json\/wp\/v2\/product_tag?post=717007"}],"curies":[{"name":"wp","href":"https:\/\/api.w.org\/{rel}","templated":true}]}}

<p>Ce meuble TV bas de la collection Livada combine des lignes épurées avec une couleur remarquable. Le meuble TV bas mesure 170 cm de large, est fabriqué en placage de chêne sauvage et possède 2 portes, 1 abattant et 1 niche. Et cette couleur remarquable ? C\&#8217;est la couleur Onyx.</p>
