{"id":717077,"date":"2026-04-16T00:00:00","date_gmt":"2026-04-16T00:00:00","guid":{"rendered":""},"modified":"2026-04-16T15:01:16","modified_gmt":"2026-04-16T13:01:16","slug":"42240NAL-fr_BE","status":"publish","type":"product","link":"https:\/\/www.moensmeubelen.be\/fr\/produit\/42240NAL-fr_BE\/","title":{"rendered":"Livada, vitrine 100 cm &#8211; 2-portes en verre + 2-tiroirs &#8211; Natural"},"content":{"rendered":"<p>Les vitrines sont de superbes cr\u00e9ateurs d\\&#8217;ambiance et des \u00e9l\u00e9ments accrocheurs dans l\\&#8217;int\u00e9rieur. Cette vitrine moderne de la collection Livada en est un bon exemple. La vitrine est fabriqu\u00e9e en placage de ch\u00eane sauvage et finie en couleur Natural. L\\&#8217;int\u00e9rieur de l\\&#8217;armoire a une belle couleur anthracite. L\\&#8217;\u00e9clairage LED int\u00e9gr\u00e9 est tr\u00e8s agr\u00e9able. Les tiroirs dans la vitrine sont pratiques, car il y a toujours des objets que vous ne voulez pas garder \u00e0 la vue. La vitrine mesure 100 cm de large, 200 cm de haut et est disponible en 4 couleurs.<\/p>\n","protected":false},"excerpt":{"rendered":"<p>Livada, vitrine 100 cm &#8211; 2-portes en verre + 2-tiroirs &#8211; Natural<\/p>\n","protected":false},"featured_media":944993,"comment_status":"open","ping_status":"open","template":"","meta":{"_relevanssi_hide_post":"","_relevanssi_hide_content":"","_relevanssi_pin_for_all":"","_relevanssi_pin_keywords":"","_relevanssi_unpin_keywords":"","_relevanssi_related_keywords":"","_relevanssi_related_include_ids":"","_relevanssi_related_exclude_ids":"","_relevanssi_related_no_append":"","_relevanssi_related_not_related":"","_relevanssi_related_posts":"","_relevanssi_noindex_reason":""},"product_brand":[],"product_cat":[1378],"product_tag":[],"class_list":["post-717077","product","type-product","status-publish","has-post-thumbnail","product_cat-vitrinekasten_fr_BE","first","onbackorder","taxable","shipping-taxable","purchasable","product-type-simple"],"_links":{"self":[{"href":"https:\/\/www.moensmeubelen.be\/fr\/wp-json\/wp\/v2\/product\/717077","targetHints":{"allow":["GET"]}}],"collection":[{"href":"https:\/\/www.moensmeubelen.be\/fr\/wp-json\/wp\/v2\/product"}],"about":[{"href":"https:\/\/www.moensmeubelen.be\/fr\/wp-json\/wp\/v2\/types\/product"}],"replies":[{"embeddable":true,"href":"https:\/\/www.moensmeubelen.be\/fr\/wp-json\/wp\/v2\/comments?post=717077"}],"wp:featuredmedia":[{"embeddable":true,"href":"https:\/\/www.moensmeubelen.be\/fr\/wp-json\/wp\/v2\/media\/944993"}],"wp:attachment":[{"href":"https:\/\/www.moensmeubelen.be\/fr\/wp-json\/wp\/v2\/media?parent=717077"}],"wp:term":[{"taxonomy":"product_brand","embeddable":true,"href":"https:\/\/www.moensmeubelen.be\/fr\/wp-json\/wp\/v2\/product_brand?post=717077"},{"taxonomy":"product_cat","embeddable":true,"href":"https:\/\/www.moensmeubelen.be\/fr\/wp-json\/wp\/v2\/product_cat?post=717077"},{"taxonomy":"product_tag","embeddable":true,"href":"https:\/\/www.moensmeubelen.be\/fr\/wp-json\/wp\/v2\/product_tag?post=717077"}],"curies":[{"name":"wp","href":"https:\/\/api.w.org\/{rel}","templated":true}]}}

<p>Les vitrines sont de superbes créateurs d\&#8217;ambiance et des éléments accrocheurs dans l\&#8217;intérieur. Cette vitrine moderne de la collection Livada en est un bon exemple. La vitrine est fabriquée en placage de chêne sauvage et finie en couleur Natural. L\&#8217;intérieur de l\&#8217;armoire a une belle couleur anthracite. L\&#8217;éclairage LED intégré est très agréable. Les tiroirs dans la vitrine sont pratiques, car il y a toujours des objets que vous ne voulez pas garder à la vue. La vitrine mesure 100 cm de large, 200 cm de haut et est disponible en 4 couleurs.</p>
