{"id":718021,"date":"2026-04-16T00:00:00","date_gmt":"2026-04-16T00:00:00","guid":{"rendered":""},"modified":"2026-04-16T15:09:43","modified_gmt":"2026-04-16T13:09:43","slug":"42483DRI-fr_BE","status":"publish","type":"product","link":"https:\/\/www.moensmeubelen.be\/fr\/produit\/42483DRI-fr_BE\/","title":{"rendered":"Avalon, buffet bas 180 cm &#8211; 2-portes + 1-tiroir + 1-niche (+ LED) &#8211; Driftwood"},"content":{"rendered":"<p>Ce lowboard robuste provient de la collection Avalon. Il a une allure vintage gr\u00e2ce \u00e0 sa finition de couleur driftwood. Le lowboard mesure 180 cm de large, poss\u00e8de 2 portes, 1 tiroir et 1 compartiment \u00e9quip\u00e9 d\\&#8217;un \u00e9clairage LED. Ce qui rend ce lowboard sp\u00e9cial, c\\&#8217;est l\\&#8217;utilisation de Primo Laminato au lieu de bois massif. Primo Laminato est un mat\u00e9riau solide, moins sensible que le bois, r\u00e9sistant aux rayures et mieux prot\u00e9g\u00e9 contre l\\&#8217;humidit\u00e9.<\/p>\n","protected":false},"excerpt":{"rendered":"<p>Avalon, buffet bas 180 cm &#8211; 2-portes + 1-tiroir + 1-niche (+ LED) &#8211; Driftwood<\/p>\n","protected":false},"featured_media":945376,"comment_status":"open","ping_status":"open","template":"","meta":{"_relevanssi_hide_post":"","_relevanssi_hide_content":"","_relevanssi_pin_for_all":"","_relevanssi_pin_keywords":"","_relevanssi_unpin_keywords":"","_relevanssi_related_keywords":"","_relevanssi_related_include_ids":"","_relevanssi_related_exclude_ids":"","_relevanssi_related_no_append":"","_relevanssi_related_not_related":"","_relevanssi_related_posts":"","_relevanssi_noindex_reason":""},"product_brand":[],"product_cat":[1321],"product_tag":[],"class_list":["post-718021","product","type-product","status-publish","has-post-thumbnail","product_cat-tv_meubels_fr_BE","first","onbackorder","taxable","shipping-taxable","purchasable","product-type-simple"],"_links":{"self":[{"href":"https:\/\/www.moensmeubelen.be\/fr\/wp-json\/wp\/v2\/product\/718021","targetHints":{"allow":["GET"]}}],"collection":[{"href":"https:\/\/www.moensmeubelen.be\/fr\/wp-json\/wp\/v2\/product"}],"about":[{"href":"https:\/\/www.moensmeubelen.be\/fr\/wp-json\/wp\/v2\/types\/product"}],"replies":[{"embeddable":true,"href":"https:\/\/www.moensmeubelen.be\/fr\/wp-json\/wp\/v2\/comments?post=718021"}],"wp:featuredmedia":[{"embeddable":true,"href":"https:\/\/www.moensmeubelen.be\/fr\/wp-json\/wp\/v2\/media\/945376"}],"wp:attachment":[{"href":"https:\/\/www.moensmeubelen.be\/fr\/wp-json\/wp\/v2\/media?parent=718021"}],"wp:term":[{"taxonomy":"product_brand","embeddable":true,"href":"https:\/\/www.moensmeubelen.be\/fr\/wp-json\/wp\/v2\/product_brand?post=718021"},{"taxonomy":"product_cat","embeddable":true,"href":"https:\/\/www.moensmeubelen.be\/fr\/wp-json\/wp\/v2\/product_cat?post=718021"},{"taxonomy":"product_tag","embeddable":true,"href":"https:\/\/www.moensmeubelen.be\/fr\/wp-json\/wp\/v2\/product_tag?post=718021"}],"curies":[{"name":"wp","href":"https:\/\/api.w.org\/{rel}","templated":true}]}}

<p>Ce lowboard robuste provient de la collection Avalon. Il a une allure vintage grâce à sa finition de couleur driftwood. Le lowboard mesure 180 cm de large, possède 2 portes, 1 tiroir et 1 compartiment équipé d\&#8217;un éclairage LED. Ce qui rend ce lowboard spécial, c\&#8217;est l\&#8217;utilisation de Primo Laminato au lieu de bois massif. Primo Laminato est un matériau solide, moins sensible que le bois, résistant aux rayures et mieux protégé contre l\&#8217;humidité.</p>
