{"id":718039,"date":"2026-04-16T00:00:00","date_gmt":"2026-04-16T00:00:00","guid":{"rendered":""},"modified":"2026-04-16T15:10:01","modified_gmt":"2026-04-16T13:10:01","slug":"42484DRI-fr_BE","status":"publish","type":"product","link":"https:\/\/www.moensmeubelen.be\/fr\/produit\/42484DRI-fr_BE\/","title":{"rendered":"Avalon, buffet bas 150 cm &#8211; 2-portes + 1-tiroir + 1-niche (+ LED) &#8211; Driftwood"},"content":{"rendered":"<p>Ce lowboard robuste a une allure vintage avec des d\u00e9tails robustes. Le lowboard provient de la collection Avalon. \u00c0 premi\u00e8re vue, il semble \u00eatre fabriqu\u00e9 en bois massif, mais il est en r\u00e9alit\u00e9 fait de Primo Laminato : un mat\u00e9riau solide, indiscernable du vrai bois. Le lowboard mesure 150 cm de large, poss\u00e8de 2 portes, 1 tiroir et 1 compartiment suppl\u00e9mentaire avec \u00e9clairage LED, et est fini dans la couleur driftwood.<\/p>\n","protected":false},"excerpt":{"rendered":"<p>Avalon, buffet bas 150 cm &#8211; 2-portes + 1-tiroir + 1-niche (+ LED) &#8211; Driftwood<\/p>\n","protected":false},"featured_media":945388,"comment_status":"open","ping_status":"open","template":"","meta":{"_relevanssi_hide_post":"","_relevanssi_hide_content":"","_relevanssi_pin_for_all":"","_relevanssi_pin_keywords":"","_relevanssi_unpin_keywords":"","_relevanssi_related_keywords":"","_relevanssi_related_include_ids":"","_relevanssi_related_exclude_ids":"","_relevanssi_related_no_append":"","_relevanssi_related_not_related":"","_relevanssi_related_posts":"","_relevanssi_noindex_reason":""},"product_brand":[],"product_cat":[1321],"product_tag":[],"class_list":["post-718039","product","type-product","status-publish","has-post-thumbnail","product_cat-tv_meubels_fr_BE","first","onbackorder","taxable","shipping-taxable","purchasable","product-type-simple"],"_links":{"self":[{"href":"https:\/\/www.moensmeubelen.be\/fr\/wp-json\/wp\/v2\/product\/718039","targetHints":{"allow":["GET"]}}],"collection":[{"href":"https:\/\/www.moensmeubelen.be\/fr\/wp-json\/wp\/v2\/product"}],"about":[{"href":"https:\/\/www.moensmeubelen.be\/fr\/wp-json\/wp\/v2\/types\/product"}],"replies":[{"embeddable":true,"href":"https:\/\/www.moensmeubelen.be\/fr\/wp-json\/wp\/v2\/comments?post=718039"}],"wp:featuredmedia":[{"embeddable":true,"href":"https:\/\/www.moensmeubelen.be\/fr\/wp-json\/wp\/v2\/media\/945388"}],"wp:attachment":[{"href":"https:\/\/www.moensmeubelen.be\/fr\/wp-json\/wp\/v2\/media?parent=718039"}],"wp:term":[{"taxonomy":"product_brand","embeddable":true,"href":"https:\/\/www.moensmeubelen.be\/fr\/wp-json\/wp\/v2\/product_brand?post=718039"},{"taxonomy":"product_cat","embeddable":true,"href":"https:\/\/www.moensmeubelen.be\/fr\/wp-json\/wp\/v2\/product_cat?post=718039"},{"taxonomy":"product_tag","embeddable":true,"href":"https:\/\/www.moensmeubelen.be\/fr\/wp-json\/wp\/v2\/product_tag?post=718039"}],"curies":[{"name":"wp","href":"https:\/\/api.w.org\/{rel}","templated":true}]}}

<p>Ce lowboard robuste a une allure vintage avec des détails robustes. Le lowboard provient de la collection Avalon. À première vue, il semble être fabriqué en bois massif, mais il est en réalité fait de Primo Laminato : un matériau solide, indiscernable du vrai bois. Le lowboard mesure 150 cm de large, possède 2 portes, 1 tiroir et 1 compartiment supplémentaire avec éclairage LED, et est fini dans la couleur driftwood.</p>
