{"id":718359,"date":"2026-06-28T00:00:00","date_gmt":"2026-06-28T00:00:00","guid":{"rendered":""},"modified":"2026-06-28T20:25:08","modified_gmt":"2026-06-28T18:25:08","slug":"43102001-fr_BE","status":"publish","type":"product","link":"https:\/\/www.moensmeubelen.be\/fr\/produit\/43102001-fr_BE\/","title":{"rendered":"Denver, 2.5-places"},"content":{"rendered":"<p>Un canap\u00e9 confortable, magnifique et au design splendide: DENVER ! Il existe de nombreuses variations de ce canap\u00e9: choisissez le mod\u00e8le, le tissu et les pieds de DENVER. Cr\u00e9ez votre propre DENVER et profitez d\\&#8217;un confort maximal ! Ce canap\u00e9 2,5 places constitue la base parfaite pour votre int\u00e9rieur et dispose d\\&#8217;une fonction lounge int\u00e9gr\u00e9e. Une fonction relax \u00e9lectrique est \u00e9galement possible!<\/p>\n","protected":false},"excerpt":{"rendered":"<p>Denver, 2.5-places<\/p>\n","protected":false},"featured_media":1000712,"comment_status":"open","ping_status":"open","template":"","meta":{"_relevanssi_hide_post":"","_relevanssi_hide_content":"","_relevanssi_pin_for_all":"","_relevanssi_pin_keywords":"","_relevanssi_unpin_keywords":"","_relevanssi_related_keywords":"","_relevanssi_related_include_ids":"","_relevanssi_related_exclude_ids":"","_relevanssi_related_no_append":"","_relevanssi_related_not_related":"","_relevanssi_related_posts":"","_relevanssi_noindex_reason":""},"product_brand":[],"product_cat":[5647],"product_tag":[],"class_list":["post-718359","product","type-product","status-publish","has-post-thumbnail","product_cat-zetels_l2_fr_BE","first","onbackorder","taxable","shipping-taxable","purchasable","product-type-simple"],"_links":{"self":[{"href":"https:\/\/www.moensmeubelen.be\/fr\/wp-json\/wp\/v2\/product\/718359","targetHints":{"allow":["GET"]}}],"collection":[{"href":"https:\/\/www.moensmeubelen.be\/fr\/wp-json\/wp\/v2\/product"}],"about":[{"href":"https:\/\/www.moensmeubelen.be\/fr\/wp-json\/wp\/v2\/types\/product"}],"replies":[{"embeddable":true,"href":"https:\/\/www.moensmeubelen.be\/fr\/wp-json\/wp\/v2\/comments?post=718359"}],"wp:featuredmedia":[{"embeddable":true,"href":"https:\/\/www.moensmeubelen.be\/fr\/wp-json\/wp\/v2\/media\/1000712"}],"wp:attachment":[{"href":"https:\/\/www.moensmeubelen.be\/fr\/wp-json\/wp\/v2\/media?parent=718359"}],"wp:term":[{"taxonomy":"product_brand","embeddable":true,"href":"https:\/\/www.moensmeubelen.be\/fr\/wp-json\/wp\/v2\/product_brand?post=718359"},{"taxonomy":"product_cat","embeddable":true,"href":"https:\/\/www.moensmeubelen.be\/fr\/wp-json\/wp\/v2\/product_cat?post=718359"},{"taxonomy":"product_tag","embeddable":true,"href":"https:\/\/www.moensmeubelen.be\/fr\/wp-json\/wp\/v2\/product_tag?post=718359"}],"curies":[{"name":"wp","href":"https:\/\/api.w.org\/{rel}","templated":true}]}}

<p>Un canapé confortable, magnifique et au design splendide: DENVER ! Il existe de nombreuses variations de ce canapé: choisissez le modèle, le tissu et les pieds de DENVER. Créez votre propre DENVER et profitez d\&#8217;un confort maximal ! Ce canapé 2,5 places constitue la base parfaite pour votre intérieur et dispose d\&#8217;une fonction lounge intégrée. Une fonction relax électrique est également possible!</p>
