{"id":718493,"date":"2026-06-28T00:00:00","date_gmt":"2026-06-28T00:00:00","guid":{"rendered":""},"modified":"2026-08-11T11:29:32","modified_gmt":"2026-08-11T09:29:32","slug":"44193ANT-fr_BE","status":"publish","type":"product","link":"https:\/\/www.moensmeubelen.be\/fr\/produit\/44193ANT-fr_BE\/","title":{"rendered":"Skylar lampe de table 1*E27 &#8211; Noir \/ anthracite"},"content":{"rendered":"<p>La lampe de table Skylar est le parfait \u00e9clairage d\\&#8217;ambiance dans n\\&#8217;importe quel int\u00e9rieur, quelque part dans un coin ou sur la table de nuit. La base enti\u00e8rement m\u00e9tallique en aspect bois offre de la place pour une belle et grande source de lumi\u00e8re. Le variateur rotatif permet d\\&#8217;ajuster la lumi\u00e8re \u00e0 l\\&#8217;atmosph\u00e8re souhait\u00e9e. La lampe est \u00e9galement disponible comme applique, lampadaire ou lampe suspendue. (Source lumineuse : LED E27 25W) (Note: source lumineuse non comprise)<\/p>\n","protected":false},"excerpt":{"rendered":"<p>Skylar lampe de table 1*E27 &#8211; Noir \/ anthracite<\/p>\n","protected":false},"featured_media":1000802,"comment_status":"open","ping_status":"open","template":"","meta":{"_relevanssi_hide_post":"","_relevanssi_hide_content":"","_relevanssi_pin_for_all":"","_relevanssi_pin_keywords":"","_relevanssi_unpin_keywords":"","_relevanssi_related_keywords":"","_relevanssi_related_include_ids":"","_relevanssi_related_exclude_ids":"","_relevanssi_related_no_append":"","_relevanssi_related_not_related":"","_relevanssi_related_posts":"","_relevanssi_noindex_reason":""},"product_brand":[],"product_cat":[24111],"product_tag":[],"class_list":["post-718493","product","type-product","status-publish","has-post-thumbnail","product_cat-Tafellamp_fr_BE","first","onbackorder","taxable","shipping-taxable","purchasable","product-type-simple"],"_links":{"self":[{"href":"https:\/\/www.moensmeubelen.be\/fr\/wp-json\/wp\/v2\/product\/718493","targetHints":{"allow":["GET"]}}],"collection":[{"href":"https:\/\/www.moensmeubelen.be\/fr\/wp-json\/wp\/v2\/product"}],"about":[{"href":"https:\/\/www.moensmeubelen.be\/fr\/wp-json\/wp\/v2\/types\/product"}],"replies":[{"embeddable":true,"href":"https:\/\/www.moensmeubelen.be\/fr\/wp-json\/wp\/v2\/comments?post=718493"}],"wp:featuredmedia":[{"embeddable":true,"href":"https:\/\/www.moensmeubelen.be\/fr\/wp-json\/wp\/v2\/media\/1000802"}],"wp:attachment":[{"href":"https:\/\/www.moensmeubelen.be\/fr\/wp-json\/wp\/v2\/media?parent=718493"}],"wp:term":[{"taxonomy":"product_brand","embeddable":true,"href":"https:\/\/www.moensmeubelen.be\/fr\/wp-json\/wp\/v2\/product_brand?post=718493"},{"taxonomy":"product_cat","embeddable":true,"href":"https:\/\/www.moensmeubelen.be\/fr\/wp-json\/wp\/v2\/product_cat?post=718493"},{"taxonomy":"product_tag","embeddable":true,"href":"https:\/\/www.moensmeubelen.be\/fr\/wp-json\/wp\/v2\/product_tag?post=718493"}],"curies":[{"name":"wp","href":"https:\/\/api.w.org\/{rel}","templated":true}]}}

<p>La lampe de table Skylar est le parfait éclairage d\&#8217;ambiance dans n\&#8217;importe quel intérieur, quelque part dans un coin ou sur la table de nuit. La base entièrement métallique en aspect bois offre de la place pour une belle et grande source de lumière. Le variateur rotatif permet d\&#8217;ajuster la lumière à l\&#8217;atmosphère souhaitée. La lampe est également disponible comme applique, lampadaire ou lampe suspendue. (Source lumineuse : LED E27 25W) (Note: source lumineuse non comprise)</p>
