{"id":718687,"date":"2026-08-29T00:00:00","date_gmt":"2026-08-29T00:00:00","guid":{"rendered":""},"modified":"2026-08-29T15:39:20","modified_gmt":"2026-08-29T13:39:20","slug":"44754001-fr_BE","status":"publish","type":"product","link":"https:\/\/www.moensmeubelen.be\/fr\/produit\/44754001-fr_BE\/","title":{"rendered":"Napels, fauteuil XXL"},"content":{"rendered":"<p>Comme pour le reste de la collection, vous composez vous-m\u00eame cet immense fauteuil agr\u00e9able de la collection Napels. Choisissez parmi les nombreuses possibilit\u00e9s de rev\u00eatement (cuir ou tissu) mais aussi parmi la multitude d\\&#8217;autres options : un r\u00e9glage \u00e9lectrique, une batterie, un pied design, un dossier r\u00e9glable avec fonction clic, etc. Question confort, trois options diff\u00e9rentes s\\&#8217;offrent \u00e0 vous : mousse standard, ressorts ensach\u00e9s et une combinaison de mousse \u00e0 m\u00e9moire de forme et de ressorts ensach\u00e9s.<\/p>\n","protected":false},"excerpt":{"rendered":"<p>Napels, fauteuil XXL<\/p>\n","protected":false},"featured_media":1047623,"comment_status":"open","ping_status":"open","template":"","meta":{"_relevanssi_hide_post":"","_relevanssi_hide_content":"","_relevanssi_pin_for_all":"","_relevanssi_pin_keywords":"","_relevanssi_unpin_keywords":"","_relevanssi_related_keywords":"","_relevanssi_related_include_ids":"","_relevanssi_related_exclude_ids":"","_relevanssi_related_no_append":"","_relevanssi_related_not_related":"","_relevanssi_related_posts":"","_relevanssi_noindex_reason":""},"product_brand":[],"product_cat":[6663],"product_tag":[],"class_list":["post-718687","product","type-product","status-publish","has-post-thumbnail","product_cat-loveseats_fr_BE","first","onbackorder","taxable","shipping-taxable","purchasable","product-type-simple"],"_links":{"self":[{"href":"https:\/\/www.moensmeubelen.be\/fr\/wp-json\/wp\/v2\/product\/718687","targetHints":{"allow":["GET"]}}],"collection":[{"href":"https:\/\/www.moensmeubelen.be\/fr\/wp-json\/wp\/v2\/product"}],"about":[{"href":"https:\/\/www.moensmeubelen.be\/fr\/wp-json\/wp\/v2\/types\/product"}],"replies":[{"embeddable":true,"href":"https:\/\/www.moensmeubelen.be\/fr\/wp-json\/wp\/v2\/comments?post=718687"}],"wp:featuredmedia":[{"embeddable":true,"href":"https:\/\/www.moensmeubelen.be\/fr\/wp-json\/wp\/v2\/media\/1047623"}],"wp:attachment":[{"href":"https:\/\/www.moensmeubelen.be\/fr\/wp-json\/wp\/v2\/media?parent=718687"}],"wp:term":[{"taxonomy":"product_brand","embeddable":true,"href":"https:\/\/www.moensmeubelen.be\/fr\/wp-json\/wp\/v2\/product_brand?post=718687"},{"taxonomy":"product_cat","embeddable":true,"href":"https:\/\/www.moensmeubelen.be\/fr\/wp-json\/wp\/v2\/product_cat?post=718687"},{"taxonomy":"product_tag","embeddable":true,"href":"https:\/\/www.moensmeubelen.be\/fr\/wp-json\/wp\/v2\/product_tag?post=718687"}],"curies":[{"name":"wp","href":"https:\/\/api.w.org\/{rel}","templated":true}]}}

<p>Comme pour le reste de la collection, vous composez vous-même cet immense fauteuil agréable de la collection Napels. Choisissez parmi les nombreuses possibilités de revêtement (cuir ou tissu) mais aussi parmi la multitude d\&#8217;autres options : un réglage électrique, une batterie, un pied design, un dossier réglable avec fonction clic, etc. Question confort, trois options différentes s\&#8217;offrent à vous : mousse standard, ressorts ensachés et une combinaison de mousse à mémoire de forme et de ressorts ensachés.</p>
