{"id":719609,"date":"2026-06-28T00:00:00","date_gmt":"2026-06-28T00:00:00","guid":{"rendered":""},"modified":"2026-06-28T20:31:53","modified_gmt":"2026-06-28T18:31:53","slug":"45631ANT-fr_BE","status":"publish","type":"product","link":"https:\/\/www.moensmeubelen.be\/fr\/produit\/45631ANT-fr_BE\/","title":{"rendered":"Masura, table de bar ovale &#8211; 200 x 105 cm &#8211; (hauteur 92 cm) &#8211; Anthracite"},"content":{"rendered":"<p>Vous asseoir confortablement en hauteur n\\&#8217;a jamais \u00e9t\u00e9 aussi ais\u00e9 gr\u00e2ce \u00e0 cette table de bar ovale MASURA. Son plateau en HPL est disponible en 4 couleurs\u00a0: look c\u00e9ramique anthracite ou rouille, look marbre blanc ou ch\u00eane naturel. MASURA poss\u00e8de un pi\u00e9tement en m\u00e9tal noir et se combine avec d\\&#8217;autres programmes XOOON. Vous voyez-vous d\u00e9j\u00e0 prendre votre petit-d\u00e9jeuner ou discuter avec des amis sur cette table de bar styl\u00e9e\u00a0? La table de bar MASURA est disponible en diff\u00e9rents formats et en tant que table de salle \u00e0 manger\u00a0!<\/p>\n","protected":false},"excerpt":{"rendered":"<p>Masura, table de bar ovale &#8211; 200 x 105 cm &#8211; (hauteur 92 cm) &#8211; Anthracite<\/p>\n","protected":false},"featured_media":1001010,"comment_status":"open","ping_status":"open","template":"","meta":{"_relevanssi_hide_post":"","_relevanssi_hide_content":"","_relevanssi_pin_for_all":"","_relevanssi_pin_keywords":"","_relevanssi_unpin_keywords":"","_relevanssi_related_keywords":"","_relevanssi_related_include_ids":"","_relevanssi_related_exclude_ids":"","_relevanssi_related_no_append":"","_relevanssi_related_not_related":"","_relevanssi_related_posts":"","_relevanssi_noindex_reason":""},"product_brand":[],"product_cat":[1314],"product_tag":[],"class_list":["post-719609","product","type-product","status-publish","has-post-thumbnail","product_cat-bartafels_fr_BE","first","onbackorder","taxable","shipping-taxable","purchasable","product-type-simple"],"_links":{"self":[{"href":"https:\/\/www.moensmeubelen.be\/fr\/wp-json\/wp\/v2\/product\/719609","targetHints":{"allow":["GET"]}}],"collection":[{"href":"https:\/\/www.moensmeubelen.be\/fr\/wp-json\/wp\/v2\/product"}],"about":[{"href":"https:\/\/www.moensmeubelen.be\/fr\/wp-json\/wp\/v2\/types\/product"}],"replies":[{"embeddable":true,"href":"https:\/\/www.moensmeubelen.be\/fr\/wp-json\/wp\/v2\/comments?post=719609"}],"wp:featuredmedia":[{"embeddable":true,"href":"https:\/\/www.moensmeubelen.be\/fr\/wp-json\/wp\/v2\/media\/1001010"}],"wp:attachment":[{"href":"https:\/\/www.moensmeubelen.be\/fr\/wp-json\/wp\/v2\/media?parent=719609"}],"wp:term":[{"taxonomy":"product_brand","embeddable":true,"href":"https:\/\/www.moensmeubelen.be\/fr\/wp-json\/wp\/v2\/product_brand?post=719609"},{"taxonomy":"product_cat","embeddable":true,"href":"https:\/\/www.moensmeubelen.be\/fr\/wp-json\/wp\/v2\/product_cat?post=719609"},{"taxonomy":"product_tag","embeddable":true,"href":"https:\/\/www.moensmeubelen.be\/fr\/wp-json\/wp\/v2\/product_tag?post=719609"}],"curies":[{"name":"wp","href":"https:\/\/api.w.org\/{rel}","templated":true}]}}

<p>Vous asseoir confortablement en hauteur n\&#8217;a jamais été aussi aisé grâce à cette table de bar ovale MASURA. Son plateau en HPL est disponible en 4 couleurs : look céramique anthracite ou rouille, look marbre blanc ou chêne naturel. MASURA possède un piétement en métal noir et se combine avec d\&#8217;autres programmes XOOON. Vous voyez-vous déjà prendre votre petit-déjeuner ou discuter avec des amis sur cette table de bar stylée ? La table de bar MASURA est disponible en différents formats et en tant que table de salle à manger !</p>
