{"id":719778,"date":"2026-04-20T00:00:00","date_gmt":"2026-04-20T00:00:00","guid":{"rendered":""},"modified":"2026-04-20T09:54:43","modified_gmt":"2026-04-20T07:54:43","slug":"45746NAT-fr_BE","status":"publish","type":"product","link":"https:\/\/www.moensmeubelen.be\/fr\/produit\/45746NAT-fr_BE\/","title":{"rendered":"Avalon, table d\\&#8217;appoint 60 x 50 cm &#8211; natural"},"content":{"rendered":"<p>L\\&#8217;association entre le style naturel du plateau de cette table d\\&#8217;appoint et les pieds noir en m\u00e9tal forme un r\u00e9el contraste. Le plateau ovale en Primo Laminato est fini en couleur naturelle. Cette table d\\&#8217;appoint existe en deux dimensions\u00a0: 60&#215;50 cm et 39 cm de haut ainsi que 35&#215;40 cm et 46 cm de haut. Dans cette collection, cette table d\\&#8217;appoint se d\u00e9cline en diff\u00e9rents mod\u00e8les qui se combinent joliment entre eux.<\/p>\n","protected":false},"excerpt":{"rendered":"<p>Avalon, table d\\&#8217;appoint 60 x 50 cm &#8211; natural<\/p>\n","protected":false},"featured_media":946199,"comment_status":"open","ping_status":"open","template":"","meta":{"_relevanssi_hide_post":"","_relevanssi_hide_content":"","_relevanssi_pin_for_all":"","_relevanssi_pin_keywords":"","_relevanssi_unpin_keywords":"","_relevanssi_related_keywords":"","_relevanssi_related_include_ids":"","_relevanssi_related_exclude_ids":"","_relevanssi_related_no_append":"","_relevanssi_related_not_related":"","_relevanssi_related_posts":"","_relevanssi_noindex_reason":""},"product_brand":[],"product_cat":[5643],"product_tag":[],"class_list":["post-719778","product","type-product","status-publish","has-post-thumbnail","product_cat-bijzettafels_fr_BE","first","onbackorder","taxable","shipping-taxable","purchasable","product-type-simple"],"_links":{"self":[{"href":"https:\/\/www.moensmeubelen.be\/fr\/wp-json\/wp\/v2\/product\/719778","targetHints":{"allow":["GET"]}}],"collection":[{"href":"https:\/\/www.moensmeubelen.be\/fr\/wp-json\/wp\/v2\/product"}],"about":[{"href":"https:\/\/www.moensmeubelen.be\/fr\/wp-json\/wp\/v2\/types\/product"}],"replies":[{"embeddable":true,"href":"https:\/\/www.moensmeubelen.be\/fr\/wp-json\/wp\/v2\/comments?post=719778"}],"wp:featuredmedia":[{"embeddable":true,"href":"https:\/\/www.moensmeubelen.be\/fr\/wp-json\/wp\/v2\/media\/946199"}],"wp:attachment":[{"href":"https:\/\/www.moensmeubelen.be\/fr\/wp-json\/wp\/v2\/media?parent=719778"}],"wp:term":[{"taxonomy":"product_brand","embeddable":true,"href":"https:\/\/www.moensmeubelen.be\/fr\/wp-json\/wp\/v2\/product_brand?post=719778"},{"taxonomy":"product_cat","embeddable":true,"href":"https:\/\/www.moensmeubelen.be\/fr\/wp-json\/wp\/v2\/product_cat?post=719778"},{"taxonomy":"product_tag","embeddable":true,"href":"https:\/\/www.moensmeubelen.be\/fr\/wp-json\/wp\/v2\/product_tag?post=719778"}],"curies":[{"name":"wp","href":"https:\/\/api.w.org\/{rel}","templated":true}]}}

<p>L\&#8217;association entre le style naturel du plateau de cette table d\&#8217;appoint et les pieds noir en métal forme un réel contraste. Le plateau ovale en Primo Laminato est fini en couleur naturelle. Cette table d\&#8217;appoint existe en deux dimensions : 60&#215;50 cm et 39 cm de haut ainsi que 35&#215;40 cm et 46 cm de haut. Dans cette collection, cette table d\&#8217;appoint se décline en différents modèles qui se combinent joliment entre eux.</p>
