{"id":719960,"date":"2026-06-28T00:00:00","date_gmt":"2026-06-28T00:00:00","guid":{"rendered":""},"modified":"2026-06-28T20:32:57","modified_gmt":"2026-06-28T18:32:57","slug":"45785EIK-fr_BE","status":"publish","type":"product","link":"https:\/\/www.moensmeubelen.be\/fr\/produit\/45785EIK-fr_BE\/","title":{"rendered":"Masura, table ellipse &#8211; 180 x 100 cm &#8211; Chene"},"content":{"rendered":"<p>Vous r\u00eavez d\\&#8217;une table design de forme elliptique assez grande pour toute la famille\u00a0? Laissez-vous surprendre par cette table de salle \u00e0 manger MASURA \u00e9quip\u00e9e d\\&#8217;un pi\u00e9tement en m\u00e9tal noir. Le plateau existe en pas moins de quatre coloris\u00a0: bois (ch\u00eane naturel), marbre (blanc), c\u00e9ramique (anthracite ou rouille). Personnalisez votre MASURA selon vos go\u00fbts\u00a0 ! Allez-vous opter pour cette table de 180 x 100 cm ou pour la taille sup\u00e9rieure\u00a0?<\/p>\n","protected":false},"excerpt":{"rendered":"<p>Masura, table ellipse &#8211; 180 x 100 cm &#8211; Chene<\/p>\n","protected":false},"featured_media":1001058,"comment_status":"open","ping_status":"open","template":"","meta":{"_relevanssi_hide_post":"","_relevanssi_hide_content":"","_relevanssi_pin_for_all":"","_relevanssi_pin_keywords":"","_relevanssi_unpin_keywords":"","_relevanssi_related_keywords":"","_relevanssi_related_include_ids":"","_relevanssi_related_exclude_ids":"","_relevanssi_related_no_append":"","_relevanssi_related_not_related":"","_relevanssi_related_posts":"","_relevanssi_noindex_reason":""},"product_brand":[],"product_cat":[1315],"product_tag":[],"class_list":["post-719960","product","type-product","status-publish","has-post-thumbnail","product_cat-eettafels_fr_BE","first","onbackorder","taxable","shipping-taxable","purchasable","product-type-simple"],"_links":{"self":[{"href":"https:\/\/www.moensmeubelen.be\/fr\/wp-json\/wp\/v2\/product\/719960","targetHints":{"allow":["GET"]}}],"collection":[{"href":"https:\/\/www.moensmeubelen.be\/fr\/wp-json\/wp\/v2\/product"}],"about":[{"href":"https:\/\/www.moensmeubelen.be\/fr\/wp-json\/wp\/v2\/types\/product"}],"replies":[{"embeddable":true,"href":"https:\/\/www.moensmeubelen.be\/fr\/wp-json\/wp\/v2\/comments?post=719960"}],"wp:featuredmedia":[{"embeddable":true,"href":"https:\/\/www.moensmeubelen.be\/fr\/wp-json\/wp\/v2\/media\/1001058"}],"wp:attachment":[{"href":"https:\/\/www.moensmeubelen.be\/fr\/wp-json\/wp\/v2\/media?parent=719960"}],"wp:term":[{"taxonomy":"product_brand","embeddable":true,"href":"https:\/\/www.moensmeubelen.be\/fr\/wp-json\/wp\/v2\/product_brand?post=719960"},{"taxonomy":"product_cat","embeddable":true,"href":"https:\/\/www.moensmeubelen.be\/fr\/wp-json\/wp\/v2\/product_cat?post=719960"},{"taxonomy":"product_tag","embeddable":true,"href":"https:\/\/www.moensmeubelen.be\/fr\/wp-json\/wp\/v2\/product_tag?post=719960"}],"curies":[{"name":"wp","href":"https:\/\/api.w.org\/{rel}","templated":true}]}}

<p>Vous rêvez d\&#8217;une table design de forme elliptique assez grande pour toute la famille ? Laissez-vous surprendre par cette table de salle à manger MASURA équipée d\&#8217;un piétement en métal noir. Le plateau existe en pas moins de quatre coloris : bois (chêne naturel), marbre (blanc), céramique (anthracite ou rouille). Personnalisez votre MASURA selon vos goûts  ! Allez-vous opter pour cette table de 180 x 100 cm ou pour la taille supérieure ?</p>
