{"id":719970,"date":"2026-06-28T00:00:00","date_gmt":"2026-06-28T00:00:00","guid":{"rendered":""},"modified":"2026-06-28T20:33:05","modified_gmt":"2026-06-28T18:33:05","slug":"45785ROE-fr_BE","status":"publish","type":"product","link":"https:\/\/www.moensmeubelen.be\/fr\/produit\/45785ROE-fr_BE\/","title":{"rendered":"Masura, table ellipse &#8211; 180 x 100 cm &#8211; Rouille"},"content":{"rendered":"<p>Si vous pensez que la table de salle \u00e0 manger doit \u00eatre un \u00e9l\u00e9ment marquant de votre int\u00e9rieur, alors la table elliptique MASURA de 180 x 100\u00a0cm est faite pour vous. Son plateau en HPL existe en 4 diff\u00e9rents looks\u00a0: aspect marbre blanc, c\u00e9ramique anthracite ou rouille et ch\u00eane naturel. Le pi\u00e9tement en fabriqu\u00e9 en m\u00e9tal noir et convient \u00e0 tous les int\u00e9rieurs modernes. MASURA existe aussi dans un format plus grand.<\/p>\n","protected":false},"excerpt":{"rendered":"<p>Masura, table ellipse &#8211; 180 x 100 cm &#8211; Rouille<\/p>\n","protected":false},"featured_media":1001064,"comment_status":"open","ping_status":"open","template":"","meta":{"_relevanssi_hide_post":"","_relevanssi_hide_content":"","_relevanssi_pin_for_all":"","_relevanssi_pin_keywords":"","_relevanssi_unpin_keywords":"","_relevanssi_related_keywords":"","_relevanssi_related_include_ids":"","_relevanssi_related_exclude_ids":"","_relevanssi_related_no_append":"","_relevanssi_related_not_related":"","_relevanssi_related_posts":"","_relevanssi_noindex_reason":""},"product_brand":[],"product_cat":[1315],"product_tag":[],"class_list":["post-719970","product","type-product","status-publish","has-post-thumbnail","product_cat-eettafels_fr_BE","first","onbackorder","taxable","shipping-taxable","purchasable","product-type-simple"],"_links":{"self":[{"href":"https:\/\/www.moensmeubelen.be\/fr\/wp-json\/wp\/v2\/product\/719970","targetHints":{"allow":["GET"]}}],"collection":[{"href":"https:\/\/www.moensmeubelen.be\/fr\/wp-json\/wp\/v2\/product"}],"about":[{"href":"https:\/\/www.moensmeubelen.be\/fr\/wp-json\/wp\/v2\/types\/product"}],"replies":[{"embeddable":true,"href":"https:\/\/www.moensmeubelen.be\/fr\/wp-json\/wp\/v2\/comments?post=719970"}],"wp:featuredmedia":[{"embeddable":true,"href":"https:\/\/www.moensmeubelen.be\/fr\/wp-json\/wp\/v2\/media\/1001064"}],"wp:attachment":[{"href":"https:\/\/www.moensmeubelen.be\/fr\/wp-json\/wp\/v2\/media?parent=719970"}],"wp:term":[{"taxonomy":"product_brand","embeddable":true,"href":"https:\/\/www.moensmeubelen.be\/fr\/wp-json\/wp\/v2\/product_brand?post=719970"},{"taxonomy":"product_cat","embeddable":true,"href":"https:\/\/www.moensmeubelen.be\/fr\/wp-json\/wp\/v2\/product_cat?post=719970"},{"taxonomy":"product_tag","embeddable":true,"href":"https:\/\/www.moensmeubelen.be\/fr\/wp-json\/wp\/v2\/product_tag?post=719970"}],"curies":[{"name":"wp","href":"https:\/\/api.w.org\/{rel}","templated":true}]}}

<p>Si vous pensez que la table de salle à manger doit être un élément marquant de votre intérieur, alors la table elliptique MASURA de 180 x 100 cm est faite pour vous. Son plateau en HPL existe en 4 différents looks : aspect marbre blanc, céramique anthracite ou rouille et chêne naturel. Le piétement en fabriqué en métal noir et convient à tous les intérieurs modernes. MASURA existe aussi dans un format plus grand.</p>
