{"id":720141,"date":"2026-06-28T00:00:00","date_gmt":"2026-06-28T00:00:00","guid":{"rendered":""},"modified":"2026-06-28T20:34:07","modified_gmt":"2026-06-28T18:34:07","slug":"45788ANT-fr_BE","status":"publish","type":"product","link":"https:\/\/www.moensmeubelen.be\/fr\/produit\/45788ANT-fr_BE\/","title":{"rendered":"Masura, table de bar ellipse &#8211; 220 x 105 cm (hauteur 92 cm) &#8211; Anthracite"},"content":{"rendered":"<p>Une table de bar au format id\u00e9al pour s\\&#8217;installer avec toute la famille\u00a0? C\\&#8217;est sans aucun doute MASURA, cette table de bar anthracite de forme elliptique\u00a0 ! Avec une dimension de 220 x 105 cm et une hauteur de 92 cm, cette table ne passe pas inaper\u00e7ue. Et le design unique du pi\u00e9tement en m\u00e9tal noir non plus\u00a0 ! Opterez-vous pour ce plateau anthracite ou pour une des 3 autres couleurs\u00a0?<\/p>\n","protected":false},"excerpt":{"rendered":"<p>Masura, table de bar ellipse &#8211; 220 x 105 cm (hauteur 92 cm) &#8211; Anthracite<\/p>\n","protected":false},"featured_media":1001112,"comment_status":"open","ping_status":"open","template":"","meta":{"_relevanssi_hide_post":"","_relevanssi_hide_content":"","_relevanssi_pin_for_all":"","_relevanssi_pin_keywords":"","_relevanssi_unpin_keywords":"","_relevanssi_related_keywords":"","_relevanssi_related_include_ids":"","_relevanssi_related_exclude_ids":"","_relevanssi_related_no_append":"","_relevanssi_related_not_related":"","_relevanssi_related_posts":"","_relevanssi_noindex_reason":""},"product_brand":[],"product_cat":[1314],"product_tag":[],"class_list":["post-720141","product","type-product","status-publish","has-post-thumbnail","product_cat-bartafels_fr_BE","first","onbackorder","taxable","shipping-taxable","purchasable","product-type-simple"],"_links":{"self":[{"href":"https:\/\/www.moensmeubelen.be\/fr\/wp-json\/wp\/v2\/product\/720141","targetHints":{"allow":["GET"]}}],"collection":[{"href":"https:\/\/www.moensmeubelen.be\/fr\/wp-json\/wp\/v2\/product"}],"about":[{"href":"https:\/\/www.moensmeubelen.be\/fr\/wp-json\/wp\/v2\/types\/product"}],"replies":[{"embeddable":true,"href":"https:\/\/www.moensmeubelen.be\/fr\/wp-json\/wp\/v2\/comments?post=720141"}],"wp:featuredmedia":[{"embeddable":true,"href":"https:\/\/www.moensmeubelen.be\/fr\/wp-json\/wp\/v2\/media\/1001112"}],"wp:attachment":[{"href":"https:\/\/www.moensmeubelen.be\/fr\/wp-json\/wp\/v2\/media?parent=720141"}],"wp:term":[{"taxonomy":"product_brand","embeddable":true,"href":"https:\/\/www.moensmeubelen.be\/fr\/wp-json\/wp\/v2\/product_brand?post=720141"},{"taxonomy":"product_cat","embeddable":true,"href":"https:\/\/www.moensmeubelen.be\/fr\/wp-json\/wp\/v2\/product_cat?post=720141"},{"taxonomy":"product_tag","embeddable":true,"href":"https:\/\/www.moensmeubelen.be\/fr\/wp-json\/wp\/v2\/product_tag?post=720141"}],"curies":[{"name":"wp","href":"https:\/\/api.w.org\/{rel}","templated":true}]}}

<p>Une table de bar au format idéal pour s\&#8217;installer avec toute la famille ? C\&#8217;est sans aucun doute MASURA, cette table de bar anthracite de forme elliptique  ! Avec une dimension de 220 x 105 cm et une hauteur de 92 cm, cette table ne passe pas inaperçue. Et le design unique du piétement en métal noir non plus  ! Opterez-vous pour ce plateau anthracite ou pour une des 3 autres couleurs ?</p>
