{"id":721616,"date":"2026-06-28T00:00:00","date_gmt":"2026-06-28T00:00:00","guid":{"rendered":""},"modified":"2026-06-28T20:38:26","modified_gmt":"2026-06-28T18:38:26","slug":"46411NAT-fr_BE","status":"publish","type":"product","link":"https:\/\/www.moensmeubelen.be\/fr\/produit\/46411NAT-fr_BE\/","title":{"rendered":"Aramon, bibliotheque 100 cm. &#8211; 5-niches"},"content":{"rendered":"<p>Vous \u00eates \u00e0 la recherche d\\&#8217;une biblioth\u00e8que \u00e9l\u00e9gante pour y ranger votre collection de livres\u00a0? Laissez-vous surprendre par cette biblioth\u00e8que ARAMON de la collection XOOON\u00a0 ! Ce meuble particulier aux formes arrondies et \u00e0 l\\&#8217;apparence r\u00e9tro est fabriqu\u00e9 dans des mat\u00e9riaux contemporains. ARAMON mesure 190 cm de haut, 100 cm de large et poss\u00e8de 5 niches pour exposer vos livres pr\u00e9f\u00e9r\u00e9s. Cette biblioth\u00e8que sera du plus bel effet dans un int\u00e9rieur moderne. Laissez-vous inspirer par les autres meubles de la s\u00e9rie ARAMON\u00a0!<\/p>\n","protected":false},"excerpt":{"rendered":"<p>Aramon, bibliotheque 100 cm. &#8211; 5-niches<\/p>\n","protected":false},"featured_media":1001306,"comment_status":"open","ping_status":"open","template":"","meta":{"_relevanssi_hide_post":"","_relevanssi_hide_content":"","_relevanssi_pin_for_all":"","_relevanssi_pin_keywords":"","_relevanssi_unpin_keywords":"","_relevanssi_related_keywords":"","_relevanssi_related_include_ids":"","_relevanssi_related_exclude_ids":"","_relevanssi_related_no_append":"","_relevanssi_related_not_related":"","_relevanssi_related_posts":"","_relevanssi_noindex_reason":""},"product_brand":[],"product_cat":[5637],"product_tag":[],"class_list":["post-721616","product","type-product","status-publish","has-post-thumbnail","product_cat-bergkasten_fr_BE","first","onbackorder","taxable","shipping-taxable","purchasable","product-type-simple"],"_links":{"self":[{"href":"https:\/\/www.moensmeubelen.be\/fr\/wp-json\/wp\/v2\/product\/721616","targetHints":{"allow":["GET"]}}],"collection":[{"href":"https:\/\/www.moensmeubelen.be\/fr\/wp-json\/wp\/v2\/product"}],"about":[{"href":"https:\/\/www.moensmeubelen.be\/fr\/wp-json\/wp\/v2\/types\/product"}],"replies":[{"embeddable":true,"href":"https:\/\/www.moensmeubelen.be\/fr\/wp-json\/wp\/v2\/comments?post=721616"}],"wp:featuredmedia":[{"embeddable":true,"href":"https:\/\/www.moensmeubelen.be\/fr\/wp-json\/wp\/v2\/media\/1001306"}],"wp:attachment":[{"href":"https:\/\/www.moensmeubelen.be\/fr\/wp-json\/wp\/v2\/media?parent=721616"}],"wp:term":[{"taxonomy":"product_brand","embeddable":true,"href":"https:\/\/www.moensmeubelen.be\/fr\/wp-json\/wp\/v2\/product_brand?post=721616"},{"taxonomy":"product_cat","embeddable":true,"href":"https:\/\/www.moensmeubelen.be\/fr\/wp-json\/wp\/v2\/product_cat?post=721616"},{"taxonomy":"product_tag","embeddable":true,"href":"https:\/\/www.moensmeubelen.be\/fr\/wp-json\/wp\/v2\/product_tag?post=721616"}],"curies":[{"name":"wp","href":"https:\/\/api.w.org\/{rel}","templated":true}]}}

<p>Vous êtes à la recherche d\&#8217;une bibliothèque élégante pour y ranger votre collection de livres ? Laissez-vous surprendre par cette bibliothèque ARAMON de la collection XOOON  ! Ce meuble particulier aux formes arrondies et à l\&#8217;apparence rétro est fabriqué dans des matériaux contemporains. ARAMON mesure 190 cm de haut, 100 cm de large et possède 5 niches pour exposer vos livres préférés. Cette bibliothèque sera du plus bel effet dans un intérieur moderne. Laissez-vous inspirer par les autres meubles de la série ARAMON !</p>
