{"id":722790,"date":"2026-06-23T00:00:00","date_gmt":"2026-06-23T00:00:00","guid":{"rendered":""},"modified":"2026-06-23T18:02:18","modified_gmt":"2026-06-23T16:02:18","slug":"46512CBL-fr_BE","status":"publish","type":"product","link":"https:\/\/www.moensmeubelen.be\/fr\/produit\/46512CBL-fr_BE\/","title":{"rendered":"Pavie, buffet bas 200 cm &#8211; 3-portes + 2-niches (+ LED) &#8211; castle black"},"content":{"rendered":"<p>Ce lowboard de la collection Pavie est parfaitement adapt\u00e9 comme meuble TV et a une apparence r\u00e9tro gr\u00e2ce \u00e0 la structure \u00e0 lattes des portes. Vous pouvez choisir d\\&#8217;ajouter des pieds en m\u00e9tal sous les meubles ou de les placer directement sur les plinthes. Cette collection offre deux couleurs au choix : cette version est r\u00e9alis\u00e9e en noir industriel castle. Le meuble mesure 200 cm de large et se compose d\\&#8217;une porte \u00e0 gauche, d\\&#8217;une double porte \u00e0 droite et de deux grands compartiments ouverts au centre avec \u00e9clairage LED. Un meuble TV id\u00e9al qui s\\&#8217;adapte \u00e0 de nombreux salons !<\/p>\n","protected":false},"excerpt":{"rendered":"<p>Pavie, buffet bas 200 cm &#8211; 3-portes + 2-niches (+ LED) &#8211; castle black<\/p>\n","protected":false},"featured_media":979453,"comment_status":"open","ping_status":"open","template":"","meta":{"_relevanssi_hide_post":"","_relevanssi_hide_content":"","_relevanssi_pin_for_all":"","_relevanssi_pin_keywords":"","_relevanssi_unpin_keywords":"","_relevanssi_related_keywords":"","_relevanssi_related_include_ids":"","_relevanssi_related_exclude_ids":"","_relevanssi_related_no_append":"","_relevanssi_related_not_related":"","_relevanssi_related_posts":"","_relevanssi_noindex_reason":""},"product_brand":[],"product_cat":[1321],"product_tag":[],"class_list":["post-722790","product","type-product","status-publish","has-post-thumbnail","product_cat-tv_meubels_fr_BE","first","onbackorder","taxable","shipping-taxable","purchasable","product-type-simple"],"_links":{"self":[{"href":"https:\/\/www.moensmeubelen.be\/fr\/wp-json\/wp\/v2\/product\/722790","targetHints":{"allow":["GET"]}}],"collection":[{"href":"https:\/\/www.moensmeubelen.be\/fr\/wp-json\/wp\/v2\/product"}],"about":[{"href":"https:\/\/www.moensmeubelen.be\/fr\/wp-json\/wp\/v2\/types\/product"}],"replies":[{"embeddable":true,"href":"https:\/\/www.moensmeubelen.be\/fr\/wp-json\/wp\/v2\/comments?post=722790"}],"wp:featuredmedia":[{"embeddable":true,"href":"https:\/\/www.moensmeubelen.be\/fr\/wp-json\/wp\/v2\/media\/979453"}],"wp:attachment":[{"href":"https:\/\/www.moensmeubelen.be\/fr\/wp-json\/wp\/v2\/media?parent=722790"}],"wp:term":[{"taxonomy":"product_brand","embeddable":true,"href":"https:\/\/www.moensmeubelen.be\/fr\/wp-json\/wp\/v2\/product_brand?post=722790"},{"taxonomy":"product_cat","embeddable":true,"href":"https:\/\/www.moensmeubelen.be\/fr\/wp-json\/wp\/v2\/product_cat?post=722790"},{"taxonomy":"product_tag","embeddable":true,"href":"https:\/\/www.moensmeubelen.be\/fr\/wp-json\/wp\/v2\/product_tag?post=722790"}],"curies":[{"name":"wp","href":"https:\/\/api.w.org\/{rel}","templated":true}]}}

<p>Ce lowboard de la collection Pavie est parfaitement adapté comme meuble TV et a une apparence rétro grâce à la structure à lattes des portes. Vous pouvez choisir d\&#8217;ajouter des pieds en métal sous les meubles ou de les placer directement sur les plinthes. Cette collection offre deux couleurs au choix : cette version est réalisée en noir industriel castle. Le meuble mesure 200 cm de large et se compose d\&#8217;une porte à gauche, d\&#8217;une double porte à droite et de deux grands compartiments ouverts au centre avec éclairage LED. Un meuble TV idéal qui s\&#8217;adapte à de nombreux salons !</p>
