{"id":723078,"date":"2026-06-23T00:00:00","date_gmt":"2026-06-23T00:00:00","guid":{"rendered":""},"modified":"2026-06-23T18:09:32","modified_gmt":"2026-06-23T16:09:32","slug":"46542BAS-fr_BE","status":"publish","type":"product","link":"https:\/\/www.moensmeubelen.be\/fr\/produit\/46542BAS-fr_BE\/","title":{"rendered":"Dorval, table basse 53 x 54 cm + texture"},"content":{"rendered":"<p>Cette table basse de la collection Dorval est fabriqu\u00e9e enti\u00e8rement en m\u00e9tal et peut se placer ind\u00e9pendamment, mais elle peut aussi faire partie d\\&#8217;un set de tables de salon. Cette table mesure 53&#215;54\u00a0cm et arbore une forme organique. Cette petite table mesure 46\u00a0cm de haut et poss\u00e8de un plateau argent\u00e9 en relief et des pieds en m\u00e9tal noir. Cette table existe \u00e9galement dans une version avec plateau et des pieds dor\u00e9s. Laquelle pr\u00e9f\u00e9rez-vous\u00a0?<\/p>\n","protected":false},"excerpt":{"rendered":"<p>Dorval, table basse 53 x 54 cm + texture<\/p>\n","protected":false},"featured_media":979733,"comment_status":"open","ping_status":"open","template":"","meta":{"_relevanssi_hide_post":"","_relevanssi_hide_content":"","_relevanssi_pin_for_all":"","_relevanssi_pin_keywords":"","_relevanssi_unpin_keywords":"","_relevanssi_related_keywords":"","_relevanssi_related_include_ids":"","_relevanssi_related_exclude_ids":"","_relevanssi_related_no_append":"","_relevanssi_related_not_related":"","_relevanssi_related_posts":"","_relevanssi_noindex_reason":""},"product_brand":[],"product_cat":[5643],"product_tag":[],"class_list":["post-723078","product","type-product","status-publish","has-post-thumbnail","product_cat-bijzettafels_fr_BE","first","onbackorder","taxable","shipping-taxable","purchasable","product-type-simple"],"_links":{"self":[{"href":"https:\/\/www.moensmeubelen.be\/fr\/wp-json\/wp\/v2\/product\/723078","targetHints":{"allow":["GET"]}}],"collection":[{"href":"https:\/\/www.moensmeubelen.be\/fr\/wp-json\/wp\/v2\/product"}],"about":[{"href":"https:\/\/www.moensmeubelen.be\/fr\/wp-json\/wp\/v2\/types\/product"}],"replies":[{"embeddable":true,"href":"https:\/\/www.moensmeubelen.be\/fr\/wp-json\/wp\/v2\/comments?post=723078"}],"wp:featuredmedia":[{"embeddable":true,"href":"https:\/\/www.moensmeubelen.be\/fr\/wp-json\/wp\/v2\/media\/979733"}],"wp:attachment":[{"href":"https:\/\/www.moensmeubelen.be\/fr\/wp-json\/wp\/v2\/media?parent=723078"}],"wp:term":[{"taxonomy":"product_brand","embeddable":true,"href":"https:\/\/www.moensmeubelen.be\/fr\/wp-json\/wp\/v2\/product_brand?post=723078"},{"taxonomy":"product_cat","embeddable":true,"href":"https:\/\/www.moensmeubelen.be\/fr\/wp-json\/wp\/v2\/product_cat?post=723078"},{"taxonomy":"product_tag","embeddable":true,"href":"https:\/\/www.moensmeubelen.be\/fr\/wp-json\/wp\/v2\/product_tag?post=723078"}],"curies":[{"name":"wp","href":"https:\/\/api.w.org\/{rel}","templated":true}]}}

<p>Cette table basse de la collection Dorval est fabriquée entièrement en métal et peut se placer indépendamment, mais elle peut aussi faire partie d\&#8217;un set de tables de salon. Cette table mesure 53&#215;54 cm et arbore une forme organique. Cette petite table mesure 46 cm de haut et possède un plateau argenté en relief et des pieds en métal noir. Cette table existe également dans une version avec plateau et des pieds dorés. Laquelle préférez-vous ?</p>
