{"id":723352,"date":"2026-06-23T00:00:00","date_gmt":"2026-06-23T00:00:00","guid":{"rendered":""},"modified":"2026-06-23T18:10:39","modified_gmt":"2026-06-23T16:10:39","slug":"46766NAT-fr_BE","status":"publish","type":"product","link":"https:\/\/www.moensmeubelen.be\/fr\/produit\/46766NAT-fr_BE\/","title":{"rendered":"Avalon, buffet haut 120 cm &#8211; 2-portes + 2-tiroirs + 1-porte rabattante (+ LED) &#8211; natural"},"content":{"rendered":"<p>Ce highboard de la collection Avalon m\u00e9rite d\\&#8217;\u00eatre vu : robuste, avec un design contemporain. Il est fabriqu\u00e9 en Primo Laminato et fini en couleur bois naturel &#8211; c\\&#8217;est pourquoi il s\\&#8217;int\u00e8gre bien dans les int\u00e9rieurs modernes. Le meuble a 2 portes, 2 petits tiroirs et 1 abattant. Ce qui ressort de ce highboard, ce sont les 2 bandes LED int\u00e9gr\u00e9es dans les portes. Le highboard mesure 150 cm de haut et 120 cm de large. Les accents en m\u00e9tal noir et l\\&#8217;int\u00e9rieur noir du meuble ajoutent une touche suppl\u00e9mentaire de robustesse.<\/p>\n","protected":false},"excerpt":{"rendered":"<p>Avalon, buffet haut 120 cm &#8211; 2-portes + 2-tiroirs + 1-porte rabattante (+ LED) &#8211; natural<\/p>\n","protected":false},"featured_media":979773,"comment_status":"open","ping_status":"open","template":"","meta":{"_relevanssi_hide_post":"","_relevanssi_hide_content":"","_relevanssi_pin_for_all":"","_relevanssi_pin_keywords":"","_relevanssi_unpin_keywords":"","_relevanssi_related_keywords":"","_relevanssi_related_include_ids":"","_relevanssi_related_exclude_ids":"","_relevanssi_related_no_append":"","_relevanssi_related_not_related":"","_relevanssi_related_posts":"","_relevanssi_noindex_reason":""},"product_brand":[],"product_cat":[5637],"product_tag":[],"class_list":["post-723352","product","type-product","status-publish","has-post-thumbnail","product_cat-bergkasten_fr_BE","first","onbackorder","sale","taxable","shipping-taxable","purchasable","product-type-simple"],"_links":{"self":[{"href":"https:\/\/www.moensmeubelen.be\/fr\/wp-json\/wp\/v2\/product\/723352","targetHints":{"allow":["GET"]}}],"collection":[{"href":"https:\/\/www.moensmeubelen.be\/fr\/wp-json\/wp\/v2\/product"}],"about":[{"href":"https:\/\/www.moensmeubelen.be\/fr\/wp-json\/wp\/v2\/types\/product"}],"replies":[{"embeddable":true,"href":"https:\/\/www.moensmeubelen.be\/fr\/wp-json\/wp\/v2\/comments?post=723352"}],"wp:featuredmedia":[{"embeddable":true,"href":"https:\/\/www.moensmeubelen.be\/fr\/wp-json\/wp\/v2\/media\/979773"}],"wp:attachment":[{"href":"https:\/\/www.moensmeubelen.be\/fr\/wp-json\/wp\/v2\/media?parent=723352"}],"wp:term":[{"taxonomy":"product_brand","embeddable":true,"href":"https:\/\/www.moensmeubelen.be\/fr\/wp-json\/wp\/v2\/product_brand?post=723352"},{"taxonomy":"product_cat","embeddable":true,"href":"https:\/\/www.moensmeubelen.be\/fr\/wp-json\/wp\/v2\/product_cat?post=723352"},{"taxonomy":"product_tag","embeddable":true,"href":"https:\/\/www.moensmeubelen.be\/fr\/wp-json\/wp\/v2\/product_tag?post=723352"}],"curies":[{"name":"wp","href":"https:\/\/api.w.org\/{rel}","templated":true}]}}

<p>Ce highboard de la collection Avalon mérite d\&#8217;être vu : robuste, avec un design contemporain. Il est fabriqué en Primo Laminato et fini en couleur bois naturel &#8211; c\&#8217;est pourquoi il s\&#8217;intègre bien dans les intérieurs modernes. Le meuble a 2 portes, 2 petits tiroirs et 1 abattant. Ce qui ressort de ce highboard, ce sont les 2 bandes LED intégrées dans les portes. Le highboard mesure 150 cm de haut et 120 cm de large. Les accents en métal noir et l\&#8217;intérieur noir du meuble ajoutent une touche supplémentaire de robustesse.</p>
