{"id":723642,"date":"2026-04-20T00:00:00","date_gmt":"2026-04-20T00:00:00","guid":{"rendered":""},"modified":"2026-04-20T10:02:50","modified_gmt":"2026-04-20T08:02:50","slug":"46799LGR-fr_BE","status":"publish","type":"product","link":"https:\/\/www.moensmeubelen.be\/fr\/produit\/46799LGR-fr_BE\/","title":{"rendered":"Palace, table de bar 150 x 120 cm &#8211; 4-pieds (hauteur: 92 cm) &#8211; Gris clair"},"content":{"rendered":"<p>Les tables de la collection Palace existent dans diff\u00e9rents formats, dans 5 coloris et avec deux pi\u00e8tements diff\u00e9rents, pour un total de pas moins de 100 possibilit\u00e9s de combinaisons\u00a0! Cette table de bar poss\u00e8de un pi\u00e8tement avec 4 pieds et un plateau compact de forme ovale de 150&#215;120\u00a0cm. Elle arbore un aspect marbre de couleur gris clair. Son plateau est en Primo Laminato (HPL) facile d\\&#8217;entretien et son pi\u00e8tement est en m\u00e9tal noir. Cette table n\\&#8217;est pas tout \u00e0 fait ce que vous recherchez\u00a0? Elle existe en de nombreux autres formats et coloris.<\/p>\n","protected":false},"excerpt":{"rendered":"<p>Palace, table de bar 150 x 120 cm &#8211; 4-pieds (hauteur: 92 cm) &#8211; Gris clair<\/p>\n","protected":false},"featured_media":948012,"comment_status":"open","ping_status":"open","template":"","meta":{"_relevanssi_hide_post":"","_relevanssi_hide_content":"","_relevanssi_pin_for_all":"","_relevanssi_pin_keywords":"","_relevanssi_unpin_keywords":"","_relevanssi_related_keywords":"","_relevanssi_related_include_ids":"","_relevanssi_related_exclude_ids":"","_relevanssi_related_no_append":"","_relevanssi_related_not_related":"","_relevanssi_related_posts":"","_relevanssi_noindex_reason":""},"product_brand":[],"product_cat":[1314],"product_tag":[],"class_list":["post-723642","product","type-product","status-publish","has-post-thumbnail","product_cat-bartafels_fr_BE","first","onbackorder","taxable","shipping-taxable","purchasable","product-type-simple"],"_links":{"self":[{"href":"https:\/\/www.moensmeubelen.be\/fr\/wp-json\/wp\/v2\/product\/723642","targetHints":{"allow":["GET"]}}],"collection":[{"href":"https:\/\/www.moensmeubelen.be\/fr\/wp-json\/wp\/v2\/product"}],"about":[{"href":"https:\/\/www.moensmeubelen.be\/fr\/wp-json\/wp\/v2\/types\/product"}],"replies":[{"embeddable":true,"href":"https:\/\/www.moensmeubelen.be\/fr\/wp-json\/wp\/v2\/comments?post=723642"}],"wp:featuredmedia":[{"embeddable":true,"href":"https:\/\/www.moensmeubelen.be\/fr\/wp-json\/wp\/v2\/media\/948012"}],"wp:attachment":[{"href":"https:\/\/www.moensmeubelen.be\/fr\/wp-json\/wp\/v2\/media?parent=723642"}],"wp:term":[{"taxonomy":"product_brand","embeddable":true,"href":"https:\/\/www.moensmeubelen.be\/fr\/wp-json\/wp\/v2\/product_brand?post=723642"},{"taxonomy":"product_cat","embeddable":true,"href":"https:\/\/www.moensmeubelen.be\/fr\/wp-json\/wp\/v2\/product_cat?post=723642"},{"taxonomy":"product_tag","embeddable":true,"href":"https:\/\/www.moensmeubelen.be\/fr\/wp-json\/wp\/v2\/product_tag?post=723642"}],"curies":[{"name":"wp","href":"https:\/\/api.w.org\/{rel}","templated":true}]}}

<p>Les tables de la collection Palace existent dans différents formats, dans 5 coloris et avec deux piètements différents, pour un total de pas moins de 100 possibilités de combinaisons ! Cette table de bar possède un piètement avec 4 pieds et un plateau compact de forme ovale de 150&#215;120 cm. Elle arbore un aspect marbre de couleur gris clair. Son plateau est en Primo Laminato (HPL) facile d\&#8217;entretien et son piètement est en métal noir. Cette table n\&#8217;est pas tout à fait ce que vous recherchez ? Elle existe en de nombreux autres formats et coloris.</p>
