{"id":724596,"date":"2026-06-24T00:00:00","date_gmt":"2026-06-24T00:00:00","guid":{"rendered":""},"modified":"2026-06-24T08:58:04","modified_gmt":"2026-06-24T06:58:04","slug":"46971NAT-fr_BE","status":"publish","type":"product","link":"https:\/\/www.moensmeubelen.be\/fr\/produit\/46971NAT-fr_BE\/","title":{"rendered":"Delmonte, armoire 120 cm &#8211; 1-porte en verre + 2-portes + 2-tiroirs (+ LED)"},"content":{"rendered":"<p>Cette armoire de la collection Delmonte arbore un look classique et imposant. Elle trouve parfaitement sa place dans les int\u00e9rieurs authentiques et ressemble \u00e0 une armoire en bois massif en raison de la structure sur les portes. En r\u00e9alit\u00e9, ces armoires sont fabriqu\u00e9es en Primo Laminato (HPL), un mat\u00e9riau de qualit\u00e9 et facile d\\&#8217;entretien. Cette armoire est dot\u00e9e d\\&#8217;une porte vitr\u00e9e qui renferme deux bandes de LED derri\u00e8re les \u00e9tag\u00e8res. De plus, cette armoire poss\u00e8de \u00e9galement une bande de LED dimmable sur le haut pour l\\&#8217;\u00e9clairer joliment. Par ailleurs, cette armoire de 120 cm de large et 170 cm de haut affiche deux portes pratiques et deux tiroirs spacieux. Elle est un peu plus basse et un peu plus large que la vitrine de la m\u00eame collection.<\/p>\n","protected":false},"excerpt":{"rendered":"<p>Delmonte, armoire 120 cm &#8211; 1-porte en verre + 2-portes + 2-tiroirs (+ LED)<\/p>\n","protected":false},"featured_media":979945,"comment_status":"open","ping_status":"open","template":"","meta":{"_relevanssi_hide_post":"","_relevanssi_hide_content":"","_relevanssi_pin_for_all":"","_relevanssi_pin_keywords":"","_relevanssi_unpin_keywords":"","_relevanssi_related_keywords":"","_relevanssi_related_include_ids":"","_relevanssi_related_exclude_ids":"","_relevanssi_related_no_append":"","_relevanssi_related_not_related":"","_relevanssi_related_posts":"","_relevanssi_noindex_reason":""},"product_brand":[],"product_cat":[5637],"product_tag":[],"class_list":["post-724596","product","type-product","status-publish","has-post-thumbnail","product_cat-bergkasten_fr_BE","first","onbackorder","taxable","shipping-taxable","purchasable","product-type-simple"],"_links":{"self":[{"href":"https:\/\/www.moensmeubelen.be\/fr\/wp-json\/wp\/v2\/product\/724596","targetHints":{"allow":["GET"]}}],"collection":[{"href":"https:\/\/www.moensmeubelen.be\/fr\/wp-json\/wp\/v2\/product"}],"about":[{"href":"https:\/\/www.moensmeubelen.be\/fr\/wp-json\/wp\/v2\/types\/product"}],"replies":[{"embeddable":true,"href":"https:\/\/www.moensmeubelen.be\/fr\/wp-json\/wp\/v2\/comments?post=724596"}],"wp:featuredmedia":[{"embeddable":true,"href":"https:\/\/www.moensmeubelen.be\/fr\/wp-json\/wp\/v2\/media\/979945"}],"wp:attachment":[{"href":"https:\/\/www.moensmeubelen.be\/fr\/wp-json\/wp\/v2\/media?parent=724596"}],"wp:term":[{"taxonomy":"product_brand","embeddable":true,"href":"https:\/\/www.moensmeubelen.be\/fr\/wp-json\/wp\/v2\/product_brand?post=724596"},{"taxonomy":"product_cat","embeddable":true,"href":"https:\/\/www.moensmeubelen.be\/fr\/wp-json\/wp\/v2\/product_cat?post=724596"},{"taxonomy":"product_tag","embeddable":true,"href":"https:\/\/www.moensmeubelen.be\/fr\/wp-json\/wp\/v2\/product_tag?post=724596"}],"curies":[{"name":"wp","href":"https:\/\/api.w.org\/{rel}","templated":true}]}}

<p>Cette armoire de la collection Delmonte arbore un look classique et imposant. Elle trouve parfaitement sa place dans les intérieurs authentiques et ressemble à une armoire en bois massif en raison de la structure sur les portes. En réalité, ces armoires sont fabriquées en Primo Laminato (HPL), un matériau de qualité et facile d\&#8217;entretien. Cette armoire est dotée d\&#8217;une porte vitrée qui renferme deux bandes de LED derrière les étagères. De plus, cette armoire possède également une bande de LED dimmable sur le haut pour l\&#8217;éclairer joliment. Par ailleurs, cette armoire de 120 cm de large et 170 cm de haut affiche deux portes pratiques et deux tiroirs spacieux. Elle est un peu plus basse et un peu plus large que la vitrine de la même collection.</p>
