{"id":724607,"date":"2026-06-24T00:00:00","date_gmt":"2026-06-24T00:00:00","guid":{"rendered":""},"modified":"2026-06-24T08:58:13","modified_gmt":"2026-06-24T06:58:13","slug":"46972NAT-fr_BE","status":"publish","type":"product","link":"https:\/\/www.moensmeubelen.be\/fr\/produit\/46972NAT-fr_BE\/","title":{"rendered":"Delmonte, buffet haut 130 cm &#8211; 4-portes + 1-tiroir + 1-porte rabattante + 1-niche (LED+variateur)"},"content":{"rendered":"<p>Ce highboard fait partie de la collection Delmonte. Ce qui caract\u00e9rise cette collection, c\\&#8217;est la bande LED dimmable int\u00e9gr\u00e9e dans les meubles et le look classique (avec une touche moderne) de cette collection de meubles. Les meubles semblent \u00eatre en bois massif, mais ils sont fabriqu\u00e9s en Primo Laminato de couleur Ch\u00eane Naturel, ce qui les rend tr\u00e8s faciles \u00e0 entretenir. Ce meuble mesure 130 cm de large et 140 cm de haut. C\\&#8217;est un meuble de rangement id\u00e9al avec 4 portes, un abattant, un grand tiroir et un petit compartiment ouvert, qui est \u00e9galement \u00e9clair\u00e9 par un \u00e9clairage LED int\u00e9gr\u00e9.<\/p>\n","protected":false},"excerpt":{"rendered":"<p>Delmonte, buffet haut 130 cm &#8211; 4-portes + 1-tiroir + 1-porte rabattante + 1-niche (LED+variateur)<\/p>\n","protected":false},"featured_media":979951,"comment_status":"open","ping_status":"open","template":"","meta":{"_relevanssi_hide_post":"","_relevanssi_hide_content":"","_relevanssi_pin_for_all":"","_relevanssi_pin_keywords":"","_relevanssi_unpin_keywords":"","_relevanssi_related_keywords":"","_relevanssi_related_include_ids":"","_relevanssi_related_exclude_ids":"","_relevanssi_related_no_append":"","_relevanssi_related_not_related":"","_relevanssi_related_posts":"","_relevanssi_noindex_reason":""},"product_brand":[],"product_cat":[5637],"product_tag":[],"class_list":["post-724607","product","type-product","status-publish","has-post-thumbnail","product_cat-bergkasten_fr_BE","first","instock","taxable","shipping-taxable","purchasable","product-type-simple"],"_links":{"self":[{"href":"https:\/\/www.moensmeubelen.be\/fr\/wp-json\/wp\/v2\/product\/724607","targetHints":{"allow":["GET"]}}],"collection":[{"href":"https:\/\/www.moensmeubelen.be\/fr\/wp-json\/wp\/v2\/product"}],"about":[{"href":"https:\/\/www.moensmeubelen.be\/fr\/wp-json\/wp\/v2\/types\/product"}],"replies":[{"embeddable":true,"href":"https:\/\/www.moensmeubelen.be\/fr\/wp-json\/wp\/v2\/comments?post=724607"}],"wp:featuredmedia":[{"embeddable":true,"href":"https:\/\/www.moensmeubelen.be\/fr\/wp-json\/wp\/v2\/media\/979951"}],"wp:attachment":[{"href":"https:\/\/www.moensmeubelen.be\/fr\/wp-json\/wp\/v2\/media?parent=724607"}],"wp:term":[{"taxonomy":"product_brand","embeddable":true,"href":"https:\/\/www.moensmeubelen.be\/fr\/wp-json\/wp\/v2\/product_brand?post=724607"},{"taxonomy":"product_cat","embeddable":true,"href":"https:\/\/www.moensmeubelen.be\/fr\/wp-json\/wp\/v2\/product_cat?post=724607"},{"taxonomy":"product_tag","embeddable":true,"href":"https:\/\/www.moensmeubelen.be\/fr\/wp-json\/wp\/v2\/product_tag?post=724607"}],"curies":[{"name":"wp","href":"https:\/\/api.w.org\/{rel}","templated":true}]}}

<p>Ce highboard fait partie de la collection Delmonte. Ce qui caractérise cette collection, c\&#8217;est la bande LED dimmable intégrée dans les meubles et le look classique (avec une touche moderne) de cette collection de meubles. Les meubles semblent être en bois massif, mais ils sont fabriqués en Primo Laminato de couleur Chêne Naturel, ce qui les rend très faciles à entretenir. Ce meuble mesure 130 cm de large et 140 cm de haut. C\&#8217;est un meuble de rangement idéal avec 4 portes, un abattant, un grand tiroir et un petit compartiment ouvert, qui est également éclairé par un éclairage LED intégré.</p>
