{"id":724617,"date":"2026-07-13T00:00:00","date_gmt":"2026-07-13T00:00:00","guid":{"rendered":""},"modified":"2026-07-13T07:55:31","modified_gmt":"2026-07-13T05:55:31","slug":"46975NAT-fr_BE","status":"publish","type":"product","link":"https:\/\/www.moensmeubelen.be\/fr\/produit\/46975NAT-fr_BE\/","title":{"rendered":"Delmonte, table 170 x 100 cm"},"content":{"rendered":"<p>La collection d\\&#8217;armoires Delmonte propose \u00e9galement de tables du m\u00eame nom, dans le m\u00eame style et le m\u00eame mat\u00e9riau. Ces tables arborent une forme rectangulaire plut\u00f4t classique et sont par d\u00e9faut dot\u00e9es de 4 pieds. Ceux-ci sont en m\u00e9tal de couleur graphite mais affichent une incrustation en HPL de la m\u00eame couleur que le plateau, \u00e9galement fabriqu\u00e9 en Primo Laminato (HPL) de qualit\u00e9. Voici la plus petite table de salle \u00e0 manger de la collection, elle mesure 170&#215;100 cm et 77 cm de haut.<\/p>\n","protected":false},"excerpt":{"rendered":"<p>Delmonte, table 170 x 100 cm<\/p>\n","protected":false},"featured_media":1031425,"comment_status":"open","ping_status":"open","template":"","meta":{"_relevanssi_hide_post":"","_relevanssi_hide_content":"","_relevanssi_pin_for_all":"","_relevanssi_pin_keywords":"","_relevanssi_unpin_keywords":"","_relevanssi_related_keywords":"","_relevanssi_related_include_ids":"","_relevanssi_related_exclude_ids":"","_relevanssi_related_no_append":"","_relevanssi_related_not_related":"","_relevanssi_related_posts":"","_relevanssi_noindex_reason":""},"product_brand":[],"product_cat":[1315],"product_tag":[],"class_list":["post-724617","product","type-product","status-publish","has-post-thumbnail","product_cat-eettafels_fr_BE","first","onbackorder","taxable","shipping-taxable","purchasable","product-type-simple"],"_links":{"self":[{"href":"https:\/\/www.moensmeubelen.be\/fr\/wp-json\/wp\/v2\/product\/724617","targetHints":{"allow":["GET"]}}],"collection":[{"href":"https:\/\/www.moensmeubelen.be\/fr\/wp-json\/wp\/v2\/product"}],"about":[{"href":"https:\/\/www.moensmeubelen.be\/fr\/wp-json\/wp\/v2\/types\/product"}],"replies":[{"embeddable":true,"href":"https:\/\/www.moensmeubelen.be\/fr\/wp-json\/wp\/v2\/comments?post=724617"}],"wp:featuredmedia":[{"embeddable":true,"href":"https:\/\/www.moensmeubelen.be\/fr\/wp-json\/wp\/v2\/media\/1031425"}],"wp:attachment":[{"href":"https:\/\/www.moensmeubelen.be\/fr\/wp-json\/wp\/v2\/media?parent=724617"}],"wp:term":[{"taxonomy":"product_brand","embeddable":true,"href":"https:\/\/www.moensmeubelen.be\/fr\/wp-json\/wp\/v2\/product_brand?post=724617"},{"taxonomy":"product_cat","embeddable":true,"href":"https:\/\/www.moensmeubelen.be\/fr\/wp-json\/wp\/v2\/product_cat?post=724617"},{"taxonomy":"product_tag","embeddable":true,"href":"https:\/\/www.moensmeubelen.be\/fr\/wp-json\/wp\/v2\/product_tag?post=724617"}],"curies":[{"name":"wp","href":"https:\/\/api.w.org\/{rel}","templated":true}]}}

<p>La collection d\&#8217;armoires Delmonte propose également de tables du même nom, dans le même style et le même matériau. Ces tables arborent une forme rectangulaire plutôt classique et sont par défaut dotées de 4 pieds. Ceux-ci sont en métal de couleur graphite mais affichent une incrustation en HPL de la même couleur que le plateau, également fabriqué en Primo Laminato (HPL) de qualité. Voici la plus petite table de salle à manger de la collection, elle mesure 170&#215;100 cm et 77 cm de haut.</p>
