{"id":724943,"date":"2026-06-28T00:00:00","date_gmt":"2026-06-28T00:00:00","guid":{"rendered":""},"modified":"2026-08-11T11:42:53","modified_gmt":"2026-08-11T09:42:53","slug":"47442ANT-fr_BE","status":"publish","type":"product","link":"https:\/\/www.moensmeubelen.be\/fr\/produit\/47442ANT-fr_BE\/","title":{"rendered":"Timeless &#8211; Avery coussin 50x50cm &#8211; Anthracite"},"content":{"rendered":"<p>Un design intemporel qui apportera de la convivialit\u00e9 dans votre maison\u00a0: voici le coussin en polyester Avery\u00a0! Ce coussin carr\u00e9 arbore des coutures d\u00e9coratives pour un effet d\u00e9contract\u00e9. Il est recouvert d\\&#8217;un superbe tissu anthracite, mais existe aussi en d\\&#8217;autres coloris. Avery trouvera sa place dans chaque int\u00e9rieur. Lequel pr\u00e9f\u00e9rez-vous\u00a0?<\/p>\n","protected":false},"excerpt":{"rendered":"<p>Timeless &#8211; Avery coussin 50x50cm &#8211; Anthracite<\/p>\n","protected":false},"featured_media":1001831,"comment_status":"open","ping_status":"open","template":"","meta":{"_relevanssi_hide_post":"","_relevanssi_hide_content":"","_relevanssi_pin_for_all":"","_relevanssi_pin_keywords":"","_relevanssi_unpin_keywords":"","_relevanssi_related_keywords":"","_relevanssi_related_include_ids":"","_relevanssi_related_exclude_ids":"","_relevanssi_related_no_append":"","_relevanssi_related_not_related":"","_relevanssi_related_posts":"","_relevanssi_noindex_reason":""},"product_brand":[],"product_cat":[24113],"product_tag":[],"class_list":["post-724943","product","type-product","status-publish","has-post-thumbnail","product_cat-Kussens_fr_BE","first","onbackorder","taxable","shipping-taxable","purchasable","product-type-simple"],"_links":{"self":[{"href":"https:\/\/www.moensmeubelen.be\/fr\/wp-json\/wp\/v2\/product\/724943","targetHints":{"allow":["GET"]}}],"collection":[{"href":"https:\/\/www.moensmeubelen.be\/fr\/wp-json\/wp\/v2\/product"}],"about":[{"href":"https:\/\/www.moensmeubelen.be\/fr\/wp-json\/wp\/v2\/types\/product"}],"replies":[{"embeddable":true,"href":"https:\/\/www.moensmeubelen.be\/fr\/wp-json\/wp\/v2\/comments?post=724943"}],"wp:featuredmedia":[{"embeddable":true,"href":"https:\/\/www.moensmeubelen.be\/fr\/wp-json\/wp\/v2\/media\/1001831"}],"wp:attachment":[{"href":"https:\/\/www.moensmeubelen.be\/fr\/wp-json\/wp\/v2\/media?parent=724943"}],"wp:term":[{"taxonomy":"product_brand","embeddable":true,"href":"https:\/\/www.moensmeubelen.be\/fr\/wp-json\/wp\/v2\/product_brand?post=724943"},{"taxonomy":"product_cat","embeddable":true,"href":"https:\/\/www.moensmeubelen.be\/fr\/wp-json\/wp\/v2\/product_cat?post=724943"},{"taxonomy":"product_tag","embeddable":true,"href":"https:\/\/www.moensmeubelen.be\/fr\/wp-json\/wp\/v2\/product_tag?post=724943"}],"curies":[{"name":"wp","href":"https:\/\/api.w.org\/{rel}","templated":true}]}}

<p>Un design intemporel qui apportera de la convivialité dans votre maison : voici le coussin en polyester Avery ! Ce coussin carré arbore des coutures décoratives pour un effet décontracté. Il est recouvert d\&#8217;un superbe tissu anthracite, mais existe aussi en d\&#8217;autres coloris. Avery trouvera sa place dans chaque intérieur. Lequel préférez-vous ?</p>
