{"id":725113,"date":"2026-06-28T00:00:00","date_gmt":"2026-06-28T00:00:00","guid":{"rendered":""},"modified":"2026-08-11T11:42:22","modified_gmt":"2026-08-11T09:42:22","slug":"47444CAM-fr_BE","status":"publish","type":"product","link":"https:\/\/www.moensmeubelen.be\/fr\/produit\/47444CAM-fr_BE\/","title":{"rendered":"Timeless &#8211; Aria coussin 45x45cm &#8211; Camel"},"content":{"rendered":"<p>Aria est un superbe coussin en polyester de 45&#215;45 cm. Il est recouvert de deux sortes de tissus \u00e0 l\\&#8217;avant et d\\&#8217;un tissu uni camel \u00e0 l\\&#8217;arri\u00e8re. Une autre couleur correspondrait mieux \u00e0 votre int\u00e9rieur ? Vous souhaitez en combiner plusieurs ? Pas de probl\u00e8me ! Le coussin camel Aria existe aussi en d\\&#8217;autres couleurs. Aria m\u00e9rite de trouver sa place dans chaque int\u00e9rieur. Placez des coussins dans toutes vos couleurs pr\u00e9f\u00e9r\u00e9es dans votre int\u00e9rieur pour une ambiance cosy.<\/p>\n","protected":false},"excerpt":{"rendered":"<p>Timeless &#8211; Aria coussin 45x45cm &#8211; Camel<\/p>\n","protected":false},"featured_media":1001921,"comment_status":"open","ping_status":"open","template":"","meta":{"_relevanssi_hide_post":"","_relevanssi_hide_content":"","_relevanssi_pin_for_all":"","_relevanssi_pin_keywords":"","_relevanssi_unpin_keywords":"","_relevanssi_related_keywords":"","_relevanssi_related_include_ids":"","_relevanssi_related_exclude_ids":"","_relevanssi_related_no_append":"","_relevanssi_related_not_related":"","_relevanssi_related_posts":"","_relevanssi_noindex_reason":""},"product_brand":[],"product_cat":[24113],"product_tag":[],"class_list":["post-725113","product","type-product","status-publish","has-post-thumbnail","product_cat-Kussens_fr_BE","first","onbackorder","taxable","shipping-taxable","purchasable","product-type-simple"],"_links":{"self":[{"href":"https:\/\/www.moensmeubelen.be\/fr\/wp-json\/wp\/v2\/product\/725113","targetHints":{"allow":["GET"]}}],"collection":[{"href":"https:\/\/www.moensmeubelen.be\/fr\/wp-json\/wp\/v2\/product"}],"about":[{"href":"https:\/\/www.moensmeubelen.be\/fr\/wp-json\/wp\/v2\/types\/product"}],"replies":[{"embeddable":true,"href":"https:\/\/www.moensmeubelen.be\/fr\/wp-json\/wp\/v2\/comments?post=725113"}],"wp:featuredmedia":[{"embeddable":true,"href":"https:\/\/www.moensmeubelen.be\/fr\/wp-json\/wp\/v2\/media\/1001921"}],"wp:attachment":[{"href":"https:\/\/www.moensmeubelen.be\/fr\/wp-json\/wp\/v2\/media?parent=725113"}],"wp:term":[{"taxonomy":"product_brand","embeddable":true,"href":"https:\/\/www.moensmeubelen.be\/fr\/wp-json\/wp\/v2\/product_brand?post=725113"},{"taxonomy":"product_cat","embeddable":true,"href":"https:\/\/www.moensmeubelen.be\/fr\/wp-json\/wp\/v2\/product_cat?post=725113"},{"taxonomy":"product_tag","embeddable":true,"href":"https:\/\/www.moensmeubelen.be\/fr\/wp-json\/wp\/v2\/product_tag?post=725113"}],"curies":[{"name":"wp","href":"https:\/\/api.w.org\/{rel}","templated":true}]}}

<p>Aria est un superbe coussin en polyester de 45&#215;45 cm. Il est recouvert de deux sortes de tissus à l\&#8217;avant et d\&#8217;un tissu uni camel à l\&#8217;arrière. Une autre couleur correspondrait mieux à votre intérieur ? Vous souhaitez en combiner plusieurs ? Pas de problème ! Le coussin camel Aria existe aussi en d\&#8217;autres couleurs. Aria mérite de trouver sa place dans chaque intérieur. Placez des coussins dans toutes vos couleurs préférées dans votre intérieur pour une ambiance cosy.</p>
