{"id":725843,"date":"2026-06-28T00:00:00","date_gmt":"2026-06-28T00:00:00","guid":{"rendered":""},"modified":"2026-08-11T11:41:14","modified_gmt":"2026-08-11T09:41:14","slug":"47853CRE-fr_BE","status":"publish","type":"product","link":"https:\/\/www.moensmeubelen.be\/fr\/produit\/47853CRE-fr_BE\/","title":{"rendered":"Debra vase H32cm &#8211; Couleur creme"},"content":{"rendered":"<p>Ajoute une touche ludique et sculpturale \u00e0 ton int\u00e9rieur avec le vase Debra de <strong>COCO<\/strong>maison. Ce vase de couleur cr\u00e8me est fabriqu\u00e9 en polyresine et s\u00e9duit par sa forme organique et sa texture subtile. Avec une hauteur de 32 cm, il trouve parfaitement sa place sur une table d\u2019appoint, un bahut ou dans une \u00e9tag\u00e8re ouverte. Astuce d\u00e9co : combine le vase Debra avec le bougeoir Debra assorti pour un ensemble \u00e9l\u00e9gant et harmonieux.<\/p>\n","protected":false},"excerpt":{"rendered":"<p>Debra vase H32cm &#8211; Couleur creme<\/p>\n","protected":false},"featured_media":1002065,"comment_status":"open","ping_status":"open","template":"","meta":{"_relevanssi_hide_post":"","_relevanssi_hide_content":"","_relevanssi_pin_for_all":"","_relevanssi_pin_keywords":"","_relevanssi_unpin_keywords":"","_relevanssi_related_keywords":"","_relevanssi_related_include_ids":"","_relevanssi_related_exclude_ids":"","_relevanssi_related_no_append":"","_relevanssi_related_not_related":"","_relevanssi_related_posts":"","_relevanssi_noindex_reason":""},"product_brand":[],"product_cat":[1990],"product_tag":[],"class_list":["post-725843","product","type-product","status-publish","has-post-thumbnail","product_cat-vazen_fr_BE","first","onbackorder","taxable","shipping-taxable","purchasable","product-type-simple"],"_links":{"self":[{"href":"https:\/\/www.moensmeubelen.be\/fr\/wp-json\/wp\/v2\/product\/725843","targetHints":{"allow":["GET"]}}],"collection":[{"href":"https:\/\/www.moensmeubelen.be\/fr\/wp-json\/wp\/v2\/product"}],"about":[{"href":"https:\/\/www.moensmeubelen.be\/fr\/wp-json\/wp\/v2\/types\/product"}],"replies":[{"embeddable":true,"href":"https:\/\/www.moensmeubelen.be\/fr\/wp-json\/wp\/v2\/comments?post=725843"}],"wp:featuredmedia":[{"embeddable":true,"href":"https:\/\/www.moensmeubelen.be\/fr\/wp-json\/wp\/v2\/media\/1002065"}],"wp:attachment":[{"href":"https:\/\/www.moensmeubelen.be\/fr\/wp-json\/wp\/v2\/media?parent=725843"}],"wp:term":[{"taxonomy":"product_brand","embeddable":true,"href":"https:\/\/www.moensmeubelen.be\/fr\/wp-json\/wp\/v2\/product_brand?post=725843"},{"taxonomy":"product_cat","embeddable":true,"href":"https:\/\/www.moensmeubelen.be\/fr\/wp-json\/wp\/v2\/product_cat?post=725843"},{"taxonomy":"product_tag","embeddable":true,"href":"https:\/\/www.moensmeubelen.be\/fr\/wp-json\/wp\/v2\/product_tag?post=725843"}],"curies":[{"name":"wp","href":"https:\/\/api.w.org\/{rel}","templated":true}]}}

<p>Ajoute une touche ludique et sculpturale à ton intérieur avec le vase Debra de <strong>COCO</strong>maison. Ce vase de couleur crème est fabriqué en polyresine et séduit par sa forme organique et sa texture subtile. Avec une hauteur de 32 cm, il trouve parfaitement sa place sur une table d’appoint, un bahut ou dans une étagère ouverte. Astuce déco : combine le vase Debra avec le bougeoir Debra assorti pour un ensemble élégant et harmonieux.</p>
