{"id":726071,"date":"2026-06-28T00:00:00","date_gmt":"2026-06-28T00:00:00","guid":{"rendered":""},"modified":"2026-08-11T11:40:40","modified_gmt":"2026-08-11T09:40:40","slug":"48022BEI-fr_BE","status":"publish","type":"product","link":"https:\/\/www.moensmeubelen.be\/fr\/produit\/48022BEI-fr_BE\/","title":{"rendered":"Presley vase H34cm &#8211; Beige"},"content":{"rendered":"<p>Vous avez toujours voulu avoir un vase avec des boucles d\u2019oreille ? Ne ratez pas ce vase en c\u00e9ramique PRESLEY de la collection <strong>COCO<\/strong>maison ! PRESLEY repose sur un pied haut et arbore des \u00ab boucles d\u2019oreille \u00bb dor\u00e9es de chaque c\u00f4t\u00e9. Il est aussi disponible dans une variante plus petite de couleur cr\u00e8me.<\/p>\n","protected":false},"excerpt":{"rendered":"<p>Presley vase H34cm &#8211; Beige<\/p>\n","protected":false},"featured_media":1002101,"comment_status":"open","ping_status":"open","template":"","meta":{"_relevanssi_hide_post":"","_relevanssi_hide_content":"","_relevanssi_pin_for_all":"","_relevanssi_pin_keywords":"","_relevanssi_unpin_keywords":"","_relevanssi_related_keywords":"","_relevanssi_related_include_ids":"","_relevanssi_related_exclude_ids":"","_relevanssi_related_no_append":"","_relevanssi_related_not_related":"","_relevanssi_related_posts":"","_relevanssi_noindex_reason":""},"product_brand":[],"product_cat":[1990],"product_tag":[],"class_list":["post-726071","product","type-product","status-publish","has-post-thumbnail","product_cat-vazen_fr_BE","first","onbackorder","taxable","shipping-taxable","purchasable","product-type-simple"],"_links":{"self":[{"href":"https:\/\/www.moensmeubelen.be\/fr\/wp-json\/wp\/v2\/product\/726071","targetHints":{"allow":["GET"]}}],"collection":[{"href":"https:\/\/www.moensmeubelen.be\/fr\/wp-json\/wp\/v2\/product"}],"about":[{"href":"https:\/\/www.moensmeubelen.be\/fr\/wp-json\/wp\/v2\/types\/product"}],"replies":[{"embeddable":true,"href":"https:\/\/www.moensmeubelen.be\/fr\/wp-json\/wp\/v2\/comments?post=726071"}],"wp:featuredmedia":[{"embeddable":true,"href":"https:\/\/www.moensmeubelen.be\/fr\/wp-json\/wp\/v2\/media\/1002101"}],"wp:attachment":[{"href":"https:\/\/www.moensmeubelen.be\/fr\/wp-json\/wp\/v2\/media?parent=726071"}],"wp:term":[{"taxonomy":"product_brand","embeddable":true,"href":"https:\/\/www.moensmeubelen.be\/fr\/wp-json\/wp\/v2\/product_brand?post=726071"},{"taxonomy":"product_cat","embeddable":true,"href":"https:\/\/www.moensmeubelen.be\/fr\/wp-json\/wp\/v2\/product_cat?post=726071"},{"taxonomy":"product_tag","embeddable":true,"href":"https:\/\/www.moensmeubelen.be\/fr\/wp-json\/wp\/v2\/product_tag?post=726071"}],"curies":[{"name":"wp","href":"https:\/\/api.w.org\/{rel}","templated":true}]}}

<p>Vous avez toujours voulu avoir un vase avec des boucles d’oreille ? Ne ratez pas ce vase en céramique PRESLEY de la collection <strong>COCO</strong>maison ! PRESLEY repose sur un pied haut et arbore des « boucles d’oreille » dorées de chaque côté. Il est aussi disponible dans une variante plus petite de couleur crème.</p>
