{"id":726227,"date":"2026-06-28T00:00:00","date_gmt":"2026-06-28T00:00:00","guid":{"rendered":""},"modified":"2026-06-28T20:57:28","modified_gmt":"2026-06-28T18:57:28","slug":"48137GOU-fr_BE","status":"publish","type":"product","link":"https:\/\/www.moensmeubelen.be\/fr\/produit\/48137GOU-fr_BE\/","title":{"rendered":"Bo lampadaire 2*E27 &#8211; Or"},"content":{"rendered":"<p>Donnez une touche luxueuse \u00e0 votre int\u00e9rieur avec ce magnifique lampadaire BO de la collection <strong>COCO<\/strong>maison. BO cr\u00e9era une ambiance dans votre maison, mais sera aussi un accroche-regard chic \u00e0 c\u00f4t\u00e9 de votre canap\u00e9 ou du meuble-tv. Ce lampadaire est fabriqu\u00e9 en m\u00e9tal et arbore une splendide finition laiton dor\u00e9. Les deux boules pr\u00e9sentent des petites bosses dans le verre dor\u00e9, ce qui conf\u00e8re un agr\u00e9able effet d\u00e9contract\u00e9 \u00e0 BO. La lampe n\\&#8217;est pas dimmable et est fournie sans ampoules. Ce lampadaire BO fait 165 cm de haut. Combinez-le avec les autres lampes de la s\u00e9rie BO pour plus d\\&#8217;unit\u00e9 dans votre int\u00e9rieur.<\/p>\n","protected":false},"excerpt":{"rendered":"<p>Bo lampadaire 2*E27 &#8211; Or<\/p>\n","protected":false},"featured_media":1002137,"comment_status":"open","ping_status":"open","template":"","meta":{"_relevanssi_hide_post":"","_relevanssi_hide_content":"","_relevanssi_pin_for_all":"","_relevanssi_pin_keywords":"","_relevanssi_unpin_keywords":"","_relevanssi_related_keywords":"","_relevanssi_related_include_ids":"","_relevanssi_related_exclude_ids":"","_relevanssi_related_no_append":"","_relevanssi_related_not_related":"","_relevanssi_related_posts":"","_relevanssi_noindex_reason":""},"product_brand":[],"product_cat":[24105],"product_tag":[],"class_list":["post-726227","product","type-product","status-publish","has-post-thumbnail","product_cat-Vloerlamp_fr_BE","first","onbackorder","taxable","shipping-taxable","purchasable","product-type-simple"],"_links":{"self":[{"href":"https:\/\/www.moensmeubelen.be\/fr\/wp-json\/wp\/v2\/product\/726227","targetHints":{"allow":["GET"]}}],"collection":[{"href":"https:\/\/www.moensmeubelen.be\/fr\/wp-json\/wp\/v2\/product"}],"about":[{"href":"https:\/\/www.moensmeubelen.be\/fr\/wp-json\/wp\/v2\/types\/product"}],"replies":[{"embeddable":true,"href":"https:\/\/www.moensmeubelen.be\/fr\/wp-json\/wp\/v2\/comments?post=726227"}],"wp:featuredmedia":[{"embeddable":true,"href":"https:\/\/www.moensmeubelen.be\/fr\/wp-json\/wp\/v2\/media\/1002137"}],"wp:attachment":[{"href":"https:\/\/www.moensmeubelen.be\/fr\/wp-json\/wp\/v2\/media?parent=726227"}],"wp:term":[{"taxonomy":"product_brand","embeddable":true,"href":"https:\/\/www.moensmeubelen.be\/fr\/wp-json\/wp\/v2\/product_brand?post=726227"},{"taxonomy":"product_cat","embeddable":true,"href":"https:\/\/www.moensmeubelen.be\/fr\/wp-json\/wp\/v2\/product_cat?post=726227"},{"taxonomy":"product_tag","embeddable":true,"href":"https:\/\/www.moensmeubelen.be\/fr\/wp-json\/wp\/v2\/product_tag?post=726227"}],"curies":[{"name":"wp","href":"https:\/\/api.w.org\/{rel}","templated":true}]}}

<p>Donnez une touche luxueuse à votre intérieur avec ce magnifique lampadaire BO de la collection <strong>COCO</strong>maison. BO créera une ambiance dans votre maison, mais sera aussi un accroche-regard chic à côté de votre canapé ou du meuble-tv. Ce lampadaire est fabriqué en métal et arbore une splendide finition laiton doré. Les deux boules présentent des petites bosses dans le verre doré, ce qui confère un agréable effet décontracté à BO. La lampe n\&#8217;est pas dimmable et est fournie sans ampoules. Ce lampadaire BO fait 165 cm de haut. Combinez-le avec les autres lampes de la série BO pour plus d\&#8217;unité dans votre intérieur.</p>
