{"id":726753,"date":"2026-06-28T00:00:00","date_gmt":"2026-06-28T00:00:00","guid":{"rendered":"https:\/\/new.moensmeubelen.be\/product\/48208gry-fr_be\/"},"modified":"2026-06-28T20:58:38","modified_gmt":"2026-06-28T18:58:38","slug":"48208GRY-fr_BE","status":"publish","type":"product","link":"https:\/\/www.moensmeubelen.be\/fr\/produit\/48208GRY-fr_BE\/","title":{"rendered":"Don vase H19cm &#8211; gris &#8211; Gris"},"content":{"rendered":"<p>Ce vase gris DON pourrait, \u00e0 juste titre, \u00eatre qualifi\u00e9 de petite \u0153uvre d\\&#8217;art. En raison de ces \\&#8217;coups\\&#8217; sur les c\u00f4t\u00e9s et de l\\&#8217;effet brillant qui conf\u00e8re au vase un style tr\u00e8s luxueux, ce vase est particulier. DON mesure 19 cm de haut et se combine \u00e0 merveille avec les vases DON plus petits et plus grands de cette s\u00e9rie. Garni d\\&#8217;un beau bouquet de fleurs (s\u00e9ch\u00e9es), il sera du plus bel effet !<\/p>\n","protected":false},"excerpt":{"rendered":"<p>Don vase H19cm &#8211; gris &#8211; Gris<\/p>\n","protected":false},"featured_media":1002191,"comment_status":"open","ping_status":"open","template":"","meta":{"_relevanssi_hide_post":"","_relevanssi_hide_content":"","_relevanssi_pin_for_all":"","_relevanssi_pin_keywords":"","_relevanssi_unpin_keywords":"","_relevanssi_related_keywords":"","_relevanssi_related_include_ids":"","_relevanssi_related_exclude_ids":"","_relevanssi_related_no_append":"","_relevanssi_related_not_related":"","_relevanssi_related_posts":"","_relevanssi_noindex_reason":""},"product_brand":[],"product_cat":[1990],"product_tag":[],"class_list":["post-726753","product","type-product","status-publish","has-post-thumbnail","product_cat-vazen_fr_BE","first","onbackorder","taxable","shipping-taxable","purchasable","product-type-simple"],"_links":{"self":[{"href":"https:\/\/www.moensmeubelen.be\/fr\/wp-json\/wp\/v2\/product\/726753","targetHints":{"allow":["GET"]}}],"collection":[{"href":"https:\/\/www.moensmeubelen.be\/fr\/wp-json\/wp\/v2\/product"}],"about":[{"href":"https:\/\/www.moensmeubelen.be\/fr\/wp-json\/wp\/v2\/types\/product"}],"replies":[{"embeddable":true,"href":"https:\/\/www.moensmeubelen.be\/fr\/wp-json\/wp\/v2\/comments?post=726753"}],"wp:featuredmedia":[{"embeddable":true,"href":"https:\/\/www.moensmeubelen.be\/fr\/wp-json\/wp\/v2\/media\/1002191"}],"wp:attachment":[{"href":"https:\/\/www.moensmeubelen.be\/fr\/wp-json\/wp\/v2\/media?parent=726753"}],"wp:term":[{"taxonomy":"product_brand","embeddable":true,"href":"https:\/\/www.moensmeubelen.be\/fr\/wp-json\/wp\/v2\/product_brand?post=726753"},{"taxonomy":"product_cat","embeddable":true,"href":"https:\/\/www.moensmeubelen.be\/fr\/wp-json\/wp\/v2\/product_cat?post=726753"},{"taxonomy":"product_tag","embeddable":true,"href":"https:\/\/www.moensmeubelen.be\/fr\/wp-json\/wp\/v2\/product_tag?post=726753"}],"curies":[{"name":"wp","href":"https:\/\/api.w.org\/{rel}","templated":true}]}}

<p>Ce vase gris DON pourrait, à juste titre, être qualifié de petite œuvre d\&#8217;art. En raison de ces \&#8217;coups\&#8217; sur les côtés et de l\&#8217;effet brillant qui confère au vase un style très luxueux, ce vase est particulier. DON mesure 19 cm de haut et se combine à merveille avec les vases DON plus petits et plus grands de cette série. Garni d\&#8217;un beau bouquet de fleurs (séchées), il sera du plus bel effet !</p>
