{"id":726763,"date":"2026-06-28T00:00:00","date_gmt":"2026-06-28T00:00:00","guid":{"rendered":"https:\/\/new.moensmeubelen.be\/product\/48209gry-fr_be\/"},"modified":"2026-06-28T20:58:46","modified_gmt":"2026-06-28T18:58:46","slug":"48209GRY-fr_BE","status":"publish","type":"product","link":"https:\/\/www.moensmeubelen.be\/fr\/produit\/48209GRY-fr_BE\/","title":{"rendered":"Don vase H15cm &#8211; Gris"},"content":{"rendered":"<p>Vous aimez les vases et l\\&#8217;art ? Alors, ce vase gris DON de la collection <strong>COCO<\/strong>maison offre le meilleur des deux mondes. DON est un petit vase en forme de boule de 15 cm de haut, enti\u00e8rement fabriqu\u00e9 en verre. Ce vase pourrait \u00eatre qualifi\u00e9 d\\&#8217;\u0153uvre d\\&#8217;art, \u00e0 juste titre, en raison des \\&#8217;coups\\&#8217; sur les c\u00f4t\u00e9s et de l\\&#8217;effet brillant \u00e0 l\\&#8217;ext\u00e9rieur qui conf\u00e8re une touche chic \u00e0 DON. Ce vase de 15 cm de haut existe aussi dans deux mod\u00e8les plus grands avec un design l\u00e9g\u00e8rement diff\u00e9rent.<\/p>\n","protected":false},"excerpt":{"rendered":"<p>Don vase H15cm &#8211; Gris<\/p>\n","protected":false},"featured_media":1002197,"comment_status":"open","ping_status":"open","template":"","meta":{"_relevanssi_hide_post":"","_relevanssi_hide_content":"","_relevanssi_pin_for_all":"","_relevanssi_pin_keywords":"","_relevanssi_unpin_keywords":"","_relevanssi_related_keywords":"","_relevanssi_related_include_ids":"","_relevanssi_related_exclude_ids":"","_relevanssi_related_no_append":"","_relevanssi_related_not_related":"","_relevanssi_related_posts":"","_relevanssi_noindex_reason":""},"product_brand":[],"product_cat":[1990],"product_tag":[],"class_list":["post-726763","product","type-product","status-publish","has-post-thumbnail","product_cat-vazen_fr_BE","first","onbackorder","taxable","shipping-taxable","purchasable","product-type-simple"],"_links":{"self":[{"href":"https:\/\/www.moensmeubelen.be\/fr\/wp-json\/wp\/v2\/product\/726763","targetHints":{"allow":["GET"]}}],"collection":[{"href":"https:\/\/www.moensmeubelen.be\/fr\/wp-json\/wp\/v2\/product"}],"about":[{"href":"https:\/\/www.moensmeubelen.be\/fr\/wp-json\/wp\/v2\/types\/product"}],"replies":[{"embeddable":true,"href":"https:\/\/www.moensmeubelen.be\/fr\/wp-json\/wp\/v2\/comments?post=726763"}],"wp:featuredmedia":[{"embeddable":true,"href":"https:\/\/www.moensmeubelen.be\/fr\/wp-json\/wp\/v2\/media\/1002197"}],"wp:attachment":[{"href":"https:\/\/www.moensmeubelen.be\/fr\/wp-json\/wp\/v2\/media?parent=726763"}],"wp:term":[{"taxonomy":"product_brand","embeddable":true,"href":"https:\/\/www.moensmeubelen.be\/fr\/wp-json\/wp\/v2\/product_brand?post=726763"},{"taxonomy":"product_cat","embeddable":true,"href":"https:\/\/www.moensmeubelen.be\/fr\/wp-json\/wp\/v2\/product_cat?post=726763"},{"taxonomy":"product_tag","embeddable":true,"href":"https:\/\/www.moensmeubelen.be\/fr\/wp-json\/wp\/v2\/product_tag?post=726763"}],"curies":[{"name":"wp","href":"https:\/\/api.w.org\/{rel}","templated":true}]}}

<p>Vous aimez les vases et l\&#8217;art ? Alors, ce vase gris DON de la collection <strong>COCO</strong>maison offre le meilleur des deux mondes. DON est un petit vase en forme de boule de 15 cm de haut, entièrement fabriqué en verre. Ce vase pourrait être qualifié d\&#8217;œuvre d\&#8217;art, à juste titre, en raison des \&#8217;coups\&#8217; sur les côtés et de l\&#8217;effet brillant à l\&#8217;extérieur qui confère une touche chic à DON. Ce vase de 15 cm de haut existe aussi dans deux modèles plus grands avec un design légèrement différent.</p>
