{"id":728253,"date":"2026-08-29T00:00:00","date_gmt":"2026-08-29T00:00:00","guid":{"rendered":""},"modified":"2026-08-29T15:40:05","modified_gmt":"2026-08-29T13:40:05","slug":"48508CRE-fr_BE","status":"publish","type":"product","link":"https:\/\/www.moensmeubelen.be\/fr\/produit\/48508CRE-fr_BE\/","title":{"rendered":"Lexi, chaise &#8211; cadre noir (ROB) &#8211; tissu Avicci &#8211; Creme"},"content":{"rendered":"<p>Vous recherchez une chaise intemporelle, pratique et facile d\\&#8217;entretien pour votre table de salle \u00e0 manger ? Que pensez-vous de LEXI ? Cette chaise poss\u00e8de un cadre en m\u00e9tal noir et une poign\u00e9e sur le dossier. Le tissu est solide, r\u00e9sistant \u00e0 l\\&#8217;usure et tr\u00e8s doux. Savez-vous en outre que LEXI est un choix durable ? En effet, le tissu boucl\u00e9 Avicci est fabriqu\u00e9 avec du fil issu de polyester recycl\u00e9. 37 bouteilles en PET sont r\u00e9utilis\u00e9es pour produire 1m\u00b2 de tissu ! Outre cette couleur cr\u00e8me, cette chaise se d\u00e9cline \u00e9galement en taupe et anthracite.<\/p>\n","protected":false},"excerpt":{"rendered":"<p>Lexi, chaise &#8211; cadre noir (ROB) &#8211; tissu Avicci &#8211; Creme<\/p>\n","protected":false},"featured_media":1047665,"comment_status":"open","ping_status":"open","template":"","meta":{"_relevanssi_hide_post":"","_relevanssi_hide_content":"","_relevanssi_pin_for_all":"","_relevanssi_pin_keywords":"","_relevanssi_unpin_keywords":"","_relevanssi_related_keywords":"","_relevanssi_related_include_ids":"","_relevanssi_related_exclude_ids":"","_relevanssi_related_no_append":"","_relevanssi_related_not_related":"","_relevanssi_related_posts":"","_relevanssi_noindex_reason":""},"product_brand":[],"product_cat":[1370],"product_tag":[],"class_list":["post-728253","product","type-product","status-publish","has-post-thumbnail","product_cat-eetkamerstoelen_fr_BE","first","onbackorder","sale","taxable","shipping-taxable","purchasable","product-type-simple"],"_links":{"self":[{"href":"https:\/\/www.moensmeubelen.be\/fr\/wp-json\/wp\/v2\/product\/728253","targetHints":{"allow":["GET"]}}],"collection":[{"href":"https:\/\/www.moensmeubelen.be\/fr\/wp-json\/wp\/v2\/product"}],"about":[{"href":"https:\/\/www.moensmeubelen.be\/fr\/wp-json\/wp\/v2\/types\/product"}],"replies":[{"embeddable":true,"href":"https:\/\/www.moensmeubelen.be\/fr\/wp-json\/wp\/v2\/comments?post=728253"}],"wp:featuredmedia":[{"embeddable":true,"href":"https:\/\/www.moensmeubelen.be\/fr\/wp-json\/wp\/v2\/media\/1047665"}],"wp:attachment":[{"href":"https:\/\/www.moensmeubelen.be\/fr\/wp-json\/wp\/v2\/media?parent=728253"}],"wp:term":[{"taxonomy":"product_brand","embeddable":true,"href":"https:\/\/www.moensmeubelen.be\/fr\/wp-json\/wp\/v2\/product_brand?post=728253"},{"taxonomy":"product_cat","embeddable":true,"href":"https:\/\/www.moensmeubelen.be\/fr\/wp-json\/wp\/v2\/product_cat?post=728253"},{"taxonomy":"product_tag","embeddable":true,"href":"https:\/\/www.moensmeubelen.be\/fr\/wp-json\/wp\/v2\/product_tag?post=728253"}],"curies":[{"name":"wp","href":"https:\/\/api.w.org\/{rel}","templated":true}]}}

<p>Vous recherchez une chaise intemporelle, pratique et facile d\&#8217;entretien pour votre table de salle à manger ? Que pensez-vous de LEXI ? Cette chaise possède un cadre en métal noir et une poignée sur le dossier. Le tissu est solide, résistant à l\&#8217;usure et très doux. Savez-vous en outre que LEXI est un choix durable ? En effet, le tissu bouclé Avicci est fabriqué avec du fil issu de polyester recyclé. 37 bouteilles en PET sont réutilisées pour produire 1m² de tissu ! Outre cette couleur crème, cette chaise se décline également en taupe et anthracite.</p>
