{"id":730383,"date":"2026-06-28T00:00:00","date_gmt":"2026-06-28T00:00:00","guid":{"rendered":""},"modified":"2026-06-28T21:15:39","modified_gmt":"2026-06-28T19:15:39","slug":"48880IVO-fr_BE","status":"publish","type":"product","link":"https:\/\/www.moensmeubelen.be\/fr\/produit\/48880IVO-fr_BE\/","title":{"rendered":"Odin, chaise \u00e0 accoudoirs &#8211; pi\u00e9tement graphite &#8211; tissu Vada &#8211; ivoire"},"content":{"rendered":"<p>ODIN est une chaise \u00e0 accoudoirs confortable, recouverte du beau tissu Vada de couleur ivoire. Elle poss\u00e8de un pi\u00e9tement \u00e9troit en m\u00e9tal de couleur graphite. D\u00e9couvrez \u00e9galement les autres couleurs et pi\u00e9tements disponibles pour ODIN. Optez-vous pour une seule couleur ou pr\u00e9f\u00e9rez-vous un m\u00e9lange de teintes\u00a0?<\/p>\n","protected":false},"excerpt":{"rendered":"<p>Odin, chaise \u00e0 accoudoirs &#8211; pi\u00e9tement graphite &#8211; tissu Vada &#8211; ivoire<\/p>\n","protected":false},"featured_media":1002947,"comment_status":"open","ping_status":"open","template":"","meta":{"_relevanssi_hide_post":"","_relevanssi_hide_content":"","_relevanssi_pin_for_all":"","_relevanssi_pin_keywords":"","_relevanssi_unpin_keywords":"","_relevanssi_related_keywords":"","_relevanssi_related_include_ids":"","_relevanssi_related_exclude_ids":"","_relevanssi_related_no_append":"","_relevanssi_related_not_related":"","_relevanssi_related_posts":"","_relevanssi_noindex_reason":""},"product_brand":[],"product_cat":[24145],"product_tag":[],"class_list":["post-730383","product","type-product","status-publish","has-post-thumbnail","product_cat-Armstoelen_fr_BE","first","onbackorder","taxable","shipping-taxable","purchasable","product-type-simple"],"_links":{"self":[{"href":"https:\/\/www.moensmeubelen.be\/fr\/wp-json\/wp\/v2\/product\/730383","targetHints":{"allow":["GET"]}}],"collection":[{"href":"https:\/\/www.moensmeubelen.be\/fr\/wp-json\/wp\/v2\/product"}],"about":[{"href":"https:\/\/www.moensmeubelen.be\/fr\/wp-json\/wp\/v2\/types\/product"}],"replies":[{"embeddable":true,"href":"https:\/\/www.moensmeubelen.be\/fr\/wp-json\/wp\/v2\/comments?post=730383"}],"wp:featuredmedia":[{"embeddable":true,"href":"https:\/\/www.moensmeubelen.be\/fr\/wp-json\/wp\/v2\/media\/1002947"}],"wp:attachment":[{"href":"https:\/\/www.moensmeubelen.be\/fr\/wp-json\/wp\/v2\/media?parent=730383"}],"wp:term":[{"taxonomy":"product_brand","embeddable":true,"href":"https:\/\/www.moensmeubelen.be\/fr\/wp-json\/wp\/v2\/product_brand?post=730383"},{"taxonomy":"product_cat","embeddable":true,"href":"https:\/\/www.moensmeubelen.be\/fr\/wp-json\/wp\/v2\/product_cat?post=730383"},{"taxonomy":"product_tag","embeddable":true,"href":"https:\/\/www.moensmeubelen.be\/fr\/wp-json\/wp\/v2\/product_tag?post=730383"}],"curies":[{"name":"wp","href":"https:\/\/api.w.org\/{rel}","templated":true}]}}

Odin, chaise à accoudoirs &#8211; piétement graphite &#8211; tissu Vada &#8211; ivoire

<p>ODIN est une chaise à accoudoirs confortable, recouverte du beau tissu Vada de couleur ivoire. Elle possède un piétement étroit en métal de couleur graphite. Découvrez également les autres couleurs et piétements disponibles pour ODIN. Optez-vous pour une seule couleur ou préférez-vous un mélange de teintes ?</p>

<p>Odin, chaise à accoudoirs &#8211; piétement graphite &#8211; tissu Vada &#8211; ivoire</p>
