{"id":731075,"date":"2026-06-28T00:00:00","date_gmt":"2026-06-28T00:00:00","guid":{"rendered":""},"modified":"2026-06-28T21:27:03","modified_gmt":"2026-06-28T19:27:03","slug":"49515001-fr_BE","status":"publish","type":"product","link":"https:\/\/www.moensmeubelen.be\/fr\/produit\/49515001-fr_BE\/","title":{"rendered":"Brooks, divan gauche"},"content":{"rendered":"<p>Une fois install\u00e9 dedans, vous n\\&#8217;en sortirez plus jamais ! Ce chic divan gauche de la s\u00e9rie de canap\u00e9 BROOKS est forc\u00e9ment confortable puisque que vous d\u00e9cidez vous-m\u00eame du confort d\\&#8217;assise. Pour ce faire, nous proposons deux options. Vous personnalisez m\u00eame le rev\u00eatement selon vos go\u00fbts : BROOKS existe en tissu ou en microfibre sur croute de cuir. Par ailleurs, pour les pieds, deux possibilit\u00e9s s\\&#8217;offrent \u00e0 vous : 17 ou 19 cm. Les fines formes organiques collent parfaitement \u00e0 la tendance actuelle. Vous imaginez d\u00e9j\u00e0 cet \u00e9l\u00e9gant incontournable tr\u00f4ner dans votre s\u00e9jour ?<\/p>\n","protected":false},"excerpt":{"rendered":"<p>Brooks, divan gauche<\/p>\n","protected":false},"featured_media":1003436,"comment_status":"open","ping_status":"open","template":"","meta":{"_relevanssi_hide_post":"","_relevanssi_hide_content":"","_relevanssi_pin_for_all":"","_relevanssi_pin_keywords":"","_relevanssi_unpin_keywords":"","_relevanssi_related_keywords":"","_relevanssi_related_include_ids":"","_relevanssi_related_exclude_ids":"","_relevanssi_related_no_append":"","_relevanssi_related_not_related":"","_relevanssi_related_posts":"","_relevanssi_noindex_reason":""},"product_brand":[],"product_cat":[1374,1333],"product_tag":[],"class_list":["post-731075","product","type-product","status-publish","has-post-thumbnail","product_cat-zetels_fr_BE","product_cat-zitmeubels_sets_zitmeubels_fr_BE","first","onbackorder","taxable","shipping-taxable","purchasable","product-type-simple"],"_links":{"self":[{"href":"https:\/\/www.moensmeubelen.be\/fr\/wp-json\/wp\/v2\/product\/731075","targetHints":{"allow":["GET"]}}],"collection":[{"href":"https:\/\/www.moensmeubelen.be\/fr\/wp-json\/wp\/v2\/product"}],"about":[{"href":"https:\/\/www.moensmeubelen.be\/fr\/wp-json\/wp\/v2\/types\/product"}],"replies":[{"embeddable":true,"href":"https:\/\/www.moensmeubelen.be\/fr\/wp-json\/wp\/v2\/comments?post=731075"}],"wp:featuredmedia":[{"embeddable":true,"href":"https:\/\/www.moensmeubelen.be\/fr\/wp-json\/wp\/v2\/media\/1003436"}],"wp:attachment":[{"href":"https:\/\/www.moensmeubelen.be\/fr\/wp-json\/wp\/v2\/media?parent=731075"}],"wp:term":[{"taxonomy":"product_brand","embeddable":true,"href":"https:\/\/www.moensmeubelen.be\/fr\/wp-json\/wp\/v2\/product_brand?post=731075"},{"taxonomy":"product_cat","embeddable":true,"href":"https:\/\/www.moensmeubelen.be\/fr\/wp-json\/wp\/v2\/product_cat?post=731075"},{"taxonomy":"product_tag","embeddable":true,"href":"https:\/\/www.moensmeubelen.be\/fr\/wp-json\/wp\/v2\/product_tag?post=731075"}],"curies":[{"name":"wp","href":"https:\/\/api.w.org\/{rel}","templated":true}]}}

<p>Une fois installé dedans, vous n\&#8217;en sortirez plus jamais ! Ce chic divan gauche de la série de canapé BROOKS est forcément confortable puisque que vous décidez vous-même du confort d\&#8217;assise. Pour ce faire, nous proposons deux options. Vous personnalisez même le revêtement selon vos goûts : BROOKS existe en tissu ou en microfibre sur croute de cuir. Par ailleurs, pour les pieds, deux possibilités s\&#8217;offrent à vous : 17 ou 19 cm. Les fines formes organiques collent parfaitement à la tendance actuelle. Vous imaginez déjà cet élégant incontournable trôner dans votre séjour ?</p>
