{"id":731135,"date":"2026-04-26T00:00:00","date_gmt":"2026-04-26T00:00:00","guid":{"rendered":""},"modified":"2026-04-26T23:04:12","modified_gmt":"2026-04-26T21:04:12","slug":"49570001-fr_BE","status":"publish","type":"product","link":"https:\/\/www.moensmeubelen.be\/fr\/produit\/49570001-fr_BE\/","title":{"rendered":"Valletta, pouf"},"content":{"rendered":"<p>Un pouf ne pouvait pas faire d\u00e9faut dans le collection Valletta. Un \u00e9l\u00e9ment suppl\u00e9mentaire facilement d\u00e9pla\u00e7able dans votre salon. Comme tous les \u00e9l\u00e9ments de cette collection, le pouf peut \u00eatre rev\u00eatu de tous les tissus et cuirs de notre collection. 3 conforts d\\&#8217;assise sont disponibles. Quel configuration de Valletta choisirez-vous\u00a0?<\/p>\n","protected":false},"excerpt":{"rendered":"<p>Valletta, pouf<\/p>\n","protected":false},"featured_media":951496,"comment_status":"open","ping_status":"open","template":"","meta":{"_relevanssi_hide_post":"","_relevanssi_hide_content":"","_relevanssi_pin_for_all":"","_relevanssi_pin_keywords":"","_relevanssi_unpin_keywords":"","_relevanssi_related_keywords":"","_relevanssi_related_include_ids":"","_relevanssi_related_exclude_ids":"","_relevanssi_related_no_append":"","_relevanssi_related_not_related":"","_relevanssi_related_posts":"","_relevanssi_noindex_reason":""},"product_brand":[],"product_cat":[1329],"product_tag":[],"class_list":["post-731135","product","type-product","status-publish","has-post-thumbnail","product_cat-poefs_fr_BE","first","onbackorder","taxable","shipping-taxable","purchasable","product-type-simple"],"_links":{"self":[{"href":"https:\/\/www.moensmeubelen.be\/fr\/wp-json\/wp\/v2\/product\/731135","targetHints":{"allow":["GET"]}}],"collection":[{"href":"https:\/\/www.moensmeubelen.be\/fr\/wp-json\/wp\/v2\/product"}],"about":[{"href":"https:\/\/www.moensmeubelen.be\/fr\/wp-json\/wp\/v2\/types\/product"}],"replies":[{"embeddable":true,"href":"https:\/\/www.moensmeubelen.be\/fr\/wp-json\/wp\/v2\/comments?post=731135"}],"wp:featuredmedia":[{"embeddable":true,"href":"https:\/\/www.moensmeubelen.be\/fr\/wp-json\/wp\/v2\/media\/951496"}],"wp:attachment":[{"href":"https:\/\/www.moensmeubelen.be\/fr\/wp-json\/wp\/v2\/media?parent=731135"}],"wp:term":[{"taxonomy":"product_brand","embeddable":true,"href":"https:\/\/www.moensmeubelen.be\/fr\/wp-json\/wp\/v2\/product_brand?post=731135"},{"taxonomy":"product_cat","embeddable":true,"href":"https:\/\/www.moensmeubelen.be\/fr\/wp-json\/wp\/v2\/product_cat?post=731135"},{"taxonomy":"product_tag","embeddable":true,"href":"https:\/\/www.moensmeubelen.be\/fr\/wp-json\/wp\/v2\/product_tag?post=731135"}],"curies":[{"name":"wp","href":"https:\/\/api.w.org\/{rel}","templated":true}]}}

<p>Un pouf ne pouvait pas faire défaut dans le collection Valletta. Un élément supplémentaire facilement déplaçable dans votre salon. Comme tous les éléments de cette collection, le pouf peut être revêtu de tous les tissus et cuirs de notre collection. 3 conforts d\&#8217;assise sont disponibles. Quel configuration de Valletta choisirez-vous ?</p>
