{"id":731165,"date":"2026-04-26T00:00:00","date_gmt":"2026-04-26T00:00:00","guid":{"rendered":""},"modified":"2026-04-26T23:04:27","modified_gmt":"2026-04-26T21:04:27","slug":"49686001-fr_BE","status":"publish","type":"product","link":"https:\/\/www.moensmeubelen.be\/fr\/produit\/49686001-fr_BE\/","title":{"rendered":"Bayonne, pouf 109 x 65 cm"},"content":{"rendered":"<p>Ce pouf de la collection Bayonne est un chouette \u00e9l\u00e9ment suppl\u00e9mentaire \u00e0 ajouter \u00e0 votre configuration modulable ! Comme tous les \u00e9l\u00e9ments sont ind\u00e9pendants et recouverts de tous les c\u00f4t\u00e9s, vous pouvez le placer o\u00f9 bon vous semble. Le confort d\\&#8217;assise extra doux est un autre atout de cette collection. L\\&#8217;\u00e9l\u00e9ment reste bien en place gr\u00e2ce \u00e0 ses antid\u00e9rapants pratiques, mais reste facilement d\u00e9pla\u00e7able. Comme pour les autres \u00e9l\u00e9ments, vous choisissez vous-m\u00eame le tissu et la couleur du pouf !<\/p>\n","protected":false},"excerpt":{"rendered":"<p>Bayonne, pouf 109 x 65 cm<\/p>\n","protected":false},"featured_media":951514,"comment_status":"open","ping_status":"open","template":"","meta":{"_relevanssi_hide_post":"","_relevanssi_hide_content":"","_relevanssi_pin_for_all":"","_relevanssi_pin_keywords":"","_relevanssi_unpin_keywords":"","_relevanssi_related_keywords":"","_relevanssi_related_include_ids":"","_relevanssi_related_exclude_ids":"","_relevanssi_related_no_append":"","_relevanssi_related_not_related":"","_relevanssi_related_posts":"","_relevanssi_noindex_reason":""},"product_brand":[],"product_cat":[1329],"product_tag":[],"class_list":["post-731165","product","type-product","status-publish","has-post-thumbnail","product_cat-poefs_fr_BE","first","onbackorder","taxable","shipping-taxable","purchasable","product-type-simple"],"_links":{"self":[{"href":"https:\/\/www.moensmeubelen.be\/fr\/wp-json\/wp\/v2\/product\/731165","targetHints":{"allow":["GET"]}}],"collection":[{"href":"https:\/\/www.moensmeubelen.be\/fr\/wp-json\/wp\/v2\/product"}],"about":[{"href":"https:\/\/www.moensmeubelen.be\/fr\/wp-json\/wp\/v2\/types\/product"}],"replies":[{"embeddable":true,"href":"https:\/\/www.moensmeubelen.be\/fr\/wp-json\/wp\/v2\/comments?post=731165"}],"wp:featuredmedia":[{"embeddable":true,"href":"https:\/\/www.moensmeubelen.be\/fr\/wp-json\/wp\/v2\/media\/951514"}],"wp:attachment":[{"href":"https:\/\/www.moensmeubelen.be\/fr\/wp-json\/wp\/v2\/media?parent=731165"}],"wp:term":[{"taxonomy":"product_brand","embeddable":true,"href":"https:\/\/www.moensmeubelen.be\/fr\/wp-json\/wp\/v2\/product_brand?post=731165"},{"taxonomy":"product_cat","embeddable":true,"href":"https:\/\/www.moensmeubelen.be\/fr\/wp-json\/wp\/v2\/product_cat?post=731165"},{"taxonomy":"product_tag","embeddable":true,"href":"https:\/\/www.moensmeubelen.be\/fr\/wp-json\/wp\/v2\/product_tag?post=731165"}],"curies":[{"name":"wp","href":"https:\/\/api.w.org\/{rel}","templated":true}]}}

<p>Ce pouf de la collection Bayonne est un chouette élément supplémentaire à ajouter à votre configuration modulable ! Comme tous les éléments sont indépendants et recouverts de tous les côtés, vous pouvez le placer où bon vous semble. Le confort d\&#8217;assise extra doux est un autre atout de cette collection. L\&#8217;élément reste bien en place grâce à ses antidérapants pratiques, mais reste facilement déplaçable. Comme pour les autres éléments, vous choisissez vous-même le tissu et la couleur du pouf !</p>
