{"id":731345,"date":"2026-05-19T00:00:00","date_gmt":"2026-05-19T00:00:00","guid":{"rendered":""},"modified":"2026-05-19T11:01:14","modified_gmt":"2026-05-19T09:01:14","slug":"49930001-fr_BE","status":"publish","type":"product","link":"https:\/\/www.moensmeubelen.be\/fr\/produit\/49930001-fr_BE\/","title":{"rendered":"Murcia, Divan droit"},"content":{"rendered":"<p>Ce divan est un petit canap\u00e9 lounge en soi ! Les formes douces et arrondies caract\u00e9risent la collection Murcia comme le montre ce divan \u00e9galement. Comme les pieds sont tr\u00e8s pr\u00e8s du sol et le design est plut\u00f4t \\&#8217;basic\\&#8217;, cette collection de canap\u00e9s a une apparence douce. Pour les pieds, vous avez le choix entre des pieds antid\u00e9rapants. Enfin, vous avez \u00e9galement le choix entre 3 types de confort d\\&#8217;assise et un grand nombre de tissus et de couleurs.<\/p>\n","protected":false},"excerpt":{"rendered":"<p>Murcia, Divan droit<\/p>\n","protected":false},"featured_media":969389,"comment_status":"open","ping_status":"open","template":"","meta":{"_relevanssi_hide_post":"","_relevanssi_hide_content":"","_relevanssi_pin_for_all":"","_relevanssi_pin_keywords":"","_relevanssi_unpin_keywords":"","_relevanssi_related_keywords":"","_relevanssi_related_include_ids":"","_relevanssi_related_exclude_ids":"","_relevanssi_related_no_append":"","_relevanssi_related_not_related":"","_relevanssi_related_posts":"","_relevanssi_noindex_reason":""},"product_brand":[],"product_cat":[1374,1333],"product_tag":[],"class_list":["post-731345","product","type-product","status-publish","has-post-thumbnail","product_cat-zetels_fr_BE","product_cat-zitmeubels_sets_zitmeubels_fr_BE","first","onbackorder","taxable","shipping-taxable","purchasable","product-type-simple"],"_links":{"self":[{"href":"https:\/\/www.moensmeubelen.be\/fr\/wp-json\/wp\/v2\/product\/731345","targetHints":{"allow":["GET"]}}],"collection":[{"href":"https:\/\/www.moensmeubelen.be\/fr\/wp-json\/wp\/v2\/product"}],"about":[{"href":"https:\/\/www.moensmeubelen.be\/fr\/wp-json\/wp\/v2\/types\/product"}],"replies":[{"embeddable":true,"href":"https:\/\/www.moensmeubelen.be\/fr\/wp-json\/wp\/v2\/comments?post=731345"}],"wp:featuredmedia":[{"embeddable":true,"href":"https:\/\/www.moensmeubelen.be\/fr\/wp-json\/wp\/v2\/media\/969389"}],"wp:attachment":[{"href":"https:\/\/www.moensmeubelen.be\/fr\/wp-json\/wp\/v2\/media?parent=731345"}],"wp:term":[{"taxonomy":"product_brand","embeddable":true,"href":"https:\/\/www.moensmeubelen.be\/fr\/wp-json\/wp\/v2\/product_brand?post=731345"},{"taxonomy":"product_cat","embeddable":true,"href":"https:\/\/www.moensmeubelen.be\/fr\/wp-json\/wp\/v2\/product_cat?post=731345"},{"taxonomy":"product_tag","embeddable":true,"href":"https:\/\/www.moensmeubelen.be\/fr\/wp-json\/wp\/v2\/product_tag?post=731345"}],"curies":[{"name":"wp","href":"https:\/\/api.w.org\/{rel}","templated":true}]}}

<p>Ce divan est un petit canapé lounge en soi ! Les formes douces et arrondies caractérisent la collection Murcia comme le montre ce divan également. Comme les pieds sont très près du sol et le design est plutôt \&#8217;basic\&#8217;, cette collection de canapés a une apparence douce. Pour les pieds, vous avez le choix entre des pieds antidérapants. Enfin, vous avez également le choix entre 3 types de confort d\&#8217;assise et un grand nombre de tissus et de couleurs.</p>
